{"id":709315,"date":"2025-08-27T16:23:50","date_gmt":"2025-08-27T13:23:50","guid":{"rendered":"https:\/\/roveyayinevi.com.tr\/index.php\/urun\/davetsiz-misafir\/"},"modified":"2026-04-16T02:18:01","modified_gmt":"2026-04-15T23:18:01","slug":"davetsiz-misafir","status":"publish","type":"product","link":"https:\/\/roveyayinevi.com.tr\/index.php\/urun\/davetsiz-misafir\/","title":{"rendered":"Davetsiz Misafir"},"content":{"rendered":"<p>\u00d6zg\u00fcr \u00c7ocuklar toplulu\u011fu da neyin nesi!? Peki, bir orada bir burada beliren k\u0131rm\u0131z\u0131 pard\u00f6s\u00fcl\u00fc, gizemli \u00e7ocuk Rubarba bize ne anlatmak istiyor? Birbirlerini hi\u00e7 tan\u0131mayan \u00e7ocuklar\u0131n g\u00f6rd\u00fc\u011f\u00fc ortak r\u00fcyalar ne anlama geliyor olabilir?..   D\u00fcnya \u00fczerindeki dokuz ila on alt\u0131 ya\u015f aras\u0131ndaki t\u00fcm \u00e7ocuklar\u0131n, haklar\u0131n\u0131 korumak ve \u00f6zg\u00fcrce ya\u015famak amac\u0131yla \u00fcye olabildikleri gizli bir topluluk olan \u00d6zg\u00fcr \u00c7ocuklar, yok olma tehlikesiyle kar\u015f\u0131 kar\u015f\u0131ya. Yeni bir lidere gereksinim duyan toplulu\u011fa, birileri yard\u0131m eli uzat\u0131p yol g\u00f6stermeli. Ama kim?.. Liderlik mi? \u00d6zg\u00fcr \u00c7ocuklar m\u0131? S\u0131radan hayatlar\u0131 olan Bar\u0131\u015f, Burak, Altu\u011f gibi \u00e7ocuklar i\u00e7in bu ifadeler olduk\u00e7a s\u0131ra d\u0131\u015f\u0131! Oysa kar\u015f\u0131la\u015ft\u0131klar\u0131 tuhaf olaylar ve ki\u015filer sayesinde ya\u015fayacaklar\u0131 maceralar, bir hayli fantastik ve komik! O zaman, Hola \u00d6zg\u00fcr \u00c7ocuklar! Hola! \u00c7\u00fcnk\u00fc Kaptan Kobarde\u2019nin sizler i\u00e7in harika bir kurtulu\u015f plan\u0131 var&#8230;   \u00c7eviri eserleri ve \u00f6d\u00fcll\u00fc \u00f6yk\u00fcleriyle tan\u0131nan Kerem I\u015f\u0131k\u2019\u0131n kaleme ald\u0131\u011f\u0131 \u00d6zg\u00fcr \u00c7ocuklar-1 Davetsiz Misafir, sorun odakl\u0131 hik\u00e2yesi ile \u00e7ocuklar\u0131n d\u00fcnyas\u0131na \u00f6zg\u00fc \u00e7arp\u0131c\u0131 bir dayan\u0131\u015fma ve direni\u015f \u00f6yk\u00fcs\u00fc resmederken, keyifli bir okuma deneyimi sunmay\u0131 ihmal etmiyor.   G\u00f6k\u00e7e Yava\u015f \u00d6nal\u2019\u0131n renkli \u00e7izimleriyle canlanan bu e\u011flenceli kitap, k\u0131sa s\u00fcrede m\u00fcdavimleri olu\u015facak, okurlar\u0131n\u0131 r\u00fcyalarda bulu\u015fturacak s\u00fcr\u00fckleyici bir dizinin ilk ate\u015fini fi\u015fekliyor. <\/p>\n","protected":false},"excerpt":{"rendered":"<p>\u00d6zg\u00fcr \u00c7ocuklar toplulu\u011fu da neyin nesi!? Peki, bir orada bir burada beliren k\u0131rm\u0131z\u0131 pard\u00f6s\u00fcl\u00fc, gizemli \u00e7ocuk Rubarba bize ne anlatmak istiyor? Birbirlerini hi\u00e7 tan\u0131mayan \u00e7ocuklar\u0131n g\u00f6rd\u00fc\u011f\u00fc<span class=\"excerpt-hellip\"> [\u2026]<\/span><\/p>\n","protected":false},"featured_media":0,"template":"","meta":{"_monsterinsights_skip_tracking":false,"_monsterinsights_sitenote_active":false,"_monsterinsights_sitenote_note":"","_monsterinsights_sitenote_category":0},"product_brand":[],"product_cat":[12274,12284],"product_tag":[],"class_list":{"0":"post-709315","1":"product","2":"type-product","3":"status-publish","5":"product_cat-cocuk-ve-genclik-kitaplari","6":"product_cat-hikayeler","7":"pa_cilt-ciltsiz","8":"pa_tur-kitap","9":"pa_yayinevi-tudem-yayinlari","10":"pa_yazar-kerem-isik","12":"first","13":"instock","14":"sale","15":"shipping-taxable","16":"purchasable","17":"product-type-simple"},"_links":{"self":[{"href":"https:\/\/roveyayinevi.com.tr\/index.php\/wp-json\/wp\/v2\/product\/709315","targetHints":{"allow":["GET"]}}],"collection":[{"href":"https:\/\/roveyayinevi.com.tr\/index.php\/wp-json\/wp\/v2\/product"}],"about":[{"href":"https:\/\/roveyayinevi.com.tr\/index.php\/wp-json\/wp\/v2\/types\/product"}],"wp:attachment":[{"href":"https:\/\/roveyayinevi.com.tr\/index.php\/wp-json\/wp\/v2\/media?parent=709315"}],"wp:term":[{"taxonomy":"product_brand","embeddable":true,"href":"https:\/\/roveyayinevi.com.tr\/index.php\/wp-json\/wp\/v2\/product_brand?post=709315"},{"taxonomy":"product_cat","embeddable":true,"href":"https:\/\/roveyayinevi.com.tr\/index.php\/wp-json\/wp\/v2\/product_cat?post=709315"},{"taxonomy":"product_tag","embeddable":true,"href":"https:\/\/roveyayinevi.com.tr\/index.php\/wp-json\/wp\/v2\/product_tag?post=709315"}],"curies":[{"name":"wp","href":"https:\/\/api.w.org\/{rel}","templated":true}]}}