{"id":709309,"date":"2025-08-27T16:23:48","date_gmt":"2025-08-27T13:23:48","guid":{"rendered":"https:\/\/roveyayinevi.com.tr\/index.php\/urun\/zafer-kimin\/"},"modified":"2026-04-16T02:18:01","modified_gmt":"2026-04-15T23:18:01","slug":"zafer-kimin","status":"publish","type":"product","link":"https:\/\/roveyayinevi.com.tr\/index.php\/urun\/zafer-kimin\/","title":{"rendered":"Zafer Kimin?"},"content":{"rendered":"<p>\u201cBiz her yeri i\u015fgal ederizBiz en b\u00fcy\u00fck i\u015fgalciyiz!\u201d\u00c7ok uzak diyarlarda, ordusuyla her yeri i\u015fgal eden bir General varm\u0131\u015f.G\u00fcn\u00fcn birinde s\u0131ra k\u00fc\u00e7\u00fcc\u00fck bir \u00fclkeye gelmi\u015f ama\u2026Reng\u00e2renk fil Elmer\u2019in maceralar\u0131ndan tan\u0131d\u0131\u011f\u0131m\u0131z d\u00fcnyaca \u00fcnl\u00fc \u0130ngiliz yazar ve \u00e7izer David McKee\u2019nin \u00e7a\u011fda\u015f bir klasi\u011fe d\u00f6n\u00fc\u015fen Zafer Kimin? isimli kitab\u0131 U\u00e7anbal\u0131k etiketiyle raflarda!Yery\u00fcz\u00fcnde i\u015fgal edilmemi\u015f \u00fclke b\u0131rakmayan, g\u00f6z\u00fc pek bir general ve amans\u0131z askerlerinin s\u0131ra d\u0131\u015f\u0131 de\u011fi\u015fim hik\u00e2yesine tan\u0131kl\u0131k ettiren bu e\u011flenceli kitap d\u00fc\u015f\u00fcnd\u00fcren metni ve g\u00f6z al\u0131c\u0131 resimleriyle her ya\u015ftan kitapseverin kalbini fethedecek bir okuma deneyimi sunuyor. \u00c7ocuklara anlat\u0131lmas\u0131 olduk\u00e7a g\u00fc\u00e7 iki kavram\u0131, sava\u015f ve bar\u0131\u015f\u0131 incelikli bir yoldan, mizahi bir \u00fcslupla aktarmay\u0131 ba\u015faran Zafer Kimin?, \u00fclkeler aras\u0131ndaki k\u00fclt\u00fcrel de\u011ferlere ve farkl\u0131l\u0131klara ele\u015ftirel bir perspektiften yakla\u015f\u0131rken ho\u015fg\u00f6r\u00fcy\u00fc y\u00fcceltmeyi ihmal etmiyor.  \u201cSava\u015f\u0131n anlams\u0131zl\u0131\u011f\u0131na dair modern bir fabl.\u201dSchool Library Journal <\/p>\n","protected":false},"excerpt":{"rendered":"<p>\u201cBiz her yeri i\u015fgal ederizBiz en b\u00fcy\u00fck i\u015fgalciyiz!\u201d\u00c7ok uzak diyarlarda, ordusuyla her yeri i\u015fgal eden bir General varm\u0131\u015f.G\u00fcn\u00fcn birinde s\u0131ra k\u00fc\u00e7\u00fcc\u00fck bir \u00fclkeye gelmi\u015f ama\u2026Reng\u00e2renk fil<span class=\"excerpt-hellip\"> [\u2026]<\/span><\/p>\n","protected":false},"featured_media":0,"template":"","meta":{"_monsterinsights_skip_tracking":false,"_monsterinsights_sitenote_active":false,"_monsterinsights_sitenote_note":"","_monsterinsights_sitenote_category":0},"product_brand":[],"product_cat":[12913,12274],"product_tag":[],"class_list":{"0":"post-709309","1":"product","2":"type-product","3":"status-publish","5":"product_cat-3-6-yas-kitaplari","6":"product_cat-cocuk-ve-genclik-kitaplari","7":"pa_cilt-ciltli","8":"pa_tur-kitap","9":"pa_yayinevi-ucanbalik-yayincilik","10":"pa_yazar-david-mckee","12":"first","13":"instock","14":"sale","15":"shipping-taxable","16":"purchasable","17":"product-type-simple"},"_links":{"self":[{"href":"https:\/\/roveyayinevi.com.tr\/index.php\/wp-json\/wp\/v2\/product\/709309","targetHints":{"allow":["GET"]}}],"collection":[{"href":"https:\/\/roveyayinevi.com.tr\/index.php\/wp-json\/wp\/v2\/product"}],"about":[{"href":"https:\/\/roveyayinevi.com.tr\/index.php\/wp-json\/wp\/v2\/types\/product"}],"wp:attachment":[{"href":"https:\/\/roveyayinevi.com.tr\/index.php\/wp-json\/wp\/v2\/media?parent=709309"}],"wp:term":[{"taxonomy":"product_brand","embeddable":true,"href":"https:\/\/roveyayinevi.com.tr\/index.php\/wp-json\/wp\/v2\/product_brand?post=709309"},{"taxonomy":"product_cat","embeddable":true,"href":"https:\/\/roveyayinevi.com.tr\/index.php\/wp-json\/wp\/v2\/product_cat?post=709309"},{"taxonomy":"product_tag","embeddable":true,"href":"https:\/\/roveyayinevi.com.tr\/index.php\/wp-json\/wp\/v2\/product_tag?post=709309"}],"curies":[{"name":"wp","href":"https:\/\/api.w.org\/{rel}","templated":true}]}}