{"id":709308,"date":"2025-08-27T16:23:47","date_gmt":"2025-08-27T13:23:47","guid":{"rendered":"https:\/\/roveyayinevi.com.tr\/index.php\/urun\/cocukluk-limanina-siginan-foklar\/"},"modified":"2026-04-16T02:18:01","modified_gmt":"2026-04-15T23:18:01","slug":"cocukluk-limanina-siginan-foklar","status":"publish","type":"product","link":"https:\/\/roveyayinevi.com.tr\/index.php\/urun\/cocukluk-limanina-siginan-foklar\/","title":{"rendered":"\u00c7ocukluk Liman\u0131na S\u0131\u011f\u0131nan Foklar"},"content":{"rendered":"<p>Nilg\u00fcn Ilgaz\u2019dan, \u00e7ocuklu\u011fun o unutulmaz ve gizli anlar\u0131n\u0131 anlatan nefis bir roman. Yolunu kaybeden iki fok bal\u0131\u011f\u0131, k\u00fc\u00e7\u00fck bir koya s\u0131\u011f\u0131n\u0131r. Ya\u015flar\u0131 birbirine yak\u0131n bir grup \u00e7ocuk onlar\u0131 bulur. K\u0131sa s\u00fcrede dost olurlar ve olduk\u00e7a keyifli g\u00fcnler ge\u00e7irirler&#8230; \u00c7ocukluk Liman\u0131ma S\u0131\u011f\u0131nan Foklar, zor zamanlarda peki\u015fen arkada\u015fl\u0131k ili\u015fkilerini anlat\u0131yor. <\/p>\n","protected":false},"excerpt":{"rendered":"<p>Nilg\u00fcn Ilgaz\u2019dan, \u00e7ocuklu\u011fun o unutulmaz ve gizli anlar\u0131n\u0131 anlatan nefis bir roman. Yolunu kaybeden iki fok bal\u0131\u011f\u0131, k\u00fc\u00e7\u00fck bir koya s\u0131\u011f\u0131n\u0131r. Ya\u015flar\u0131 birbirine yak\u0131n bir grup<span class=\"excerpt-hellip\"> [\u2026]<\/span><\/p>\n","protected":false},"featured_media":0,"template":"","meta":{"_monsterinsights_skip_tracking":false,"_monsterinsights_sitenote_active":false,"_monsterinsights_sitenote_note":"","_monsterinsights_sitenote_category":0},"product_brand":[],"product_cat":[12274,12284],"product_tag":[],"class_list":{"0":"post-709308","1":"product","2":"type-product","3":"status-publish","5":"product_cat-cocuk-ve-genclik-kitaplari","6":"product_cat-hikayeler","7":"pa_cilt-ciltsiz","8":"pa_tur-kitap","9":"pa_yayinevi-cinar-yayinlari","10":"pa_yazar-nilgun-ilgaz","12":"first","13":"instock","14":"sale","15":"shipping-taxable","16":"purchasable","17":"product-type-simple"},"_links":{"self":[{"href":"https:\/\/roveyayinevi.com.tr\/index.php\/wp-json\/wp\/v2\/product\/709308","targetHints":{"allow":["GET"]}}],"collection":[{"href":"https:\/\/roveyayinevi.com.tr\/index.php\/wp-json\/wp\/v2\/product"}],"about":[{"href":"https:\/\/roveyayinevi.com.tr\/index.php\/wp-json\/wp\/v2\/types\/product"}],"wp:attachment":[{"href":"https:\/\/roveyayinevi.com.tr\/index.php\/wp-json\/wp\/v2\/media?parent=709308"}],"wp:term":[{"taxonomy":"product_brand","embeddable":true,"href":"https:\/\/roveyayinevi.com.tr\/index.php\/wp-json\/wp\/v2\/product_brand?post=709308"},{"taxonomy":"product_cat","embeddable":true,"href":"https:\/\/roveyayinevi.com.tr\/index.php\/wp-json\/wp\/v2\/product_cat?post=709308"},{"taxonomy":"product_tag","embeddable":true,"href":"https:\/\/roveyayinevi.com.tr\/index.php\/wp-json\/wp\/v2\/product_tag?post=709308"}],"curies":[{"name":"wp","href":"https:\/\/api.w.org\/{rel}","templated":true}]}}