{"id":709303,"date":"2025-08-27T16:23:45","date_gmt":"2025-08-27T13:23:45","guid":{"rendered":"https:\/\/roveyayinevi.com.tr\/index.php\/urun\/ilk-okuma-kitabim-elif-denizde-yatiya-kaliyor\/"},"modified":"2026-04-16T02:18:01","modified_gmt":"2026-04-15T23:18:01","slug":"ilk-okuma-kitabim-elif-denizde-yatiya-kaliyor","status":"publish","type":"product","link":"https:\/\/roveyayinevi.com.tr\/index.php\/urun\/ilk-okuma-kitabim-elif-denizde-yatiya-kaliyor\/","title":{"rendered":"\u0130lk Okuma Kitab\u0131m &#8211; Elif Deniz\u2019de Yat\u0131ya Kal\u0131yor"},"content":{"rendered":"<p>Elif \u00e7antas\u0131n\u0131 haz\u0131rlad\u0131. \u0130\u00e7ine pijamas\u0131n\u0131, ev terliklerini, di\u015f f\u0131r\u00e7as\u0131n\u0131 ve ay\u0131c\u0131\u011f\u0131n\u0131 koydu. \u0130lk kez bir arkada\u015f\u0131nda yat\u0131ya kalacakt\u0131. Elif yatana kadar arkada\u015f\u0131n\u0131n evinde keyifli vakit ge\u00e7irdi. Peki anne ve babas\u0131n\u0131n iyi geceler \u00f6p\u00fcc\u00fc\u011f\u00fc olmadan uyuyabilecek miydi? \ufffcTan\u0131t\u0131m Metni<\/p>\n","protected":false},"excerpt":{"rendered":"<p>Elif \u00e7antas\u0131n\u0131 haz\u0131rlad\u0131. \u0130\u00e7ine pijamas\u0131n\u0131, ev terliklerini, di\u015f f\u0131r\u00e7as\u0131n\u0131 ve ay\u0131c\u0131\u011f\u0131n\u0131 koydu. \u0130lk kez bir arkada\u015f\u0131nda yat\u0131ya kalacakt\u0131. Elif yatana kadar arkada\u015f\u0131n\u0131n evinde keyifli vakit ge\u00e7irdi.<span class=\"excerpt-hellip\"> [\u2026]<\/span><\/p>\n","protected":false},"featured_media":0,"template":"","meta":{"_monsterinsights_skip_tracking":false,"_monsterinsights_sitenote_active":false,"_monsterinsights_sitenote_note":"","_monsterinsights_sitenote_category":0},"product_brand":[],"product_cat":[12913,12274],"product_tag":[],"class_list":{"0":"post-709303","1":"product","2":"type-product","3":"status-publish","5":"product_cat-3-6-yas-kitaplari","6":"product_cat-cocuk-ve-genclik-kitaplari","7":"pa_cilt-ciltsiz","8":"pa_tur-kitap","9":"pa_yayinevi-is-bankasi-kultur-yayinlari","10":"pa_yazar-liane-schneider","12":"first","13":"instock","14":"sale","15":"shipping-taxable","16":"purchasable","17":"product-type-simple"},"_links":{"self":[{"href":"https:\/\/roveyayinevi.com.tr\/index.php\/wp-json\/wp\/v2\/product\/709303","targetHints":{"allow":["GET"]}}],"collection":[{"href":"https:\/\/roveyayinevi.com.tr\/index.php\/wp-json\/wp\/v2\/product"}],"about":[{"href":"https:\/\/roveyayinevi.com.tr\/index.php\/wp-json\/wp\/v2\/types\/product"}],"wp:attachment":[{"href":"https:\/\/roveyayinevi.com.tr\/index.php\/wp-json\/wp\/v2\/media?parent=709303"}],"wp:term":[{"taxonomy":"product_brand","embeddable":true,"href":"https:\/\/roveyayinevi.com.tr\/index.php\/wp-json\/wp\/v2\/product_brand?post=709303"},{"taxonomy":"product_cat","embeddable":true,"href":"https:\/\/roveyayinevi.com.tr\/index.php\/wp-json\/wp\/v2\/product_cat?post=709303"},{"taxonomy":"product_tag","embeddable":true,"href":"https:\/\/roveyayinevi.com.tr\/index.php\/wp-json\/wp\/v2\/product_tag?post=709303"}],"curies":[{"name":"wp","href":"https:\/\/api.w.org\/{rel}","templated":true}]}}

İlk Okuma Kitabım &#8211; Elif Deniz’de Yatıya Kalıyor

<p>Elif çantasını hazırladı. İçine pijamasını, ev terliklerini, diş fırçasını ve ayıcığını koydu. İlk kez bir arkadaşında yatıya kalacaktı. Elif yatana kadar arkadaşının evinde keyifli vakit geçirdi. Peki anne ve babasının iyi geceler öpücüğü olmadan uyuyabilecek miydi? ￼Tanıtım Metni</p>

<p>Elif çantasını hazırladı. İçine pijamasını, ev terliklerini, diş fırçasını ve ayıcığını koydu. İlk kez bir arkadaşında yatıya kalacaktı. Elif yatana kadar arkadaşının evinde keyifli vakit geçirdi.<span class="excerpt-hellip"> […]</span></p>
