{"id":709299,"date":"2025-08-27T16:23:43","date_gmt":"2025-08-27T13:23:43","guid":{"rendered":"https:\/\/roveyayinevi.com.tr\/index.php\/urun\/deniz-kurdu-kisaltilmis-metin-100-temel-eser\/"},"modified":"2026-04-16T02:18:01","modified_gmt":"2026-04-15T23:18:01","slug":"deniz-kurdu-kisaltilmis-metin-100-temel-eser","status":"publish","type":"product","link":"https:\/\/roveyayinevi.com.tr\/index.php\/urun\/deniz-kurdu-kisaltilmis-metin-100-temel-eser\/","title":{"rendered":"Deniz Kurdu (K\u0131salt\u0131lm\u0131\u015f Metin) 100 Temel Eser"},"content":{"rendered":"<p>Zengin bir beyefendi olan Humphrey Van Weyden arkada\u015f\u0131n\u0131 ziyarete giderken bindi\u011fi gemi batar. Kazadan kurtulur, ama denizin ortas\u0131nda tek ba\u015f\u0131na kalm\u0131\u015ft\u0131r. Art\u0131k umutsuzlu\u011fa kap\u0131ld\u0131\u011f\u0131 s\u0131rada fok av\u0131na \u00e7\u0131km\u0131\u015f bir gemiye rastlar ve kurtar\u0131l\u0131r. Ancak karaya \u00e7ok yak\u0131n oldu\u011fu h\u00e2lde geminin kaptan\u0131 adama ihtiyac\u0131 oldu\u011funu ve onu tayfa olarak \u00e7al\u0131\u015ft\u0131raca\u011f\u0131n\u0131 s\u00f6yler. Kaptan \u00e7ok zeki, ac\u0131mas\u0131z ve tehlikeli bir adamd\u0131r ve onlar\u0131 \u015fa\u015f\u0131rt\u0131c\u0131 bir macera beklemektedir. \ufffc<\/p>\n","protected":false},"excerpt":{"rendered":"<p>Zengin bir beyefendi olan Humphrey Van Weyden arkada\u015f\u0131n\u0131 ziyarete giderken bindi\u011fi gemi batar. Kazadan kurtulur, ama denizin ortas\u0131nda tek ba\u015f\u0131na kalm\u0131\u015ft\u0131r. Art\u0131k umutsuzlu\u011fa kap\u0131ld\u0131\u011f\u0131 s\u0131rada fok<span class=\"excerpt-hellip\"> [\u2026]<\/span><\/p>\n","protected":false},"featured_media":0,"template":"","meta":{"_monsterinsights_skip_tracking":false,"_monsterinsights_sitenote_active":false,"_monsterinsights_sitenote_note":"","_monsterinsights_sitenote_category":0},"product_brand":[],"product_cat":[12274,12284],"product_tag":[],"class_list":{"0":"post-709299","1":"product","2":"type-product","3":"status-publish","5":"product_cat-cocuk-ve-genclik-kitaplari","6":"product_cat-hikayeler","7":"pa_cilt-ciltsiz","8":"pa_tur-kitap","9":"pa_yayinevi-is-bankasi-kultur-yayinlari","10":"pa_yazar-jack-london","12":"first","13":"instock","14":"sale","15":"shipping-taxable","16":"purchasable","17":"product-type-simple"},"_links":{"self":[{"href":"https:\/\/roveyayinevi.com.tr\/index.php\/wp-json\/wp\/v2\/product\/709299","targetHints":{"allow":["GET"]}}],"collection":[{"href":"https:\/\/roveyayinevi.com.tr\/index.php\/wp-json\/wp\/v2\/product"}],"about":[{"href":"https:\/\/roveyayinevi.com.tr\/index.php\/wp-json\/wp\/v2\/types\/product"}],"wp:attachment":[{"href":"https:\/\/roveyayinevi.com.tr\/index.php\/wp-json\/wp\/v2\/media?parent=709299"}],"wp:term":[{"taxonomy":"product_brand","embeddable":true,"href":"https:\/\/roveyayinevi.com.tr\/index.php\/wp-json\/wp\/v2\/product_brand?post=709299"},{"taxonomy":"product_cat","embeddable":true,"href":"https:\/\/roveyayinevi.com.tr\/index.php\/wp-json\/wp\/v2\/product_cat?post=709299"},{"taxonomy":"product_tag","embeddable":true,"href":"https:\/\/roveyayinevi.com.tr\/index.php\/wp-json\/wp\/v2\/product_tag?post=709299"}],"curies":[{"name":"wp","href":"https:\/\/api.w.org\/{rel}","templated":true}]}}