{"id":709285,"date":"2025-08-27T16:23:36","date_gmt":"2025-08-27T13:23:36","guid":{"rendered":"https:\/\/roveyayinevi.com.tr\/index.php\/urun\/amerikan-vampiri-cilt-2\/"},"modified":"2026-04-16T02:18:01","modified_gmt":"2026-04-15T23:18:01","slug":"amerikan-vampiri-cilt-2","status":"publish","type":"product","link":"https:\/\/roveyayinevi.com.tr\/index.php\/urun\/amerikan-vampiri-cilt-2\/","title":{"rendered":"Amerikan Vampiri Cilt 2"},"content":{"rendered":"<p>Nevada\u2019da, 1936 y\u0131l\u0131n\u0131n Las Vegas\u2019\u0131nday\u0131z. Gelece\u011fin \u015fatafatl\u0131 ve \u0131\u015f\u0131lt\u0131l\u0131 g\u00fcnleri h\u00e2l\u00e2 daha \u00e7ok uzakta. Kumar\u0131n, fuhu\u015fun ve ba\u015fl\u0131ca ekonomik faaliyetlere damgas\u0131n\u0131 vuran az\u0131l\u0131 su\u00e7lular\u0131n kol gezdi\u011fi iti\u015f-kak\u0131\u015f dolu bu kent, \u015fimdiden \u201cG\u00fcnahlar \u015eehri\u201d unvan\u0131n\u0131 kazanm\u0131\u015f durumda. Ve Las Vegas\u2019\u0131n g\u00fc\u00e7l\u00fc komiseri Cash McCogan b\u00fct\u00fcn pislikleri temizlemek \u00fczere kendini ortaya at\u0131yor&#8211; bunun i\u00e7in birka\u00e7 kilometre \u00f6tedeki devasa Hoover Baraj\u0131\u2019n\u0131 in\u015fa eden zengin konsorsiyumun kirli i\u015flerini ortaya \u00e7\u0131karmas\u0131 gerekse de. Fakat ortada bir sorun var: Vegas\u2019\u0131n yak\u0131n\u0131ndaki tek \u201clanetli\u201d \u015fey Colorado Nehri de\u011fil. T\u00fcr\u00fcn\u00fcn ilk \u00f6rne\u011fi ve en tehlikelisi olan Amerikan vampiri Skinner Sweet, G\u00fcnahlar \u015eehri\u2019ne yerle\u015fmi\u015f durumda. Buras\u0131 tam ona g\u00f6re bir \u015fehir; her t\u00fcrl\u00fc susuzluk, bedeli kar\u015f\u0131l\u0131\u011f\u0131nda giderilebiliyor. Fakat Vegas\u2019\u0131n kan\u0131n\u0131 emmek isteyen tek vampir Sweet de\u011fil. D\u00fcnyan\u0131n en eski ve \u00f6l\u00fcmc\u00fcl vampir t\u00fcrleri aras\u0131nda amans\u0131z bir sava\u015f patlak vermek \u00fczere. Vampirleri yery\u00fcz\u00fcnden temelli silmeyi hedefleyen \u015faibeli bir \u00f6rg\u00fct de i\u015fin i\u00e7inde. Bakal\u0131m ortal\u0131k yat\u0131\u015f\u0131nca kimler hakk\u0131n\u0131 aramak \u00fczere hayatta kalacak (ya da zombi olacak)? Yazar Scott Snyder ve \u00e7izerler Rafael Albuquerque ile Mateus Santolouco geni\u015f kitleler taraf\u0131ndan be\u011fenilen ve b\u00fcy\u00fck ses getiren liste ba\u015f\u0131 AMER\u0130KAN VAMP\u0130R\u0130 serisine devam etmektedir. <\/p>\n","protected":false},"excerpt":{"rendered":"<p>Nevada\u2019da, 1936 y\u0131l\u0131n\u0131n Las Vegas\u2019\u0131nday\u0131z. Gelece\u011fin \u015fatafatl\u0131 ve \u0131\u015f\u0131lt\u0131l\u0131 g\u00fcnleri h\u00e2l\u00e2 daha \u00e7ok uzakta. Kumar\u0131n, fuhu\u015fun ve ba\u015fl\u0131ca ekonomik faaliyetlere damgas\u0131n\u0131 vuran az\u0131l\u0131 su\u00e7lular\u0131n kol gezdi\u011fi<span class=\"excerpt-hellip\"> [\u2026]<\/span><\/p>\n","protected":false},"featured_media":0,"template":"","meta":{"_monsterinsights_skip_tracking":false,"_monsterinsights_sitenote_active":false,"_monsterinsights_sitenote_note":"","_monsterinsights_sitenote_category":0},"product_brand":[],"product_cat":[12689,12274],"product_tag":[],"class_list":{"0":"post-709285","1":"product","2":"type-product","3":"status-publish","5":"product_cat-cizgi-roman-cocuk-ve-genclik-kitaplari","6":"product_cat-cocuk-ve-genclik-kitaplari","7":"pa_cilt-ciltsiz","8":"pa_tur-kitap","9":"pa_yayinevi-jbc-yayincilik","10":"pa_yazar-scott-snyder","12":"first","13":"instock","14":"sale","15":"shipping-taxable","16":"purchasable","17":"product-type-simple"},"_links":{"self":[{"href":"https:\/\/roveyayinevi.com.tr\/index.php\/wp-json\/wp\/v2\/product\/709285","targetHints":{"allow":["GET"]}}],"collection":[{"href":"https:\/\/roveyayinevi.com.tr\/index.php\/wp-json\/wp\/v2\/product"}],"about":[{"href":"https:\/\/roveyayinevi.com.tr\/index.php\/wp-json\/wp\/v2\/types\/product"}],"wp:attachment":[{"href":"https:\/\/roveyayinevi.com.tr\/index.php\/wp-json\/wp\/v2\/media?parent=709285"}],"wp:term":[{"taxonomy":"product_brand","embeddable":true,"href":"https:\/\/roveyayinevi.com.tr\/index.php\/wp-json\/wp\/v2\/product_brand?post=709285"},{"taxonomy":"product_cat","embeddable":true,"href":"https:\/\/roveyayinevi.com.tr\/index.php\/wp-json\/wp\/v2\/product_cat?post=709285"},{"taxonomy":"product_tag","embeddable":true,"href":"https:\/\/roveyayinevi.com.tr\/index.php\/wp-json\/wp\/v2\/product_tag?post=709285"}],"curies":[{"name":"wp","href":"https:\/\/api.w.org\/{rel}","templated":true}]}}