{"id":709279,"date":"2025-08-27T16:23:33","date_gmt":"2025-08-27T13:23:33","guid":{"rendered":"https:\/\/roveyayinevi.com.tr\/index.php\/urun\/bicimler-butun-ritim-hiyerarsi-ag\/"},"modified":"2026-04-16T02:18:00","modified_gmt":"2026-04-15T23:18:00","slug":"bicimler-butun-ritim-hiyerarsi-ag","status":"publish","type":"product","link":"https:\/\/roveyayinevi.com.tr\/index.php\/urun\/bicimler-butun-ritim-hiyerarsi-ag\/","title":{"rendered":"Bi\u00e7imler -B\u00fct\u00fcn Ritim Hiyerar\u015fi A\u011f"},"content":{"rendered":"<p>2015 James Russell Lowell \u00d6d\u00fcl\u00fc, Modern Language Association 2016 Dorothy Lee K\u00fclt\u00fcr Ekolojisi Alan\u0131nda \u00dcst\u00fcn Akademik \u00c7al\u0131\u015fma \u00d6d\u00fcl\u00fc, Media Ecology Association Flavorwire\u2019a g\u00f6re 2015\u2019in en iyi 10 akademik yay\u0131n\u0131ndan biri Bi\u00e7imler siyasal, toplumsal ve tarihsel ba\u011flamla nas\u0131l ili\u015fkilendirilebilir? Caroline Levine edebiyat, ele\u015ftiri ve k\u00fclt\u00fcr \u00e7al\u0131\u015fmalar\u0131n\u0131n kar\u015f\u0131 kar\u015f\u0131ya oldu\u011fu bu \u00f6nemli soruya yeni ve ikna edici bir cevap veriyor. Levine\u2019e g\u00f6re bi\u00e7imler sadece sanat eserlerini de\u011fil, asl\u0131nda geni\u015f anlam\u0131yla b\u00fct\u00fcn \u201chayat\u201d\u0131 d\u00fczenliyor: Birbirleriyle \u00f6rt\u00fc\u015f\u00fcyor, \u00e7eki\u015fiyor, \u00e7arp\u0131\u015f\u0131yor, i\u015fbirli\u011fine giriyor ve sonu\u00e7ta d\u00fcnyam\u0131z\u0131 in\u015fa ediyorlar. Elinizdeki kitap d\u00f6rt ana bi\u00e7imin \u2013b\u00fct\u00fcn, ritim, hiyerar\u015fi ve a\u011f\u2013 k\u00fclt\u00fcr\u00fc, siyaseti ve akademik bilgiyi farkl\u0131 d\u00f6nemlerde nas\u0131l \u015fekillendirmi\u015f oldu\u011funa bakarken bi\u00e7imcili\u011fi tarihselcilikle, edebiyat\u0131 da siyasetle ili\u015fkilendirmek i\u00e7in zihin a\u00e7\u0131c\u0131 yeni yollar \u00f6neriyor. Michel Foucault, Jacques Ranci\u00e8re, Mary Poovey ve Judith Butler gibi bi\u00e7imci ve bi\u00e7imcilik kar\u015f\u0131t\u0131 kuramc\u0131lar\u0131 yeniden okuyan Levine, orta\u00e7a\u011f manast\u0131rlar\u0131ndan g\u00fcn\u00fcm\u00fcz\u00fcn tema parklar\u0131na, Sophokles\u2019in Antigone\u2019sinden Charles Dickens\u2019\u0131n Kasvetli Ev\u2019ine ve \u00fcnl\u00fc televizyon dizisi The Wire\u2019a kadar pek \u00e7ok yap\u0131 ve eserin arka plan\u0131nda i\u015fleyen \u201cbi\u00e7imsel hik\u00e2ye\u201dyi g\u00f6zler \u00f6n\u00fcne seriyor. Caroline Levine, Cornell \u00dcniversitesi \u0130ngilizce B\u00f6l\u00fcm\u00fc\u2019nde David and Kathleen Ryan Be\u015feri Bilimler Profes\u00f6r\u00fc. \ufffcTan\u0131t\u0131m Metni<\/p>\n","protected":false},"excerpt":{"rendered":"<p>2015 James Russell Lowell \u00d6d\u00fcl\u00fc, Modern Language Association 2016 Dorothy Lee K\u00fclt\u00fcr Ekolojisi Alan\u0131nda \u00dcst\u00fcn Akademik \u00c7al\u0131\u015fma \u00d6d\u00fcl\u00fc, Media Ecology Association Flavorwire\u2019a g\u00f6re 2015\u2019in en iyi<span class=\"excerpt-hellip\"> [\u2026]<\/span><\/p>\n","protected":false},"featured_media":0,"template":"","meta":{"_monsterinsights_skip_tracking":false,"_monsterinsights_sitenote_active":false,"_monsterinsights_sitenote_note":"","_monsterinsights_sitenote_category":0},"product_brand":[],"product_cat":[12312,12304],"product_tag":[],"class_list":{"0":"post-709279","1":"product","2":"type-product","3":"status-publish","5":"product_cat-diger","6":"product_cat-tarih","7":"pa_cilt-ciltsiz","8":"pa_tur-kitap","9":"pa_yayinevi-koc-universitesi-yayinlari","10":"pa_yazar-caroline-levine","12":"first","13":"instock","14":"sale","15":"shipping-taxable","16":"purchasable","17":"product-type-simple"},"_links":{"self":[{"href":"https:\/\/roveyayinevi.com.tr\/index.php\/wp-json\/wp\/v2\/product\/709279","targetHints":{"allow":["GET"]}}],"collection":[{"href":"https:\/\/roveyayinevi.com.tr\/index.php\/wp-json\/wp\/v2\/product"}],"about":[{"href":"https:\/\/roveyayinevi.com.tr\/index.php\/wp-json\/wp\/v2\/types\/product"}],"wp:attachment":[{"href":"https:\/\/roveyayinevi.com.tr\/index.php\/wp-json\/wp\/v2\/media?parent=709279"}],"wp:term":[{"taxonomy":"product_brand","embeddable":true,"href":"https:\/\/roveyayinevi.com.tr\/index.php\/wp-json\/wp\/v2\/product_brand?post=709279"},{"taxonomy":"product_cat","embeddable":true,"href":"https:\/\/roveyayinevi.com.tr\/index.php\/wp-json\/wp\/v2\/product_cat?post=709279"},{"taxonomy":"product_tag","embeddable":true,"href":"https:\/\/roveyayinevi.com.tr\/index.php\/wp-json\/wp\/v2\/product_tag?post=709279"}],"curies":[{"name":"wp","href":"https:\/\/api.w.org\/{rel}","templated":true}]}}