{"id":709275,"date":"2025-08-27T16:23:31","date_gmt":"2025-08-27T13:23:31","guid":{"rendered":"https:\/\/roveyayinevi.com.tr\/index.php\/urun\/antropoloji-ve-modern-yasam\/"},"modified":"2026-04-16T02:18:00","modified_gmt":"2026-04-15T23:18:00","slug":"antropoloji-ve-modern-yasam","status":"publish","type":"product","link":"https:\/\/roveyayinevi.com.tr\/index.php\/urun\/antropoloji-ve-modern-yasam\/","title":{"rendered":"Antropoloji ve Modern Ya\u015fam"},"content":{"rendered":"<p>Amerikan antropolojisinin kurucular\u0131ndan Franz Boas Antropoloji ve Modern Ya\u015fam adl\u0131 eserin T\u00fcrk\u00e7e \u00e7evirisiyle ilk kez okuyucu kar\u015f\u0131s\u0131na \u00e7\u0131k\u0131yor. Modern antropolojinin \u00f6nc\u00fcs\u00fc Boas\u2019\u0131n bu de\u011ferli kitab\u0131, \u00f6zellikle soy ve kal\u0131t\u0131ma dayal\u0131 ki\u015fisel \u00f6zelliklerin \u201c\u0131rk\u201d olarak tan\u0131mland\u0131\u011f\u0131 etnografik ara\u015ft\u0131rmalar\u0131n sorgulanmas\u0131na vesile olarak \u0131rk meselesine dair yeni bir bak\u0131\u015f a\u00e7\u0131s\u0131 kazand\u0131r\u0131yor. Etnografik saha ara\u015ft\u0131rmas\u0131 yap\u0131lmadan elde edilen verilerin hi\u00e7bir \u00f6nem arz etmedi\u011fini belirten yazar, bir taraftan bireyi ya\u015fad\u0131\u011f\u0131 grup ve toplum i\u00e7erisinde de\u011ferlendirirken di\u011fer taraftan bireyin kesinlikle kendi ya\u015fad\u0131\u011f\u0131 co\u011frafi ortam i\u00e7erisinde incelenmesi gerekti\u011fini vurguluyor. Toplumsal olgular\u0131n temeline inmek i\u00e7in antropolojiyi olmazsa olmaz g\u00f6ren Boas, ki\u015fisel ya- \u015fant\u0131m\u0131z\u0131n \u00f6nemli bir k\u0131sm\u0131na dokunan antropolojinin, kendi meselelerimizle de do\u011frudan ba\u011f- lant\u0131s\u0131 oldu\u011funu ileri s\u00fcr\u00fcyor. Franz Boas, insan t\u00fcr\u00fcne ili\u015fkin yakla\u015f\u0131m\u0131n g\u00fcndelik deneyimlerle \u015fekillenen \u00f6znel bir olgu oldu\u011funu s\u00f6ylemekte ve ya\u015fad\u0131\u011f\u0131 d\u00f6nemin \u2013hatt\u00e2 g\u00fcn\u00fcm\u00fcz\u2013 ko\u015fullar\u0131na bakt\u0131\u011f\u0131m\u0131zda \u00e7ok radikal bir \u00e7\u0131k\u0131\u015f yapmaktad\u0131r: \u201cSaf \u0131rk diye bir \u015fey yoktur!\u201d \u00c7\u00fcnk\u00fc Boas\u2019a g\u00f6re insanl\u0131k tarihi dikkatle incelendi\u011finde bir \u015fey \u00e7ok a\u00e7\u0131kt\u0131r: \u0130nsan daima hareket halinde ve s\u00fcrekli de\u011fi\u015fimlere a\u00e7\u0131k bir varl\u0131kt\u0131r. <\/p>\n","protected":false},"excerpt":{"rendered":"<p>Amerikan antropolojisinin kurucular\u0131ndan Franz Boas Antropoloji ve Modern Ya\u015fam adl\u0131 eserin T\u00fcrk\u00e7e \u00e7evirisiyle ilk kez okuyucu kar\u015f\u0131s\u0131na \u00e7\u0131k\u0131yor. Modern antropolojinin \u00f6nc\u00fcs\u00fc Boas\u2019\u0131n bu de\u011ferli kitab\u0131, \u00f6zellikle<span class=\"excerpt-hellip\"> [\u2026]<\/span><\/p>\n","protected":false},"featured_media":0,"template":"","meta":{"_monsterinsights_skip_tracking":false,"_monsterinsights_sitenote_active":false,"_monsterinsights_sitenote_note":"","_monsterinsights_sitenote_category":0},"product_brand":[],"product_cat":[15499,13488],"product_tag":[],"class_list":{"0":"post-709275","1":"product","2":"type-product","3":"status-publish","5":"product_cat-antropoloji","6":"product_cat-toplum-ve-insan","7":"pa_cilt-ciltsiz","8":"pa_tur-kitap","9":"pa_yayinevi-dogu-bati-yayinlari","10":"pa_yazar-franz-boas","12":"first","13":"instock","14":"sale","15":"shipping-taxable","16":"purchasable","17":"product-type-simple"},"_links":{"self":[{"href":"https:\/\/roveyayinevi.com.tr\/index.php\/wp-json\/wp\/v2\/product\/709275","targetHints":{"allow":["GET"]}}],"collection":[{"href":"https:\/\/roveyayinevi.com.tr\/index.php\/wp-json\/wp\/v2\/product"}],"about":[{"href":"https:\/\/roveyayinevi.com.tr\/index.php\/wp-json\/wp\/v2\/types\/product"}],"wp:attachment":[{"href":"https:\/\/roveyayinevi.com.tr\/index.php\/wp-json\/wp\/v2\/media?parent=709275"}],"wp:term":[{"taxonomy":"product_brand","embeddable":true,"href":"https:\/\/roveyayinevi.com.tr\/index.php\/wp-json\/wp\/v2\/product_brand?post=709275"},{"taxonomy":"product_cat","embeddable":true,"href":"https:\/\/roveyayinevi.com.tr\/index.php\/wp-json\/wp\/v2\/product_cat?post=709275"},{"taxonomy":"product_tag","embeddable":true,"href":"https:\/\/roveyayinevi.com.tr\/index.php\/wp-json\/wp\/v2\/product_tag?post=709275"}],"curies":[{"name":"wp","href":"https:\/\/api.w.org\/{rel}","templated":true}]}}