{"id":709233,"date":"2025-08-27T16:22:59","date_gmt":"2025-08-27T13:22:59","guid":{"rendered":"https:\/\/roveyayinevi.com.tr\/index.php\/urun\/ernest-hemingway-tum-oykuleri\/"},"modified":"2026-04-16T02:17:59","modified_gmt":"2026-04-15T23:17:59","slug":"ernest-hemingway-tum-oykuleri","status":"publish","type":"product","link":"https:\/\/roveyayinevi.com.tr\/index.php\/urun\/ernest-hemingway-tum-oykuleri\/","title":{"rendered":"Ernest Hemingway T\u00fcm \u00d6yk\u00fcleri"},"content":{"rendered":"<p>Nobel \u00d6d\u00fcll\u00fc yazar\u0131n t\u00fcm \u00f6yk\u00fclerinin bir arada oldu\u011fu tek eser. Ernest Hemingway\u2019in t\u00fcm k\u0131sa \u00f6yk\u00fclerinin topland\u0131\u011f\u0131 bu b\u00fct\u00fcnsel eserde okurlar hem Kilimanjaro\u2019nun Karlar\u0131, Beyaz Fil Tepeleri, Ayd\u0131nl\u0131k ve Temiz Bir Yer gibi \u00e7ok sevilen klasiklerle bulu\u015facak hem de ilk defa bu se\u00e7kide yay\u0131mlanan yedi yeni \u00f6yk\u00fcy\u00fc ke\u015ffedecek. T\u00fcm \u00d6yk\u00fcler, Hemingway hayranlar\u0131 i\u00e7in paha bi\u00e7ilmez bir hazine. Ernest Hemingway, \u0130ngilizce yaz\u0131nda, yirminci y\u00fczy\u0131lda ya\u015fam\u0131\u015f herhangi bir yazardan \u00e7ok daha b\u00fcy\u00fck bir de\u011fi\u015fim yaratm\u0131\u015f, bu nedenle 1954 y\u0131l\u0131nda Nobel Edebiyat \u00d6d\u00fcl\u00fc\u2019ne lay\u0131k g\u00f6r\u00fclm\u00fc\u015ft\u00fcr. Hemingway k\u0131sa, net c\u00fcmleler yazar, sert ve etkileyici \u00fcslubuyla tan\u0131n\u0131r. G\u00fcne\u015f de Do\u011far ve Silahlara Veda ile Hemingway, yirminci y\u00fczy\u0131l\u0131n en b\u00fcy\u00fck edebi ki\u015filikleri aras\u0131nda yerini alm\u0131\u015ft\u0131r. Gazetecilik ve Birinci D\u00fcnya Sava\u015f\u0131\u2019nda ambulans s\u00fcr\u00fcc\u00fcl\u00fc\u011f\u00fc gibi i\u015flerle u\u011fra\u015fm\u0131\u015f olan yazar, 1920\u2019lerde Paris\u2019te g\u00f6n\u00fcll\u00fc s\u00fcrg\u00fcnlerden olu\u015fan yazar \u00e7evresinin bir par\u00e7as\u0131 olarak uluslararas\u0131 \u00fcn kazanaca\u011f\u0131 bir kariyere imza atm\u0131\u015ft\u0131r. Hemingway, bo\u011fa g\u00fcre\u015fine ve avc\u0131l\u0131\u011fa merakl\u0131d\u0131r, ana karakterleri fiziksel ya da psikolojik olarak zarar g\u00f6rm\u00fc\u015f, cesur ve kararl\u0131 erkeklerle kad\u0131nlard\u0131r. \u00c7anlar Kimin \u0130\u00e7in \u00c7al\u0131yor\u2019da \u0130spanyol \u0130\u00e7 Sava\u015f\u0131\u2019ndan s\u00f6z etmi\u015f, \u0130kinci D\u00fcnya Sava\u015f\u0131\u2019na da de\u011finmi\u015ftir. Klasik k\u0131sa roman\u0131 Ya\u015fl\u0131 Adam ve Deniz ile 1953 y\u0131l\u0131nda Pulitzer \u00d6d\u00fcl\u00fc kazanan Hemingway, 1961 y\u0131l\u0131nda \u00f6lm\u00fc\u015ft\u00fcr. <\/p>\n","protected":false},"excerpt":{"rendered":"<p>Nobel \u00d6d\u00fcll\u00fc yazar\u0131n t\u00fcm \u00f6yk\u00fclerinin bir arada oldu\u011fu tek eser. Ernest Hemingway\u2019in t\u00fcm k\u0131sa \u00f6yk\u00fclerinin topland\u0131\u011f\u0131 bu b\u00fct\u00fcnsel eserde okurlar hem Kilimanjaro\u2019nun Karlar\u0131, Beyaz Fil Tepeleri,<span class=\"excerpt-hellip\"> [\u2026]<\/span><\/p>\n","protected":false},"featured_media":0,"template":"","meta":{"_monsterinsights_skip_tracking":false,"_monsterinsights_sitenote_active":false,"_monsterinsights_sitenote_note":"","_monsterinsights_sitenote_category":0},"product_brand":[],"product_cat":[12291,12711],"product_tag":[],"class_list":{"0":"post-709233","1":"product","2":"type-product","3":"status-publish","5":"product_cat-edebiyat","6":"product_cat-roman-oyku","7":"pa_cilt-ciltsiz","8":"pa_tur-kitap","9":"pa_yayinevi-bilgi-yayinevi","10":"pa_yazar-ernest-hemingway","12":"first","13":"instock","14":"sale","15":"shipping-taxable","16":"purchasable","17":"product-type-simple"},"_links":{"self":[{"href":"https:\/\/roveyayinevi.com.tr\/index.php\/wp-json\/wp\/v2\/product\/709233","targetHints":{"allow":["GET"]}}],"collection":[{"href":"https:\/\/roveyayinevi.com.tr\/index.php\/wp-json\/wp\/v2\/product"}],"about":[{"href":"https:\/\/roveyayinevi.com.tr\/index.php\/wp-json\/wp\/v2\/types\/product"}],"wp:attachment":[{"href":"https:\/\/roveyayinevi.com.tr\/index.php\/wp-json\/wp\/v2\/media?parent=709233"}],"wp:term":[{"taxonomy":"product_brand","embeddable":true,"href":"https:\/\/roveyayinevi.com.tr\/index.php\/wp-json\/wp\/v2\/product_brand?post=709233"},{"taxonomy":"product_cat","embeddable":true,"href":"https:\/\/roveyayinevi.com.tr\/index.php\/wp-json\/wp\/v2\/product_cat?post=709233"},{"taxonomy":"product_tag","embeddable":true,"href":"https:\/\/roveyayinevi.com.tr\/index.php\/wp-json\/wp\/v2\/product_tag?post=709233"}],"curies":[{"name":"wp","href":"https:\/\/api.w.org\/{rel}","templated":true}]}}