{"id":709224,"date":"2025-08-27T16:22:54","date_gmt":"2025-08-27T13:22:54","guid":{"rendered":"https:\/\/roveyayinevi.com.tr\/index.php\/urun\/dinozorlarla-bulusma\/"},"modified":"2026-04-16T02:17:59","modified_gmt":"2026-04-15T23:17:59","slug":"dinozorlarla-bulusma","status":"publish","type":"product","link":"https:\/\/roveyayinevi.com.tr\/index.php\/urun\/dinozorlarla-bulusma\/","title":{"rendered":"Dinozorlarla Bulu\u015fma"},"content":{"rendered":"<p>Geronimo Stilton\u2019la zamanda yolculu\u011fa haz\u0131r m\u0131s\u0131n\u0131z? Sizi hi\u00e7 dinozor kovalad\u0131 m\u0131? Ya dinozor yumurtas\u0131 omleti yediniz mi? B\u00fct\u00fcn d\u00fcnyada milyonlarca merakl\u0131s\u0131 olan Geronimo Stilton kitaplar\u0131 s\u0131rlarla dolu, soluk solu\u011fa okuyaca\u011f\u0131n\u0131z maceralara g\u00f6t\u00fcr\u00fcyor. Sisli bir aral\u0131k ay\u0131 sabah\u0131 tam olarak ka\u015farpeyniri gibi kokan esrarengiz bir mektup alan Geronimo Stilton, kendisini farekuladenin faresinde m\u00fcthi\u015f bir maceran\u0131n i\u00e7inde bulur. Profes\u00f6r Amper Volt\u2019un icat etti\u011fi Zaman Makinesi\u2019yle Geronimo Stilton ve akrabalar\u0131yla \u00e7ok uzak \u00e7a\u011flara, dinozorlar d\u00f6nemine gitmeye haz\u0131r m\u0131s\u0131n\u0131z? \u201cZamanda Yolculuk\u201d dizisinin ilk kitab\u0131 Dinozorlarla Bulu\u015fma\u2019y\u0131 Filiz \u00d6zdem \u00e7evirdi. Geronimo Stilton Fareya\u2019da (Fareler Adas\u0131) do\u011fdu. Kemirgen Edebiyat\u0131 B\u00f6l\u00fcm\u00fc\u2019nde Fareloji ve Felsefe B\u00f6l\u00fcm\u00fc\u2019nde Kar\u015f\u0131la\u015ft\u0131rmal\u0131 Arkeofareloji okudu. Fareler Adas\u0131\u2019n\u0131n en \u00fcnl\u00fc gazetesi Kemirgenin Sesi\u2019nin yay\u0131n y\u00f6netmeni. Kitaplar\u0131 48 dile \u00e7evrildi, sadece \u0130talya\u2019da yakla\u015f\u0131k 30 milyon adet, d\u00fcnyada ise 140 milyon adetten fazla sat\u0131ld\u0131. Geronimo Stilton bildi\u011finiz g\u00fc\u00e7l\u00fc, korkusuz kahramanlardan de\u011fil. Ger\u00e7ek cesaret korkusuz olmak de\u011fil, s\u0131n\u0131rlar\u0131n\u0131 bilerek korkular\u0131n\u0131n \u00fcstesinden gelmektir! Geronimo hemen hemen her \u015feyden \u00e7ok korkuyor ama hayata olumlu bak\u0131\u015f\u0131, e\u015fsiz mizah duygusu ve tabii ki arkada\u015flar\u0131 sayesinde zor durumlar\u0131n \u00fcstesinden gelmeyi her seferinde ba\u015far\u0131yor. Geronimo Stilton kitaplar\u0131n\u0131 okurken ailenin, arkada\u015flar\u0131n, bar\u0131\u015f\u0131n, dayan\u0131\u015fman\u0131n, d\u00fcr\u00fcstl\u00fc\u011f\u00fcn, samimiyetin \u00f6nemini hissedecek, kendinize g\u00fclebilmenin ne kadar da farekulade bir \u015fey oldu\u011funu anlayacaks\u0131n\u0131z. <\/p>\n","protected":false},"excerpt":{"rendered":"<p>Geronimo Stilton\u2019la zamanda yolculu\u011fa haz\u0131r m\u0131s\u0131n\u0131z? Sizi hi\u00e7 dinozor kovalad\u0131 m\u0131? Ya dinozor yumurtas\u0131 omleti yediniz mi? B\u00fct\u00fcn d\u00fcnyada milyonlarca merakl\u0131s\u0131 olan Geronimo Stilton kitaplar\u0131 s\u0131rlarla<span class=\"excerpt-hellip\"> [\u2026]<\/span><\/p>\n","protected":false},"featured_media":0,"template":"","meta":{"_monsterinsights_skip_tracking":false,"_monsterinsights_sitenote_active":false,"_monsterinsights_sitenote_note":"","_monsterinsights_sitenote_category":0},"product_brand":[],"product_cat":[12275,12274],"product_tag":[],"class_list":{"0":"post-709224","1":"product","2":"type-product","3":"status-publish","5":"product_cat-6-12-yas-kitaplari","6":"product_cat-cocuk-ve-genclik-kitaplari","7":"pa_cilt-ciltsiz","8":"pa_tur-kitap","9":"pa_yayinevi-yapi-kredi-yayinlari","10":"pa_yazar-geronimo-stilton","12":"first","13":"instock","14":"sale","15":"shipping-taxable","16":"purchasable","17":"product-type-simple"},"_links":{"self":[{"href":"https:\/\/roveyayinevi.com.tr\/index.php\/wp-json\/wp\/v2\/product\/709224","targetHints":{"allow":["GET"]}}],"collection":[{"href":"https:\/\/roveyayinevi.com.tr\/index.php\/wp-json\/wp\/v2\/product"}],"about":[{"href":"https:\/\/roveyayinevi.com.tr\/index.php\/wp-json\/wp\/v2\/types\/product"}],"wp:attachment":[{"href":"https:\/\/roveyayinevi.com.tr\/index.php\/wp-json\/wp\/v2\/media?parent=709224"}],"wp:term":[{"taxonomy":"product_brand","embeddable":true,"href":"https:\/\/roveyayinevi.com.tr\/index.php\/wp-json\/wp\/v2\/product_brand?post=709224"},{"taxonomy":"product_cat","embeddable":true,"href":"https:\/\/roveyayinevi.com.tr\/index.php\/wp-json\/wp\/v2\/product_cat?post=709224"},{"taxonomy":"product_tag","embeddable":true,"href":"https:\/\/roveyayinevi.com.tr\/index.php\/wp-json\/wp\/v2\/product_tag?post=709224"}],"curies":[{"name":"wp","href":"https:\/\/api.w.org\/{rel}","templated":true}]}}