{"id":709220,"date":"2025-08-27T16:22:52","date_gmt":"2025-08-27T13:22:52","guid":{"rendered":"https:\/\/roveyayinevi.com.tr\/index.php\/urun\/kalbim-kuduste-kaldi\/"},"modified":"2026-04-16T02:17:59","modified_gmt":"2026-04-15T23:17:59","slug":"kalbim-kuduste-kaldi","status":"publish","type":"product","link":"https:\/\/roveyayinevi.com.tr\/index.php\/urun\/kalbim-kuduste-kaldi\/","title":{"rendered":"Kalbim Kud\u00fcs\u2019te Kald\u0131"},"content":{"rendered":"<p>Y\u00fcz y\u0131l \u00f6nce bug\u00fcn\u2026Kud\u00fcs, Gazze ve Filistin; Mirac\u0131n beldesi, ilk k\u0131bleg\u00e2h\u2026Birinci D\u00fcnya Sava\u015f\u0131\u2019n\u0131n hakk\u0131nda en az bilgi payla\u015f\u0131lan cephesinin ve Kud\u00fcs\u2019\u00fcn d\u00fc\u015f\u00fc\u015f\u00fcn\u00fcn hazin \u00f6yk\u00fcs\u00fc\u2026Evet!.. Devlet-i Aliyye\u2019nin y\u0131ld\u0131z\u0131 batmak \u00fczereydi. Yedi as\u0131rl\u0131k koca \u00e7\u0131nar bir yandan \u0130ngiliz, Rus ve Frans\u0131z k\u0131skac\u0131nda can \u00e7eki\u015firken, bir yandan da dost bellenen Alman ve Avusturya ihanetiyle i\u00e7ten i\u00e7e kemiriliyordu. Lawrencelar\u0131n s\u00fcsl\u00fc vaatlerine aldanan Bedevi a\u015firetlerin isyanlar\u0131ysa cabas\u0131\u2026 Devlet Baban\u0131n son \u00e7\u0131rp\u0131n\u0131\u015flar\u0131na \u015fahit olman\u0131n \u0131st\u0131rab\u0131yla kurtulu\u015fu \u015fehadette arayan Tabip Subay Faruk Hikmet\u2026 Beride kendi ger\u00e7e\u011fini Meryem Anne\u2019de bulmak ve kalbinin \u0130sa\u2019s\u0131n\u0131 do\u011furabilmek u\u011fruna \u00fclkesini terk edip Kud\u00fcs\u2019e gelen Rachel Weizmann\u2026Rumeli, \u0130stanbul, Halep ve Irak\u2019tan sonra Filistin\u2019e akan er ki\u015fi; Basel\u2019den Viyana\u2019ya savrulan ve nihayetinde Kud\u00fcs\u2019te Anneler Annesini bulan hatun ki\u015fi\u2026 A\u015fk\u0131n ve hikmetin v\u00e2risi esrarengiz bir Sahaf, d\u00f6nemin Mevlev\u00ee postni\u015finin subay olan o\u011flu, Ku\u015f\u00e7u Baba ve onlarda kendilerini arayan iki hakikat talibi\u2026  Fark\u0131nda oluruz yahut olmay\u0131z. \u00c2\u015f\u0131klar\u0131m\u0131z\u0131 anarken \u201cTahir ile Z\u00fchre\u201d, \u201cFerhat ile \u015eirin\u201d deriz. Oysa Avrupal\u0131lar \u00e2\u015f\u0131klar\u0131 y\u00e2d ederken \u201cRomeo ve Juliette\u201d, \u201cAntonius ve Kleopatra\u201d derler. \u00c2\u015f\u0131klar\u0131n \u201cile\u201d sayesinde birbirlerine ba\u011flanmas\u0131, biri olmadan di\u011ferinin yar\u0131m kald\u0131\u011f\u0131na al\u00e2mettir. H\u00e2lbuki \u201cve\u201d benzer ama ayr\u0131 olanlar\u0131 s\u0131ralamaya yarar. Keza bu topraklarda birbirlerini sevenler, m\u0131knat\u0131s\u0131n iki ucu olurlar. Nik\u00e2h ile birbirlerine ba\u011flanan sevgilileri \u201cZevc\u201d ve \u201cZevce\u201d olarak anlatt\u0131\u011f\u0131m\u0131z gibi m\u0131knat\u0131s\u0131n iki ucu aras\u0131ndaki cazibeye de \u201cZevciyat\u201d deriz biz. <\/p>\n","protected":false},"excerpt":{"rendered":"<p>Y\u00fcz y\u0131l \u00f6nce bug\u00fcn\u2026Kud\u00fcs, Gazze ve Filistin; Mirac\u0131n beldesi, ilk k\u0131bleg\u00e2h\u2026Birinci D\u00fcnya Sava\u015f\u0131\u2019n\u0131n hakk\u0131nda en az bilgi payla\u015f\u0131lan cephesinin ve Kud\u00fcs\u2019\u00fcn d\u00fc\u015f\u00fc\u015f\u00fcn\u00fcn hazin \u00f6yk\u00fcs\u00fc\u2026Evet!.. Devlet-i Aliyye\u2019nin<span class=\"excerpt-hellip\"> [\u2026]<\/span><\/p>\n","protected":false},"featured_media":0,"template":"","meta":{"_monsterinsights_skip_tracking":false,"_monsterinsights_sitenote_active":false,"_monsterinsights_sitenote_note":"","_monsterinsights_sitenote_category":0},"product_brand":[],"product_cat":[12291,12745],"product_tag":[],"class_list":{"0":"post-709220","1":"product","2":"type-product","3":"status-publish","5":"product_cat-edebiyat","6":"product_cat-tarihi-roman","7":"pa_cilt-ciltsiz","8":"pa_tur-kitap","9":"pa_yayinevi-kapi-yayinlari","10":"pa_yazar-ahmet-turgut","12":"first","13":"instock","14":"sale","15":"shipping-taxable","16":"purchasable","17":"product-type-simple"},"_links":{"self":[{"href":"https:\/\/roveyayinevi.com.tr\/index.php\/wp-json\/wp\/v2\/product\/709220","targetHints":{"allow":["GET"]}}],"collection":[{"href":"https:\/\/roveyayinevi.com.tr\/index.php\/wp-json\/wp\/v2\/product"}],"about":[{"href":"https:\/\/roveyayinevi.com.tr\/index.php\/wp-json\/wp\/v2\/types\/product"}],"wp:attachment":[{"href":"https:\/\/roveyayinevi.com.tr\/index.php\/wp-json\/wp\/v2\/media?parent=709220"}],"wp:term":[{"taxonomy":"product_brand","embeddable":true,"href":"https:\/\/roveyayinevi.com.tr\/index.php\/wp-json\/wp\/v2\/product_brand?post=709220"},{"taxonomy":"product_cat","embeddable":true,"href":"https:\/\/roveyayinevi.com.tr\/index.php\/wp-json\/wp\/v2\/product_cat?post=709220"},{"taxonomy":"product_tag","embeddable":true,"href":"https:\/\/roveyayinevi.com.tr\/index.php\/wp-json\/wp\/v2\/product_tag?post=709220"}],"curies":[{"name":"wp","href":"https:\/\/api.w.org\/{rel}","templated":true}]}}