{"id":709202,"date":"2025-08-27T16:22:43","date_gmt":"2025-08-27T13:22:43","guid":{"rendered":"https:\/\/roveyayinevi.com.tr\/index.php\/urun\/ah-bir-kedi-olsam\/"},"modified":"2026-04-16T02:17:58","modified_gmt":"2026-04-15T23:17:58","slug":"ah-bir-kedi-olsam","status":"publish","type":"product","link":"https:\/\/roveyayinevi.com.tr\/index.php\/urun\/ah-bir-kedi-olsam\/","title":{"rendered":"Ah Bir Kedi Olsam!"},"content":{"rendered":"<p>&#8220;Hep bir kedim olsun istedim. Evimizde ya\u015fayan, yata\u011f\u0131mda bana sar\u0131l\u0131p uyuyan, kuca\u011f\u0131mda p\u0131rlayan, biz yokken evimizi ejderha ve k\u00f6t\u00fc adamlardan koruyan, geri geldi\u011fimizde bizi kap\u0131da \u00f6zlemle kar\u015f\u0131layan, u\u00e7an bir kahraman gibi evin en y\u00fcksek raflar\u0131na t\u0131rmanabilen, uzun bir \u00f6r\u00fcmcek a\u011f\u0131na as\u0131larak benimle \u00e7\u00f6lleri, da\u011flar\u0131 ve ormanlar\u0131 a\u015fan, bizim koridorda ko\u015fup oynayan bir kedi!&#8221; K\u00fc\u00e7\u00fck Can&#8217;\u0131n hayattaki en b\u00fcy\u00fck hayali sadece bir kedisi olmas\u0131 de\u011fildi. Can, sabah karanl\u0131\u011f\u0131nda servis arac\u0131yla okula gitmek yerine kediler gibi m\u0131\u015f\u0131l m\u0131\u015f\u0131l uyuyabilmeyi de \u00e7ok istiyordu.Acaba bir \u00e7ocuk olmak yerine, hi\u00e7 \u00f6dev yapmayan, gece erkenden yat\u0131p, sabah karanl\u0131kta kalkmayan, sevmedi\u011fi yemekleri yemek zorunda olmayan, saatlerce oyun oynayan \u00f6zg\u00fcr bir kedi yavrusu olsayd\u0131, hayat\u0131 nas\u0131l olurdu? Asl\u0131nda hangimiz kedilere bak\u0131p da onlara bir kez bile \u00f6zenmedik ki? Hey \u00e7ocuklar, haydi kedi yavrusu olmak isteyen bir \u00e7ocu\u011fun maceras\u0131na! <\/p>\n","protected":false},"excerpt":{"rendered":"<p>&#8220;Hep bir kedim olsun istedim. Evimizde ya\u015fayan, yata\u011f\u0131mda bana sar\u0131l\u0131p uyuyan, kuca\u011f\u0131mda p\u0131rlayan, biz yokken evimizi ejderha ve k\u00f6t\u00fc adamlardan koruyan, geri geldi\u011fimizde bizi kap\u0131da \u00f6zlemle<span class=\"excerpt-hellip\"> [\u2026]<\/span><\/p>\n","protected":false},"featured_media":0,"template":"","meta":{"_monsterinsights_skip_tracking":false,"_monsterinsights_sitenote_active":false,"_monsterinsights_sitenote_note":"","_monsterinsights_sitenote_category":0},"product_brand":[],"product_cat":[12275,12274],"product_tag":[],"class_list":{"0":"post-709202","1":"product","2":"type-product","3":"status-publish","5":"product_cat-6-12-yas-kitaplari","6":"product_cat-cocuk-ve-genclik-kitaplari","7":"pa_cilt-ciltli","8":"pa_tur-kitap","9":"pa_yayinevi-everest-yayinlari","10":"pa_yazar-buket-uzuner","12":"first","13":"instock","14":"sale","15":"shipping-taxable","16":"purchasable","17":"product-type-simple"},"_links":{"self":[{"href":"https:\/\/roveyayinevi.com.tr\/index.php\/wp-json\/wp\/v2\/product\/709202","targetHints":{"allow":["GET"]}}],"collection":[{"href":"https:\/\/roveyayinevi.com.tr\/index.php\/wp-json\/wp\/v2\/product"}],"about":[{"href":"https:\/\/roveyayinevi.com.tr\/index.php\/wp-json\/wp\/v2\/types\/product"}],"wp:attachment":[{"href":"https:\/\/roveyayinevi.com.tr\/index.php\/wp-json\/wp\/v2\/media?parent=709202"}],"wp:term":[{"taxonomy":"product_brand","embeddable":true,"href":"https:\/\/roveyayinevi.com.tr\/index.php\/wp-json\/wp\/v2\/product_brand?post=709202"},{"taxonomy":"product_cat","embeddable":true,"href":"https:\/\/roveyayinevi.com.tr\/index.php\/wp-json\/wp\/v2\/product_cat?post=709202"},{"taxonomy":"product_tag","embeddable":true,"href":"https:\/\/roveyayinevi.com.tr\/index.php\/wp-json\/wp\/v2\/product_tag?post=709202"}],"curies":[{"name":"wp","href":"https:\/\/api.w.org\/{rel}","templated":true}]}}