{"id":709197,"date":"2025-08-27T16:22:41","date_gmt":"2025-08-27T13:22:41","guid":{"rendered":"https:\/\/roveyayinevi.com.tr\/index.php\/urun\/liseden-arkadaslar\/"},"modified":"2025-09-13T15:04:15","modified_gmt":"2025-09-13T12:04:15","slug":"liseden-arkadaslar","status":"publish","type":"product","link":"https:\/\/roveyayinevi.com.tr\/index.php\/urun\/liseden-arkadaslar\/","title":{"rendered":"Liseden Arkada\u015flar"},"content":{"rendered":"<p>Mahalle k\u00fclt\u00fcr\u00fcn\u00fcn son demlerinin ya\u015fand\u0131\u011f\u0131 y\u0131llar\u2026 \u0130lk arkada\u015fl\u0131klar\u0131n okuldan de\u011fil de apartmandan kuruldu\u011fu, bakkala diye evden \u00e7\u0131k\u0131p arkada\u015flarla sokaklarda oynanan zamanlar\u2026 K\u00fc\u00e7\u00fck\u00e7ekmece\u2019nin k\u00fc\u00e7\u00fck bir mahallesinde b\u00fcy\u00fcyen ve art\u0131k ger\u00e7ekten b\u00fcy\u00fcd\u00fc\u011f\u00fcne inanan Sel\u00e7uk, \u00e7etecilik i\u015flerini b\u0131rak\u0131p gidece\u011fi \u201cs\u00fcper\u201d lise ile hayat\u0131nda ba\u015fka bir sayfa a\u00e7ma hayalleri kurarken evdeki hesap \u00e7ar\u015f\u0131ya uymuyor. Sel\u00e7uk ne kadar beladan uzak durmak istese de arkada\u015flar\u0131 Mete, \u0130smet ve Serkan\u2019\u0131n da fark\u0131nda olmadan yapt\u0131klar\u0131n\u0131n katk\u0131s\u0131yla belan\u0131n tam ortas\u0131nda buluyor kendini. \u00c7alg\u0131 \u00c7engi, D\u00fc\u011f\u00fcn Dernek, Karde\u015f Pay\u0131 ve \u0130\u015fler G\u00fc\u00e7ler gibi dizi ve filmlerin senarist ve y\u00f6netmeni Sel\u00e7uk Aydemir, 15 ya\u015f\u0131ndaki bir ergenin g\u00f6z\u00fcnden ilk a\u015fklar\u0131, arkada\u015fl\u0131klar\u0131, hayalleri, aileyi ve mahalle ya\u015fam\u0131n\u0131 anlat\u0131yor. Fonda da Sel\u00e7uk ve arkada\u015flar\u0131n\u0131n okulun en belal\u0131 adam\u0131na kar\u015f\u0131 giri\u015ftikleri m\u00fccadelenin mizah dolu hikayesi var. Beden dersinin oldu\u011fu g\u00fcn formas\u0131n\u0131n alt\u0131na e\u015fofman giyenler, siyah-beyaz t\u00fcpl\u00fc televizyona Commodore 64 ba\u011flayan dedeler, sevdi\u011fi k\u0131za a\u00e7\u0131l\u0131rken \u00f6lecekmi\u015f gibi olup da \u00f6lmeyenler, kolay \u00e7arp\u0131l\u0131yor diye Pi\u2019yi 3 de\u011fil de 5 alanlar, mahallenin mavi tikli official ulaklar\u0131 yani d\u0131rd\u0131rc\u0131 teyzeler ve arkada\u015fl\u0131k yeminini tamamlamaya kararl\u0131 bir grup ergen ba\u015frolde Liseden Arkada\u015flar\u2019da\u2026 Sel\u00e7uk Aydemir\u2019den lise s\u0131ralar\u0131n\u0131 hat\u0131rlatacak, s\u0131cac\u0131k, bol kahkaha vaat eden bir kitap\u2026 <\/p>\n","protected":false},"excerpt":{"rendered":"<p>Mahalle k\u00fclt\u00fcr\u00fcn\u00fcn son demlerinin ya\u015fand\u0131\u011f\u0131 y\u0131llar\u2026 \u0130lk arkada\u015fl\u0131klar\u0131n okuldan de\u011fil de apartmandan kuruldu\u011fu, bakkala diye evden \u00e7\u0131k\u0131p arkada\u015flarla sokaklarda oynanan zamanlar\u2026 K\u00fc\u00e7\u00fck\u00e7ekmece\u2019nin k\u00fc\u00e7\u00fck bir mahallesinde b\u00fcy\u00fcyen<span class=\"excerpt-hellip\"> [\u2026]<\/span><\/p>\n","protected":false},"featured_media":0,"template":"","meta":{"_monsterinsights_skip_tracking":false,"_monsterinsights_sitenote_active":false,"_monsterinsights_sitenote_note":"","_monsterinsights_sitenote_category":0},"product_brand":[],"product_cat":[12291,12711],"product_tag":[],"class_list":{"0":"post-709197","1":"product","2":"type-product","3":"status-publish","5":"product_cat-edebiyat","6":"product_cat-roman-oyku","7":"pa_cilt-ciltsiz","8":"pa_tur-kitap","9":"pa_yayinevi-kusurat-yayinlari","10":"pa_yazar-selcuk-aydemir","12":"first","13":"instock","14":"sale","15":"shipping-taxable","16":"purchasable","17":"product-type-simple"},"_links":{"self":[{"href":"https:\/\/roveyayinevi.com.tr\/index.php\/wp-json\/wp\/v2\/product\/709197","targetHints":{"allow":["GET"]}}],"collection":[{"href":"https:\/\/roveyayinevi.com.tr\/index.php\/wp-json\/wp\/v2\/product"}],"about":[{"href":"https:\/\/roveyayinevi.com.tr\/index.php\/wp-json\/wp\/v2\/types\/product"}],"wp:attachment":[{"href":"https:\/\/roveyayinevi.com.tr\/index.php\/wp-json\/wp\/v2\/media?parent=709197"}],"wp:term":[{"taxonomy":"product_brand","embeddable":true,"href":"https:\/\/roveyayinevi.com.tr\/index.php\/wp-json\/wp\/v2\/product_brand?post=709197"},{"taxonomy":"product_cat","embeddable":true,"href":"https:\/\/roveyayinevi.com.tr\/index.php\/wp-json\/wp\/v2\/product_cat?post=709197"},{"taxonomy":"product_tag","embeddable":true,"href":"https:\/\/roveyayinevi.com.tr\/index.php\/wp-json\/wp\/v2\/product_tag?post=709197"}],"curies":[{"name":"wp","href":"https:\/\/api.w.org\/{rel}","templated":true}]}}