{"id":709195,"date":"2025-08-27T16:22:39","date_gmt":"2025-08-27T13:22:39","guid":{"rendered":"https:\/\/roveyayinevi.com.tr\/index.php\/urun\/one-punch-man-cilt-9\/"},"modified":"2026-04-16T02:17:58","modified_gmt":"2026-04-15T23:17:58","slug":"one-punch-man-cilt-9","status":"publish","type":"product","link":"https:\/\/roveyayinevi.com.tr\/index.php\/urun\/one-punch-man-cilt-9\/","title":{"rendered":"One-Punch Man \u2013 Cilt 9"},"content":{"rendered":"<p>Canavarlara kar\u015f\u0131 ciddi bir hayranl\u0131k besleyen Garou, Kahramanlar Birli\u011fi\u2019ne sald\u0131r\u0131yor! Orada bulunan kahramanlar\u0131n can\u0131na okuduktan sonra kararg\u00e2htan ayr\u0131l\u0131yor ve b\u00fct\u00fcn bunlar\u0131 neden yapt\u0131\u011f\u0131 da hen\u00fcz belli de\u011fil. \u00d6te yandan, B S\u0131n\u0131f\u0131 birinci s\u0131radaki kahraman Fubuki, Saitama\u2019y\u0131 evinde ziyaret ediyor. Kendinden a\u015fa\u011f\u0131da bir r\u00fctbeye sahip olan Saitama\u2019n\u0131n kendi emri alt\u0131na girmesi gibi bir iste\u011fi var ama\u2026 <\/p>\n","protected":false},"excerpt":{"rendered":"<p>Canavarlara kar\u015f\u0131 ciddi bir hayranl\u0131k besleyen Garou, Kahramanlar Birli\u011fi\u2019ne sald\u0131r\u0131yor! Orada bulunan kahramanlar\u0131n can\u0131na okuduktan sonra kararg\u00e2htan ayr\u0131l\u0131yor ve b\u00fct\u00fcn bunlar\u0131 neden yapt\u0131\u011f\u0131 da hen\u00fcz belli<span class=\"excerpt-hellip\"> [\u2026]<\/span><\/p>\n","protected":false},"featured_media":0,"template":"","meta":{"_monsterinsights_skip_tracking":false,"_monsterinsights_sitenote_active":false,"_monsterinsights_sitenote_note":"","_monsterinsights_sitenote_category":0},"product_brand":[],"product_cat":[12689,12274],"product_tag":[],"class_list":{"0":"post-709195","1":"product","2":"type-product","3":"status-publish","5":"product_cat-cizgi-roman-cocuk-ve-genclik-kitaplari","6":"product_cat-cocuk-ve-genclik-kitaplari","7":"pa_cilt-ciltsiz","8":"pa_tur-kitap","9":"pa_yayinevi-akil-celen-kitaplar","10":"pa_yazar-kolektif","12":"first","13":"instock","14":"sale","15":"shipping-taxable","16":"purchasable","17":"product-type-simple"},"_links":{"self":[{"href":"https:\/\/roveyayinevi.com.tr\/index.php\/wp-json\/wp\/v2\/product\/709195","targetHints":{"allow":["GET"]}}],"collection":[{"href":"https:\/\/roveyayinevi.com.tr\/index.php\/wp-json\/wp\/v2\/product"}],"about":[{"href":"https:\/\/roveyayinevi.com.tr\/index.php\/wp-json\/wp\/v2\/types\/product"}],"wp:attachment":[{"href":"https:\/\/roveyayinevi.com.tr\/index.php\/wp-json\/wp\/v2\/media?parent=709195"}],"wp:term":[{"taxonomy":"product_brand","embeddable":true,"href":"https:\/\/roveyayinevi.com.tr\/index.php\/wp-json\/wp\/v2\/product_brand?post=709195"},{"taxonomy":"product_cat","embeddable":true,"href":"https:\/\/roveyayinevi.com.tr\/index.php\/wp-json\/wp\/v2\/product_cat?post=709195"},{"taxonomy":"product_tag","embeddable":true,"href":"https:\/\/roveyayinevi.com.tr\/index.php\/wp-json\/wp\/v2\/product_tag?post=709195"}],"curies":[{"name":"wp","href":"https:\/\/api.w.org\/{rel}","templated":true}]}}