{"id":709189,"date":"2025-08-27T16:22:36","date_gmt":"2025-08-27T13:22:36","guid":{"rendered":"https:\/\/roveyayinevi.com.tr\/index.php\/urun\/deniz-kiyisinda-piknik-deniz-hikayeleri\/"},"modified":"2026-04-16T02:17:58","modified_gmt":"2026-04-15T23:17:58","slug":"deniz-kiyisinda-piknik-deniz-hikayeleri","status":"publish","type":"product","link":"https:\/\/roveyayinevi.com.tr\/index.php\/urun\/deniz-kiyisinda-piknik-deniz-hikayeleri\/","title":{"rendered":"Deniz K\u0131y\u0131s\u0131nda Piknik- Deniz Hikayeleri"},"content":{"rendered":"<p>Canan Teyze\u2019nin nefis yemeklerine herkes bay\u0131l\u0131yor.Hele \u0130rfan Amca s\u00fcrekli oburluk yap\u0131yor, ama k\u00f6y pikni\u011finden sonra bu oburluk ba\u015f\u0131na i\u015f a\u00e7\u0131yor. <\/p>\n","protected":false},"excerpt":{"rendered":"<p>Canan Teyze\u2019nin nefis yemeklerine herkes bay\u0131l\u0131yor.Hele \u0130rfan Amca s\u00fcrekli oburluk yap\u0131yor, ama k\u00f6y pikni\u011finden sonra bu oburluk ba\u015f\u0131na i\u015f a\u00e7\u0131yor.<\/p>\n","protected":false},"featured_media":0,"template":"","meta":{"_monsterinsights_skip_tracking":false,"_monsterinsights_sitenote_active":false,"_monsterinsights_sitenote_note":"","_monsterinsights_sitenote_category":0},"product_brand":[],"product_cat":[12913,12274],"product_tag":[],"class_list":{"0":"post-709189","1":"product","2":"type-product","3":"status-publish","5":"product_cat-3-6-yas-kitaplari","6":"product_cat-cocuk-ve-genclik-kitaplari","7":"pa_cilt-ciltsiz","8":"pa_tur-kitap","9":"pa_yayinevi-is-bankasi-kultur-yayinlari","10":"pa_yazar-komisyon","12":"first","13":"instock","14":"sale","15":"shipping-taxable","16":"purchasable","17":"product-type-simple"},"_links":{"self":[{"href":"https:\/\/roveyayinevi.com.tr\/index.php\/wp-json\/wp\/v2\/product\/709189","targetHints":{"allow":["GET"]}}],"collection":[{"href":"https:\/\/roveyayinevi.com.tr\/index.php\/wp-json\/wp\/v2\/product"}],"about":[{"href":"https:\/\/roveyayinevi.com.tr\/index.php\/wp-json\/wp\/v2\/types\/product"}],"wp:attachment":[{"href":"https:\/\/roveyayinevi.com.tr\/index.php\/wp-json\/wp\/v2\/media?parent=709189"}],"wp:term":[{"taxonomy":"product_brand","embeddable":true,"href":"https:\/\/roveyayinevi.com.tr\/index.php\/wp-json\/wp\/v2\/product_brand?post=709189"},{"taxonomy":"product_cat","embeddable":true,"href":"https:\/\/roveyayinevi.com.tr\/index.php\/wp-json\/wp\/v2\/product_cat?post=709189"},{"taxonomy":"product_tag","embeddable":true,"href":"https:\/\/roveyayinevi.com.tr\/index.php\/wp-json\/wp\/v2\/product_tag?post=709189"}],"curies":[{"name":"wp","href":"https:\/\/api.w.org\/{rel}","templated":true}]}}