{"id":709180,"date":"2025-08-27T16:22:32","date_gmt":"2025-08-27T13:22:32","guid":{"rendered":"https:\/\/roveyayinevi.com.tr\/index.php\/urun\/apartiman-cocuklari\/"},"modified":"2026-04-16T02:17:58","modified_gmt":"2026-04-15T23:17:58","slug":"apartiman-cocuklari","status":"publish","type":"product","link":"https:\/\/roveyayinevi.com.tr\/index.php\/urun\/apartiman-cocuklari\/","title":{"rendered":"Apart\u0131man \u00c7ocuklar\u0131"},"content":{"rendered":"<p>\u0130stanbul\u2019da bi\u00e7imiyle ve plan\u0131yla birbirinin ayn\u0131s\u0131 \u00fc\u00e7 apartman: \u015eeref, Namus ve Vicdan apartmanlar\u0131&#8230; Bu \u00fc\u00e7 apartman\u0131n tek sahibi Hac\u0131 Suduri Efendi&#8230;  Memur Seyfi Saymaner\u2019in kiral\u0131k bir ev aramas\u0131yla ve bakt\u0131\u011f\u0131 birka\u00e7 evden sonra Namus Apart\u0131man\u0131\u2019na ailesini yerle\u015ftirmesiyle ba\u015fl\u0131yor maceralar. Sonra m\u0131? Doktoruyla, \u00f6\u011fretmeniyle, kaptan\u0131yla, tiyatrocusuyla ve kap\u0131c\u0131s\u0131yla bir\u00e7ok meslek grubundan renkli ki\u015filiklere sahip apartman sakinlerinin kendi k\u00fc\u00e7\u00fck d\u00fcnyalar\u0131nda ba\u015flar\u0131ndan ge\u00e7en b\u00fcy\u00fck olaylar&#8230; Bu \u00fc\u00e7 apartman\u0131n i\u00e7inde ya\u015fayan \u00e7ocuklar\u0131n, b\u00fcy\u00fcklere ders verecek dostluklar\u0131\u2026 Apart\u0131man \u00c7ocuklar\u0131, Anadolu\u2019nun \u00e7e\u015fitli k\u00f6ylerinden \u0130stanbul\u2019a gelenlerin ya\u015fad\u0131klar\u0131 \u00e7eli\u015fkiler, insanlar aras\u0131ndaki ili\u015fkilerin yapayl\u0131\u011f\u0131 ve yapmac\u0131kl\u0131\u011f\u0131 \u00fczerine bir mizah roman\u0131. R\u0131fat Ilgaz, e\u011flenceli bir ser\u00fcvene \u00e7a\u011f\u0131r\u0131yor. Mizah ustal\u0131\u011f\u0131n\u0131n e\u015fsiz g\u00fcc\u00fcyle&#8230; <\/p>\n","protected":false},"excerpt":{"rendered":"<p>\u0130stanbul\u2019da bi\u00e7imiyle ve plan\u0131yla birbirinin ayn\u0131s\u0131 \u00fc\u00e7 apartman: \u015eeref, Namus ve Vicdan apartmanlar\u0131&#8230; Bu \u00fc\u00e7 apartman\u0131n tek sahibi Hac\u0131 Suduri Efendi&#8230; Memur Seyfi Saymaner\u2019in kiral\u0131k bir<span class=\"excerpt-hellip\"> [\u2026]<\/span><\/p>\n","protected":false},"featured_media":0,"template":"","meta":{"_monsterinsights_skip_tracking":false,"_monsterinsights_sitenote_active":false,"_monsterinsights_sitenote_note":"","_monsterinsights_sitenote_category":0},"product_brand":[],"product_cat":[12275,12274],"product_tag":[],"class_list":{"0":"post-709180","1":"product","2":"type-product","3":"status-publish","5":"product_cat-6-12-yas-kitaplari","6":"product_cat-cocuk-ve-genclik-kitaplari","7":"pa_cilt-ciltsiz","8":"pa_tur-kitap","9":"pa_yayinevi-cinar-yayinlari","10":"pa_yazar-rifat-ilgaz","12":"first","13":"instock","14":"sale","15":"shipping-taxable","16":"purchasable","17":"product-type-simple"},"_links":{"self":[{"href":"https:\/\/roveyayinevi.com.tr\/index.php\/wp-json\/wp\/v2\/product\/709180","targetHints":{"allow":["GET"]}}],"collection":[{"href":"https:\/\/roveyayinevi.com.tr\/index.php\/wp-json\/wp\/v2\/product"}],"about":[{"href":"https:\/\/roveyayinevi.com.tr\/index.php\/wp-json\/wp\/v2\/types\/product"}],"wp:attachment":[{"href":"https:\/\/roveyayinevi.com.tr\/index.php\/wp-json\/wp\/v2\/media?parent=709180"}],"wp:term":[{"taxonomy":"product_brand","embeddable":true,"href":"https:\/\/roveyayinevi.com.tr\/index.php\/wp-json\/wp\/v2\/product_brand?post=709180"},{"taxonomy":"product_cat","embeddable":true,"href":"https:\/\/roveyayinevi.com.tr\/index.php\/wp-json\/wp\/v2\/product_cat?post=709180"},{"taxonomy":"product_tag","embeddable":true,"href":"https:\/\/roveyayinevi.com.tr\/index.php\/wp-json\/wp\/v2\/product_tag?post=709180"}],"curies":[{"name":"wp","href":"https:\/\/api.w.org\/{rel}","templated":true}]}}