{"id":709178,"date":"2025-08-27T16:22:30","date_gmt":"2025-08-27T13:22:30","guid":{"rendered":"https:\/\/roveyayinevi.com.tr\/index.php\/urun\/cok-ozel-isimler-sozlugu\/"},"modified":"2026-04-03T02:23:25","modified_gmt":"2026-04-02T23:23:25","slug":"cok-ozel-isimler-sozlugu","status":"publish","type":"product","link":"https:\/\/roveyayinevi.com.tr\/index.php\/urun\/cok-ozel-isimler-sozlugu\/","title":{"rendered":"\u00c7ok \u00d6zel \u0130simler S\u00f6zl\u00fc\u011f\u00fc"},"content":{"rendered":"<p>\u00c7a\u011fda\u015f edebiyat\u0131m\u0131z\u0131n \u00f6nemli ve \u00f6zg\u00fcn yazarlar\u0131ndan M\u00fcge \u0130plik\u00e7i, \u00c7ok \u00d6zel \u0130simler S\u00f6zl\u00fc\u011f\u00fc\u2019nde, bizleri kad\u0131nlara, \u00e7ocuklara, gen\u00e7lere ve tabii ki erkeklere do\u011fru k\u0131sa mesafeli bir yolculu\u011fa \u00e7\u0131kar\u0131yor. Kitaptaki isimler ilk bak\u0131\u015fta d\u00fcnya hallerinin anl\u0131k foto\u011fraflar\u0131 gibi g\u00f6r\u00fcnse de s\u0131rtland\u0131klar\u0131 hayat, i\u00e7inde bulundu\u011fumuz 21. y\u00fczy\u0131l\u0131n haletiruhiyesini derinli\u011fine aktarma konusunda hi\u00e7 cimri de\u011fil. \u0130simleri \u201c\u00e7ok \u00f6zel\u201d k\u0131lan da bu zaten: s\u0131radan insanlar\u0131n, kendi hallerinde ya\u015fay\u0131p gideceklerken \u00fczerlerine binen y\u00fck\u00fcn alt\u0131nda b\u00fck\u00fcl\u00fcp da\u011f\u0131lm\u0131\u015f ruhlar\u0131. Peki hayat bundan m\u0131 ibaretti? Elbette de\u011fil! Edebiyat da zaten bu y\u00fczden var. <\/p>\n","protected":false},"excerpt":{"rendered":"<p>\u00c7a\u011fda\u015f edebiyat\u0131m\u0131z\u0131n \u00f6nemli ve \u00f6zg\u00fcn yazarlar\u0131ndan M\u00fcge \u0130plik\u00e7i, \u00c7ok \u00d6zel \u0130simler S\u00f6zl\u00fc\u011f\u00fc\u2019nde, bizleri kad\u0131nlara, \u00e7ocuklara, gen\u00e7lere ve tabii ki erkeklere do\u011fru k\u0131sa mesafeli bir yolculu\u011fa \u00e7\u0131kar\u0131yor.<span class=\"excerpt-hellip\"> [\u2026]<\/span><\/p>\n","protected":false},"featured_media":0,"template":"","meta":{"_monsterinsights_skip_tracking":false,"_monsterinsights_sitenote_active":false,"_monsterinsights_sitenote_note":"","_monsterinsights_sitenote_category":0},"product_brand":[],"product_cat":[12291,12711],"product_tag":[],"class_list":{"0":"post-709178","1":"product","2":"type-product","3":"status-publish","5":"product_cat-edebiyat","6":"product_cat-roman-oyku","7":"pa_cilt-ciltsiz","8":"pa_tur-kitap","9":"pa_yayinevi-can-yayinlari","10":"pa_yazar-muge-iplikci","12":"first","13":"instock","14":"sale","15":"shipping-taxable","16":"purchasable","17":"product-type-simple"},"_links":{"self":[{"href":"https:\/\/roveyayinevi.com.tr\/index.php\/wp-json\/wp\/v2\/product\/709178","targetHints":{"allow":["GET"]}}],"collection":[{"href":"https:\/\/roveyayinevi.com.tr\/index.php\/wp-json\/wp\/v2\/product"}],"about":[{"href":"https:\/\/roveyayinevi.com.tr\/index.php\/wp-json\/wp\/v2\/types\/product"}],"wp:attachment":[{"href":"https:\/\/roveyayinevi.com.tr\/index.php\/wp-json\/wp\/v2\/media?parent=709178"}],"wp:term":[{"taxonomy":"product_brand","embeddable":true,"href":"https:\/\/roveyayinevi.com.tr\/index.php\/wp-json\/wp\/v2\/product_brand?post=709178"},{"taxonomy":"product_cat","embeddable":true,"href":"https:\/\/roveyayinevi.com.tr\/index.php\/wp-json\/wp\/v2\/product_cat?post=709178"},{"taxonomy":"product_tag","embeddable":true,"href":"https:\/\/roveyayinevi.com.tr\/index.php\/wp-json\/wp\/v2\/product_tag?post=709178"}],"curies":[{"name":"wp","href":"https:\/\/api.w.org\/{rel}","templated":true}]}}