{"id":709177,"date":"2025-08-27T16:22:30","date_gmt":"2025-08-27T13:22:30","guid":{"rendered":"https:\/\/roveyayinevi.com.tr\/index.php\/urun\/uzun-yeleli-kedi-cocuk\/"},"modified":"2026-04-16T02:17:58","modified_gmt":"2026-04-15T23:17:58","slug":"uzun-yeleli-kedi-cocuk","status":"publish","type":"product","link":"https:\/\/roveyayinevi.com.tr\/index.php\/urun\/uzun-yeleli-kedi-cocuk\/","title":{"rendered":"Uzun Yeleli Kedi \u00c7ocuk"},"content":{"rendered":"<p>Her \u015fey bir hayvanat bah\u00e7esinde ba\u015fl\u0131yor, bir u\u00e7an gemide devam ediyor ve \u015etampfer Caddesi, 17 numarada, yani Uzun Yeleli Kedi\u00e7ocuk\u2019un do\u011fal habitat\u0131nda sona eriyor. Kahraman\u0131m\u0131z eve d\u00f6nd\u00fc\u011f\u00fcnde, bu asil hayvanc\u0131\u011f\u0131n nas\u0131l yeti\u015ftirilmesi gerekti\u011fine dair temel bilgiler i\u00e7eren bir defterle mutfak kap\u0131s\u0131nda duruyor. Uzun Yeleli Kedi\u00e7ocuk, bir baba-o\u011ful ili\u015fkisini muzip\u00e7e ele al\u0131rken \u00e7ocuklar\u0131n s\u0131n\u0131rs\u0131z hayal g\u00fcc\u00fcne vurgu yapan duygu y\u00fckl\u00fc bir hik\u00e2ye. \u00c7a\u011fda\u015f D\u00fcnya Edebiyat\u0131n\u0131n sevilen yazarlar\u0131ndan Etgar Keret\u2019in bu incelikli \u00f6yk\u00fcs\u00fcn\u00fc, Mahir \u00dcnsal Eri\u015f \u0130branice asl\u0131ndan \u00e7evirdi. \ufffcTan\u0131t\u0131m Metni<\/p>\n","protected":false},"excerpt":{"rendered":"<p>Her \u015fey bir hayvanat bah\u00e7esinde ba\u015fl\u0131yor, bir u\u00e7an gemide devam ediyor ve \u015etampfer Caddesi, 17 numarada, yani Uzun Yeleli Kedi\u00e7ocuk\u2019un do\u011fal habitat\u0131nda sona eriyor. Kahraman\u0131m\u0131z eve<span class=\"excerpt-hellip\"> [\u2026]<\/span><\/p>\n","protected":false},"featured_media":0,"template":"","meta":{"_monsterinsights_skip_tracking":false,"_monsterinsights_sitenote_active":false,"_monsterinsights_sitenote_note":"","_monsterinsights_sitenote_category":0},"product_brand":[],"product_cat":[12913,12274],"product_tag":[],"class_list":{"0":"post-709177","1":"product","2":"type-product","3":"status-publish","5":"product_cat-3-6-yas-kitaplari","6":"product_cat-cocuk-ve-genclik-kitaplari","7":"pa_cilt-ciltsiz","8":"pa_tur-kitap","9":"pa_yayinevi-can-cocuk-yayinlari","10":"pa_yazar-etgar-keret","12":"first","13":"instock","14":"sale","15":"shipping-taxable","16":"purchasable","17":"product-type-simple"},"_links":{"self":[{"href":"https:\/\/roveyayinevi.com.tr\/index.php\/wp-json\/wp\/v2\/product\/709177","targetHints":{"allow":["GET"]}}],"collection":[{"href":"https:\/\/roveyayinevi.com.tr\/index.php\/wp-json\/wp\/v2\/product"}],"about":[{"href":"https:\/\/roveyayinevi.com.tr\/index.php\/wp-json\/wp\/v2\/types\/product"}],"wp:attachment":[{"href":"https:\/\/roveyayinevi.com.tr\/index.php\/wp-json\/wp\/v2\/media?parent=709177"}],"wp:term":[{"taxonomy":"product_brand","embeddable":true,"href":"https:\/\/roveyayinevi.com.tr\/index.php\/wp-json\/wp\/v2\/product_brand?post=709177"},{"taxonomy":"product_cat","embeddable":true,"href":"https:\/\/roveyayinevi.com.tr\/index.php\/wp-json\/wp\/v2\/product_cat?post=709177"},{"taxonomy":"product_tag","embeddable":true,"href":"https:\/\/roveyayinevi.com.tr\/index.php\/wp-json\/wp\/v2\/product_tag?post=709177"}],"curies":[{"name":"wp","href":"https:\/\/api.w.org\/{rel}","templated":true}]}}