{"id":709160,"date":"2025-08-27T16:22:22","date_gmt":"2025-08-27T13:22:22","guid":{"rendered":"https:\/\/roveyayinevi.com.tr\/index.php\/urun\/protesto\/"},"modified":"2026-04-16T02:17:57","modified_gmt":"2026-04-15T23:17:57","slug":"protesto","status":"publish","type":"product","link":"https:\/\/roveyayinevi.com.tr\/index.php\/urun\/protesto\/","title":{"rendered":"Protesto"},"content":{"rendered":"<p>James M. Jasper James Jasper Protesto\u2019da, Zweig\u2019\u0131n tabiriyle \u201cinsanl\u0131\u011f\u0131n y\u0131ld\u0131z\u0131n\u0131n parlad\u0131\u011f\u0131 anlar\u201d olarak protesto hareketlerini, bilhassa ku\u0308ltu\u0308rel ve duygusal boyutlar\u0131yla g\u00f6zler \u00f6nu\u0308ne seriyor. \u015eu temel soruyla koyuluyor yola: \u201c\u0130nsanlar hangi motivasyonlarla, hangi duygusal ve ku\u0308ltu\u0308rel su\u0308re\u00e7lerden ge\u00e7erek birer protestocuya d\u00f6nu\u0308\u015fu\u0308rler?\u201d Jasper bu soruya cevap ararken, \u00f6ncelikle toplumsal hareketleri inceleyen teori ve yakla\u015f\u0131mlar\u0131n s\u0131n\u0131rl\u0131l\u0131klar\u0131n\u0131 d\u00f6ku\u0308yor ortaya. Bireylerin psikolojik durumlar\u0131 ve du\u0308rtu\u0308leri ile siyasi y\u00f6nelimleri aras\u0131nda adeta do\u011frusal bir nedensellik ili\u015fkisi \u00f6ng\u00f6ren psikolojik yakla\u015f\u0131mlara oldu\u011fu kadar, insan unsurunu bu\u0308tu\u0308nu\u0308yle yok sayan ve meseleyi salt tarihsel ve yap\u0131sal ba\u011flamlar i\u00e7erisinde tart\u0131\u015fan bu\u0308yu\u0308k anlat\u0131lara da s\u00f6yleyecek birka\u00e7 s\u00f6zu\u0308 var. Ve bunlara kar\u015f\u0131l\u0131k ortaya koydu\u011fu alternatif bir bak\u0131\u015f a\u00e7\u0131s\u0131 da: Bu \u201cku\u0308ltu\u0308rel\u201d yakla\u015f\u0131m\u0131n ba\u015flang\u0131\u00e7 noktas\u0131n\u0131 \u201c\u00f6znenin bak\u0131\u015f a\u00e7\u0131s\u0131, hisleri, hedefleri ve eylemleri, istediklerini elde etmeye \u00e7al\u0131\u015f\u0131rkenki tercihleri\u201d ile birlikte i\u00e7inde bulundu\u011fu toplumsal, tarihsel ve fiziksel ko\u015fullar olu\u015fturuyor. Jasper, kendi teorik \u00e7at\u0131s\u0131n\u0131n her bir dayana\u011f\u0131n\u0131, 2011 Wall Street\u2019i \u0130\u015fgal Et eylemlerinden Hindistan\u2019daki Dalit hareketine, Amerikan H\u0131ristiyan Sa\u011f\u0131\u2019ndan M\u0131s\u0131r Devrimi\u2019ne, feminist hareketten 18. yu\u0308zy\u0131l \u0130ngilteresi\u2019nde ortaya \u00e7\u0131km\u0131\u015f Wilkes hareketine kadar \u00e7ok farkl\u0131 tarihsel d\u00f6nem ve co\u011frafyalardan, \u00e7ok farkl\u0131 talepleri dillendirmi\u015f protesto hareketleri ba\u011flam\u0131nda ele al\u0131yor. Hareketin ilk ortaya \u00e7\u0131k\u0131\u015f\u0131ndan, \u00f6rgu\u0308tlenme a\u015famas\u0131nda ya\u015fad\u0131\u011f\u0131 ikilemlere, medya ve siyaset\u00e7ilerle olan ili\u015fkilerinden yeni u\u0308ye kazanma sanc\u0131lar\u0131na, ortak anlam ve sembollerin u\u0308retilmesinden bu\u0308t\u00e7enin y\u00f6netilmesine kadar detayl\u0131 ve bu\u0308tu\u0308nlu\u0308klu\u0308 bir tablo koyuyor ortaya, u\u0308stelik bunu akademik dilin talepk\u00e2rl\u0131\u011f\u0131ndan uzak gu\u0308ndelik bir u\u0308slupla yap\u0131yor. \u0130\u00e7inden ge\u00e7mekte oldu\u011fumuz siyasi altu\u0308st olu\u015flar ve zemin kaymalar\u0131 \u00e7a\u011f\u0131 g\u00f6steriyor ki gelecek gu\u0308nler, farkl\u0131 protesto hareketlerine gebe ve bu kitap \u00f6nu\u0308mu\u0308zdeki hareketli gu\u0308nlere de \u0131\u015f\u0131k tutacak bir rehber niteli\u011finde. <\/p>\n","protected":false},"excerpt":{"rendered":"<p>James M. Jasper James Jasper Protesto\u2019da, Zweig\u2019\u0131n tabiriyle \u201cinsanl\u0131\u011f\u0131n y\u0131ld\u0131z\u0131n\u0131n parlad\u0131\u011f\u0131 anlar\u201d olarak protesto hareketlerini, bilhassa ku\u0308ltu\u0308rel ve duygusal boyutlar\u0131yla g\u00f6zler \u00f6nu\u0308ne seriyor. \u015eu temel soruyla<span class=\"excerpt-hellip\"> [\u2026]<\/span><\/p>\n","protected":false},"featured_media":0,"template":"","meta":{"_monsterinsights_skip_tracking":false,"_monsterinsights_sitenote_active":false,"_monsterinsights_sitenote_note":"","_monsterinsights_sitenote_category":0},"product_brand":[],"product_cat":[13590,12337],"product_tag":[],"class_list":{"0":"post-709160","1":"product","2":"type-product","3":"status-publish","5":"product_cat-arastirma-inceleme-politika-siyaset","6":"product_cat-politika-siyaset","7":"pa_cilt-ciltsiz","8":"pa_tur-kitap","9":"pa_yayinevi-ayrinti-yayinlari","10":"pa_yazar-james-m-jasper","12":"first","13":"instock","14":"sale","15":"shipping-taxable","16":"purchasable","17":"product-type-simple"},"_links":{"self":[{"href":"https:\/\/roveyayinevi.com.tr\/index.php\/wp-json\/wp\/v2\/product\/709160","targetHints":{"allow":["GET"]}}],"collection":[{"href":"https:\/\/roveyayinevi.com.tr\/index.php\/wp-json\/wp\/v2\/product"}],"about":[{"href":"https:\/\/roveyayinevi.com.tr\/index.php\/wp-json\/wp\/v2\/types\/product"}],"wp:attachment":[{"href":"https:\/\/roveyayinevi.com.tr\/index.php\/wp-json\/wp\/v2\/media?parent=709160"}],"wp:term":[{"taxonomy":"product_brand","embeddable":true,"href":"https:\/\/roveyayinevi.com.tr\/index.php\/wp-json\/wp\/v2\/product_brand?post=709160"},{"taxonomy":"product_cat","embeddable":true,"href":"https:\/\/roveyayinevi.com.tr\/index.php\/wp-json\/wp\/v2\/product_cat?post=709160"},{"taxonomy":"product_tag","embeddable":true,"href":"https:\/\/roveyayinevi.com.tr\/index.php\/wp-json\/wp\/v2\/product_tag?post=709160"}],"curies":[{"name":"wp","href":"https:\/\/api.w.org\/{rel}","templated":true}]}}