{"id":709156,"date":"2025-08-27T16:22:20","date_gmt":"2025-08-27T13:22:20","guid":{"rendered":"https:\/\/roveyayinevi.com.tr\/index.php\/urun\/televizyon-dilindeki-islam\/"},"modified":"2026-04-16T02:17:57","modified_gmt":"2026-04-15T23:17:57","slug":"televizyon-dilindeki-islam","status":"publish","type":"product","link":"https:\/\/roveyayinevi.com.tr\/index.php\/urun\/televizyon-dilindeki-islam\/","title":{"rendered":"Televizyon Dilindeki \u0130slam"},"content":{"rendered":"<p>&#8220;Televizyon anlat\u0131m \u00f6zelliklerine ili\u015fkin olarak, Eflatun\u2019un idealer alemini hat\u0131rlat\u0131r \u015fekilde beyaz cama yans\u0131yan bir idealar alemi kurgusu; kendine has bir metafizi\u011fin takdimi hayat\u0131n ger\u00e7e\u011fiyle \u00f6rt\u00fc\u015f\u00fcyormu\u015f hissi yaratan ancak onun kurgusal bir simetrisi olarak ortaya \u00e7\u0131kan anlat\u0131m tarz\u0131 kliplerdeki anlat\u0131m tarz\u0131n\u0131 programlara yayarak ger\u00e7ek hayat\u0131n kavray\u0131\u015f\u0131nda benzeri bir par\u00e7alanma yaratmas\u0131.Trajedi \u015fahitli\u011finde &#8220;canl\u0131-\u015fimdi&#8221; duygusunu yaratmak i\u00e7in neredeyse olay\u0131n ya\u015fanmas\u0131na izleyiciyi ortak etmeyi esas alan stratejiler sebebiyle, olup-biteni insani ba\u011flam\u0131ndan kopartarak seyirlik g\u00f6r\u00fcnt\u00fcler haline d\u00f6n\u00fc\u015ft\u00fcrmesi \u015feklinde tespitler yapabiliriz.&#8221;<\/p>\n","protected":false},"excerpt":{"rendered":"<p>&#8220;Televizyon anlat\u0131m \u00f6zelliklerine ili\u015fkin olarak, Eflatun\u2019un idealer alemini hat\u0131rlat\u0131r \u015fekilde beyaz cama yans\u0131yan bir idealar alemi kurgusu; kendine has bir metafizi\u011fin takdimi hayat\u0131n ger\u00e7e\u011fiyle \u00f6rt\u00fc\u015f\u00fcyormu\u015f hissi<span class=\"excerpt-hellip\"> [\u2026]<\/span><\/p>\n","protected":false},"featured_media":0,"template":"","meta":{"_monsterinsights_skip_tracking":false,"_monsterinsights_sitenote_active":false,"_monsterinsights_sitenote_note":"","_monsterinsights_sitenote_category":0},"product_brand":[],"product_cat":[13036,12718,12719],"product_tag":[],"class_list":{"0":"post-709156","1":"product","2":"type-product","3":"status-publish","5":"product_cat-arastirma-inceleme-islam","6":"product_cat-din","7":"product_cat-islam","8":"pa_cilt-ciltsiz","9":"pa_tur-kitap","10":"pa_yayinevi-odak-yayinevi","11":"pa_yazar-naci-bostanci","13":"first","14":"instock","15":"sale","16":"shipping-taxable","17":"purchasable","18":"product-type-simple"},"_links":{"self":[{"href":"https:\/\/roveyayinevi.com.tr\/index.php\/wp-json\/wp\/v2\/product\/709156","targetHints":{"allow":["GET"]}}],"collection":[{"href":"https:\/\/roveyayinevi.com.tr\/index.php\/wp-json\/wp\/v2\/product"}],"about":[{"href":"https:\/\/roveyayinevi.com.tr\/index.php\/wp-json\/wp\/v2\/types\/product"}],"wp:attachment":[{"href":"https:\/\/roveyayinevi.com.tr\/index.php\/wp-json\/wp\/v2\/media?parent=709156"}],"wp:term":[{"taxonomy":"product_brand","embeddable":true,"href":"https:\/\/roveyayinevi.com.tr\/index.php\/wp-json\/wp\/v2\/product_brand?post=709156"},{"taxonomy":"product_cat","embeddable":true,"href":"https:\/\/roveyayinevi.com.tr\/index.php\/wp-json\/wp\/v2\/product_cat?post=709156"},{"taxonomy":"product_tag","embeddable":true,"href":"https:\/\/roveyayinevi.com.tr\/index.php\/wp-json\/wp\/v2\/product_tag?post=709156"}],"curies":[{"name":"wp","href":"https:\/\/api.w.org\/{rel}","templated":true}]}}