{"id":709154,"date":"2025-08-27T16:22:19","date_gmt":"2025-08-27T13:22:19","guid":{"rendered":"https:\/\/roveyayinevi.com.tr\/index.php\/urun\/mesneviden-cevaplar-kirmizi-bez-kapak\/"},"modified":"2026-04-16T02:17:57","modified_gmt":"2026-04-15T23:17:57","slug":"mesneviden-cevaplar-kirmizi-bez-kapak","status":"publish","type":"product","link":"https:\/\/roveyayinevi.com.tr\/index.php\/urun\/mesneviden-cevaplar-kirmizi-bez-kapak\/","title":{"rendered":"Mesnevi&#8217;den Cevaplar (K\u0131rm\u0131z\u0131 Bez Kapak)"},"content":{"rendered":"<p>Sorular\u0131n\u0131z\u0131n Cevaplar\u0131 Bu KitaptaKitab\u0131 iki elinizin aras\u0131nda, kalbinize yak\u0131n bir yerde tutun.Sorma istedi\u011finiz soruya odaklan\u0131n.Derin bir nefes al\u0131n.Nefes verirken i\u00e7inizden sorunuzu tekrar ederek kitab\u0131n rastgele bir sayfas\u0131n\u0131 a\u00e7\u0131n.Cevab\u0131n\u0131z kar\u015f\u0131n\u0131zda olacakt\u0131r. <\/p>\n","protected":false},"excerpt":{"rendered":"<p>Sorular\u0131n\u0131z\u0131n Cevaplar\u0131 Bu KitaptaKitab\u0131 iki elinizin aras\u0131nda, kalbinize yak\u0131n bir yerde tutun.Sorma istedi\u011finiz soruya odaklan\u0131n.Derin bir nefes al\u0131n.Nefes verirken i\u00e7inizden sorunuzu tekrar ederek kitab\u0131n rastgele bir<span class=\"excerpt-hellip\"> [\u2026]<\/span><\/p>\n","protected":false},"featured_media":0,"template":"","meta":{"_monsterinsights_skip_tracking":false,"_monsterinsights_sitenote_active":false,"_monsterinsights_sitenote_note":"","_monsterinsights_sitenote_category":0},"product_brand":[],"product_cat":[28265,15563],"product_tag":[],"class_list":{"0":"post-709154","1":"product","2":"type-product","3":"status-publish","5":"product_cat-diger-hobi","6":"product_cat-hobi","7":"pa_cilt-ciltli","8":"pa_tur-kitap","9":"pa_yayinevi-dogan-novus","10":"pa_yazar-kolektif","12":"first","13":"instock","14":"sale","15":"shipping-taxable","16":"purchasable","17":"product-type-simple"},"_links":{"self":[{"href":"https:\/\/roveyayinevi.com.tr\/index.php\/wp-json\/wp\/v2\/product\/709154","targetHints":{"allow":["GET"]}}],"collection":[{"href":"https:\/\/roveyayinevi.com.tr\/index.php\/wp-json\/wp\/v2\/product"}],"about":[{"href":"https:\/\/roveyayinevi.com.tr\/index.php\/wp-json\/wp\/v2\/types\/product"}],"wp:attachment":[{"href":"https:\/\/roveyayinevi.com.tr\/index.php\/wp-json\/wp\/v2\/media?parent=709154"}],"wp:term":[{"taxonomy":"product_brand","embeddable":true,"href":"https:\/\/roveyayinevi.com.tr\/index.php\/wp-json\/wp\/v2\/product_brand?post=709154"},{"taxonomy":"product_cat","embeddable":true,"href":"https:\/\/roveyayinevi.com.tr\/index.php\/wp-json\/wp\/v2\/product_cat?post=709154"},{"taxonomy":"product_tag","embeddable":true,"href":"https:\/\/roveyayinevi.com.tr\/index.php\/wp-json\/wp\/v2\/product_tag?post=709154"}],"curies":[{"name":"wp","href":"https:\/\/api.w.org\/{rel}","templated":true}]}}