{"id":709149,"date":"2025-08-27T16:22:17","date_gmt":"2025-08-27T13:22:17","guid":{"rendered":"https:\/\/roveyayinevi.com.tr\/index.php\/urun\/gazneliler\/"},"modified":"2026-04-16T02:17:57","modified_gmt":"2026-04-15T23:17:57","slug":"gazneliler","status":"publish","type":"product","link":"https:\/\/roveyayinevi.com.tr\/index.php\/urun\/gazneliler\/","title":{"rendered":"Gazneliler"},"content":{"rendered":"<p>963-1187 y\u0131llar\u0131 aras\u0131nda Afganistan\u2019dan kuzey Hindistan\u2019a, Horasan\u2019dan ve Mavera\u00fcnnehr\u2019e kadar uzanan geni\u015f sahada h\u00fck\u00fcm s\u00fcren Gazneliler, sadece siyas\u00ee ve asker\u00ee faaliyetleriyle de\u011fil, hem h\u00e2kim olduklar\u0131 b\u00f6lgelerde, bilhassa Hindistan co\u011frafyas\u0131nda \u0130slam\u2019\u0131n yay\u0131lmas\u0131na, hem de olu\u015fturduklar\u0131 k\u00fclt\u00fcrel ve meden\u00ee m\u00fcesseselerle T\u00fcrk-\u0130slam k\u00fclt\u00fcr ve medeniyetinin geli\u015fmesine b\u00fcy\u00fck katk\u0131da bulunmu\u015flard\u0131r. Gazneliler Devleti\u2019nin kurucusu olarak kabul edilen Alptegin, S\u00e2m\u00e2n\u00ee em\u00eeri Ahmed b. \u0130smail taraf\u0131ndan sat\u0131n al\u0131nan T\u00fcrk k\u00f6kenli bir gul\u00e2md\u0131. \u0130yi bir e\u011fitim alm\u0131\u015f ve k\u0131sa s\u00fcrede temay\u00fcz ederek \u00f6nemli g\u00f6revlere y\u00fckselmi\u015fti. Ancak S\u00e2m\u00e2n\u00ee taht\u0131nda meydana gelen h\u00fck\u00fcmdar de\u011fi\u015fikliklerine m\u00fcdahale edebilecek derecede etkin bir g\u00fcce ula\u015fan Alptegin\u2019in bu n\u00fcfuzu, bir m\u00fcddet sonra onu merkez\u00ee otorite ile kar\u015f\u0131 kar\u015f\u0131ya getirdi. S\u00e2m\u00e2no\u011fullar\u0131 hizmetinden ayr\u0131ld\u0131 ve Gazne\u2019ye giderek burada bir devlet kurdu. Alptegin\u2019in k\u00f6le pazar\u0131nda ba\u015flayan hik\u00e2yesi, h\u00e2kim oldu\u011fu co\u011frafyada g\u00fcn\u00fcm\u00fcze kadar etkisi silinmeyen bir devletin, Gazneliler Devleti\u2019nin kurucusu olarak son buldu. Elinizdeki bu \u00e7al\u0131\u015fma gerek T\u00fcrk tarihinin, gerekse \u0130slam tarihinin unutulmaya y\u00fcz tutmu\u015f \u00f6nemli bir devrine, Gazneliler d\u00f6nemine \u0131\u015f\u0131k tutuyor. <\/p>\n","protected":false},"excerpt":{"rendered":"<p>963-1187 y\u0131llar\u0131 aras\u0131nda Afganistan\u2019dan kuzey Hindistan\u2019a, Horasan\u2019dan ve Mavera\u00fcnnehr\u2019e kadar uzanan geni\u015f sahada h\u00fck\u00fcm s\u00fcren Gazneliler, sadece siyas\u00ee ve asker\u00ee faaliyetleriyle de\u011fil, hem h\u00e2kim olduklar\u0131 b\u00f6lgelerde,<span class=\"excerpt-hellip\"> [\u2026]<\/span><\/p>\n","protected":false},"featured_media":0,"template":"","meta":{"_monsterinsights_skip_tracking":false,"_monsterinsights_sitenote_active":false,"_monsterinsights_sitenote_note":"","_monsterinsights_sitenote_category":0},"product_brand":[],"product_cat":[13590,12337],"product_tag":[],"class_list":{"0":"post-709149","1":"product","2":"type-product","3":"status-publish","5":"product_cat-arastirma-inceleme-politika-siyaset","6":"product_cat-politika-siyaset","7":"pa_cilt-ciltsiz","8":"pa_tur-kitap","9":"pa_yayinevi-kronik-kitap","10":"pa_yazar-erkan-goksu","12":"first","13":"instock","14":"sale","15":"shipping-taxable","16":"purchasable","17":"product-type-simple"},"_links":{"self":[{"href":"https:\/\/roveyayinevi.com.tr\/index.php\/wp-json\/wp\/v2\/product\/709149","targetHints":{"allow":["GET"]}}],"collection":[{"href":"https:\/\/roveyayinevi.com.tr\/index.php\/wp-json\/wp\/v2\/product"}],"about":[{"href":"https:\/\/roveyayinevi.com.tr\/index.php\/wp-json\/wp\/v2\/types\/product"}],"wp:attachment":[{"href":"https:\/\/roveyayinevi.com.tr\/index.php\/wp-json\/wp\/v2\/media?parent=709149"}],"wp:term":[{"taxonomy":"product_brand","embeddable":true,"href":"https:\/\/roveyayinevi.com.tr\/index.php\/wp-json\/wp\/v2\/product_brand?post=709149"},{"taxonomy":"product_cat","embeddable":true,"href":"https:\/\/roveyayinevi.com.tr\/index.php\/wp-json\/wp\/v2\/product_cat?post=709149"},{"taxonomy":"product_tag","embeddable":true,"href":"https:\/\/roveyayinevi.com.tr\/index.php\/wp-json\/wp\/v2\/product_tag?post=709149"}],"curies":[{"name":"wp","href":"https:\/\/api.w.org\/{rel}","templated":true}]}}