{"id":709138,"date":"2025-08-27T16:22:11","date_gmt":"2025-08-27T13:22:11","guid":{"rendered":"https:\/\/roveyayinevi.com.tr\/index.php\/urun\/bir-vampirin-dogusu\/"},"modified":"2026-04-07T02:24:31","modified_gmt":"2026-04-06T23:24:31","slug":"bir-vampirin-dogusu","status":"publish","type":"product","link":"https:\/\/roveyayinevi.com.tr\/index.php\/urun\/bir-vampirin-dogusu\/","title":{"rendered":"Bir Vampirin Do\u011fu\u015fu"},"content":{"rendered":"<p>Larten Creepsley Efsanesi &#8211; 1&#8221;Kar\u0131\u015f\u0131k bir kana sahipsin evlat ama kan\u0131ndaki k\u00f6t\u00fcl\u00fck bask\u0131n de\u011fil. Benim d\u00fc\u015f\u00fcnceme g\u00f6re, diledi\u011fin taktirde iyili\u011fi se\u00e7ebilecek durumdas\u0131n.&#8221;Larten Creepsley \u00e7ocuk ya\u015fta evini terketme zorunda kald\u0131 ve \u015fimdi \u00f6n\u00fcnde iki yol var. \u0130nsan olarak m\u0131 kalacak yoksa gecenin \u00e7ocu\u011funa m\u0131 d\u00f6n\u00fc\u015fecek? Efsane, bu kitapla ba\u015fl\u0131yor. <\/p>\n","protected":false},"excerpt":{"rendered":"<p>Larten Creepsley Efsanesi &#8211; 1&#8221;Kar\u0131\u015f\u0131k bir kana sahipsin evlat ama kan\u0131ndaki k\u00f6t\u00fcl\u00fck bask\u0131n de\u011fil. Benim d\u00fc\u015f\u00fcnceme g\u00f6re, diledi\u011fin taktirde iyili\u011fi se\u00e7ebilecek durumdas\u0131n.&#8221;Larten Creepsley \u00e7ocuk ya\u015fta evini<span class=\"excerpt-hellip\"> [\u2026]<\/span><\/p>\n","protected":false},"featured_media":0,"template":"","meta":{"_monsterinsights_skip_tracking":false,"_monsterinsights_sitenote_active":false,"_monsterinsights_sitenote_note":"","_monsterinsights_sitenote_category":0},"product_brand":[],"product_cat":[12291,15117],"product_tag":[],"class_list":{"0":"post-709138","1":"product","2":"type-product","3":"status-publish","5":"product_cat-edebiyat","6":"product_cat-genclik-edebiyati","7":"pa_cilt-ciltsiz","8":"pa_tur-kitap","9":"pa_yayinevi-tudem-yayinlari","10":"pa_yazar-darren-shan","12":"first","13":"instock","14":"sale","15":"shipping-taxable","16":"purchasable","17":"product-type-simple"},"_links":{"self":[{"href":"https:\/\/roveyayinevi.com.tr\/index.php\/wp-json\/wp\/v2\/product\/709138","targetHints":{"allow":["GET"]}}],"collection":[{"href":"https:\/\/roveyayinevi.com.tr\/index.php\/wp-json\/wp\/v2\/product"}],"about":[{"href":"https:\/\/roveyayinevi.com.tr\/index.php\/wp-json\/wp\/v2\/types\/product"}],"wp:attachment":[{"href":"https:\/\/roveyayinevi.com.tr\/index.php\/wp-json\/wp\/v2\/media?parent=709138"}],"wp:term":[{"taxonomy":"product_brand","embeddable":true,"href":"https:\/\/roveyayinevi.com.tr\/index.php\/wp-json\/wp\/v2\/product_brand?post=709138"},{"taxonomy":"product_cat","embeddable":true,"href":"https:\/\/roveyayinevi.com.tr\/index.php\/wp-json\/wp\/v2\/product_cat?post=709138"},{"taxonomy":"product_tag","embeddable":true,"href":"https:\/\/roveyayinevi.com.tr\/index.php\/wp-json\/wp\/v2\/product_tag?post=709138"}],"curies":[{"name":"wp","href":"https:\/\/api.w.org\/{rel}","templated":true}]}}