{"id":709134,"date":"2025-08-27T16:22:09","date_gmt":"2025-08-27T13:22:09","guid":{"rendered":"https:\/\/roveyayinevi.com.tr\/index.php\/urun\/mirketleri-sayalim\/"},"modified":"2026-04-16T02:17:57","modified_gmt":"2026-04-15T23:17:57","slug":"mirketleri-sayalim","status":"publish","type":"product","link":"https:\/\/roveyayinevi.com.tr\/index.php\/urun\/mirketleri-sayalim\/","title":{"rendered":"Mirketleri Sayal\u0131m"},"content":{"rendered":"<p>Say\u0131 sayma ustas\u0131 mirketler! Onlarla say\u0131 saymay\u0131 \u00f6\u011frenmek \u00e7ok kolay! Mirketleri Sayal\u0131m, \u00e7ocuklar\u0131n 2\u2019\u015fer, 5\u2019er ve 10\u2019ar sayman\u0131n ne oldu\u011funu \u00f6\u011frenmesi ve sayma becerilerini geli\u015ftirmesi amac\u0131yla haz\u0131rland\u0131. \u00c7ocuklar bu kitaptaki e\u011flenceli etkinlikleri mirketlerle birlikte uygulayacaklar. B\u00f6ylece hem mirketleri daha yak\u0131ndan tan\u0131yacak hem de say\u0131 saymay\u0131 g\u00f6rselli\u011fe dayal\u0131 ve e\u011flenceli bir bi\u00e7imde \u00f6\u011frenecekler. Kitab\u0131n sonunda yer alan s\u00f6zl\u00fck sayesinde, \u00e7ocuklar konuyla ilgili yeni temel kelime ve kavramlar\u0131 \u00f6\u011frenecek, ayr\u0131ca mirketler hakk\u0131nda ilgin\u00e7 bilgiler edinecekler. G\u00f6z al\u0131c\u0131 ve renkli foto\u011fraflar e\u015fli\u011finde haz\u0131rlanan Hayvanlarla Etkinlikler dizisi \u00e7ocuklar\u0131yla kaliteli zaman ge\u00e7irmek isteyen t\u00fcm ebeveynler i\u00e7in vazge\u00e7ilmez olacak! <\/p>\n","protected":false},"excerpt":{"rendered":"<p>Say\u0131 sayma ustas\u0131 mirketler! Onlarla say\u0131 saymay\u0131 \u00f6\u011frenmek \u00e7ok kolay! Mirketleri Sayal\u0131m, \u00e7ocuklar\u0131n 2\u2019\u015fer, 5\u2019er ve 10\u2019ar sayman\u0131n ne oldu\u011funu \u00f6\u011frenmesi ve sayma becerilerini geli\u015ftirmesi amac\u0131yla<span class=\"excerpt-hellip\"> [\u2026]<\/span><\/p>\n","protected":false},"featured_media":0,"template":"","meta":{"_monsterinsights_skip_tracking":false,"_monsterinsights_sitenote_active":false,"_monsterinsights_sitenote_note":"","_monsterinsights_sitenote_category":0},"product_brand":[],"product_cat":[12913,12274],"product_tag":[],"class_list":{"0":"post-709134","1":"product","2":"type-product","3":"status-publish","5":"product_cat-3-6-yas-kitaplari","6":"product_cat-cocuk-ve-genclik-kitaplari","7":"pa_cilt-ciltsiz","8":"pa_tur-kitap","9":"pa_yayinevi-mavi-kelebek-yayinlari","10":"pa_yazar-tracey-steffora","12":"first","13":"instock","14":"sale","15":"shipping-taxable","16":"purchasable","17":"product-type-simple"},"_links":{"self":[{"href":"https:\/\/roveyayinevi.com.tr\/index.php\/wp-json\/wp\/v2\/product\/709134","targetHints":{"allow":["GET"]}}],"collection":[{"href":"https:\/\/roveyayinevi.com.tr\/index.php\/wp-json\/wp\/v2\/product"}],"about":[{"href":"https:\/\/roveyayinevi.com.tr\/index.php\/wp-json\/wp\/v2\/types\/product"}],"wp:attachment":[{"href":"https:\/\/roveyayinevi.com.tr\/index.php\/wp-json\/wp\/v2\/media?parent=709134"}],"wp:term":[{"taxonomy":"product_brand","embeddable":true,"href":"https:\/\/roveyayinevi.com.tr\/index.php\/wp-json\/wp\/v2\/product_brand?post=709134"},{"taxonomy":"product_cat","embeddable":true,"href":"https:\/\/roveyayinevi.com.tr\/index.php\/wp-json\/wp\/v2\/product_cat?post=709134"},{"taxonomy":"product_tag","embeddable":true,"href":"https:\/\/roveyayinevi.com.tr\/index.php\/wp-json\/wp\/v2\/product_tag?post=709134"}],"curies":[{"name":"wp","href":"https:\/\/api.w.org\/{rel}","templated":true}]}}