{"id":709105,"date":"2025-08-27T16:21:54","date_gmt":"2025-08-27T13:21:54","guid":{"rendered":"https:\/\/roveyayinevi.com.tr\/index.php\/urun\/deyimler-ve-oykuleri\/"},"modified":"2026-04-16T02:17:41","modified_gmt":"2026-04-15T23:17:41","slug":"deyimler-ve-oykuleri","status":"publish","type":"product","link":"https:\/\/roveyayinevi.com.tr\/index.php\/urun\/deyimler-ve-oykuleri\/","title":{"rendered":"Deyimler ve \u00d6yk\u00fcleri"},"content":{"rendered":"<p>Osmanl\u0131lar \u00fcnl\u00fc Marko Pa\u015fa\u2019ya ni\u00e7in ba\u015fvururlard\u0131?Avu\u00e7, ni\u00e7in yalan\u0131r?Baz\u0131 k\u00f6peklere ni\u00e7in \u201cekin iti\u201d denir?Ho\u015faf\u0131n ya\u011f\u0131 kesilince ne olur?Di\u015fler de evler gibi, d\u00fckk\u00e2nlar gibi kiralanabilir mi?Dalkavuklar ne bi\u00e7im bir kavuk giyerler?Pabu\u00e7 neden dama at\u0131l\u0131r?Miskinler tekkesi nas\u0131l bir tekkedir?Kimler sermayelerini kediye y\u00fckler?T\u00fcy nerelere dikilir, ni\u00e7in dikilir?Rufailer ne gibi i\u015flere kar\u0131\u015f\u0131rlar?K\u00f6s, dinlenir mi?P\u00fcsk\u00fcll\u00fc bela neye benzer?Kimler m\u00fcrekkep yalar, ni\u00e7in yalar?Posteki say\u0131l\u0131r m\u0131? Elinizdeki bu kitapta, binlerce deyim i\u00e7inden se\u00e7ilmi\u015f, \u00fcnl\u00fc 190 deyimin birbirinden ilgin\u00e7 \u00f6yk\u00fcs\u00fcn\u00fc bulacaks\u0131n\u0131z. <\/p>\n","protected":false},"excerpt":{"rendered":"<p>Osmanl\u0131lar \u00fcnl\u00fc Marko Pa\u015fa\u2019ya ni\u00e7in ba\u015fvururlard\u0131?Avu\u00e7, ni\u00e7in yalan\u0131r?Baz\u0131 k\u00f6peklere ni\u00e7in \u201cekin iti\u201d denir?Ho\u015faf\u0131n ya\u011f\u0131 kesilince ne olur?Di\u015fler de evler gibi, d\u00fckk\u00e2nlar gibi kiralanabilir mi?Dalkavuklar ne bi\u00e7im<span class=\"excerpt-hellip\"> [\u2026]<\/span><\/p>\n","protected":false},"featured_media":0,"template":"","meta":{"_monsterinsights_skip_tracking":false,"_monsterinsights_sitenote_active":false,"_monsterinsights_sitenote_note":"","_monsterinsights_sitenote_category":0},"product_brand":[],"product_cat":[12275,12274],"product_tag":[],"class_list":{"0":"post-709105","1":"product","2":"type-product","3":"status-publish","5":"product_cat-6-12-yas-kitaplari","6":"product_cat-cocuk-ve-genclik-kitaplari","7":"pa_cilt-ciltsiz","8":"pa_tur-kitap","9":"pa_yayinevi-bilgi-yayinevi-cocuk","10":"pa_yazar-erdogan-tokmakcioglu","12":"first","13":"instock","14":"sale","15":"shipping-taxable","16":"purchasable","17":"product-type-simple"},"_links":{"self":[{"href":"https:\/\/roveyayinevi.com.tr\/index.php\/wp-json\/wp\/v2\/product\/709105","targetHints":{"allow":["GET"]}}],"collection":[{"href":"https:\/\/roveyayinevi.com.tr\/index.php\/wp-json\/wp\/v2\/product"}],"about":[{"href":"https:\/\/roveyayinevi.com.tr\/index.php\/wp-json\/wp\/v2\/types\/product"}],"wp:attachment":[{"href":"https:\/\/roveyayinevi.com.tr\/index.php\/wp-json\/wp\/v2\/media?parent=709105"}],"wp:term":[{"taxonomy":"product_brand","embeddable":true,"href":"https:\/\/roveyayinevi.com.tr\/index.php\/wp-json\/wp\/v2\/product_brand?post=709105"},{"taxonomy":"product_cat","embeddable":true,"href":"https:\/\/roveyayinevi.com.tr\/index.php\/wp-json\/wp\/v2\/product_cat?post=709105"},{"taxonomy":"product_tag","embeddable":true,"href":"https:\/\/roveyayinevi.com.tr\/index.php\/wp-json\/wp\/v2\/product_tag?post=709105"}],"curies":[{"name":"wp","href":"https:\/\/api.w.org\/{rel}","templated":true}]}}