{"id":709096,"date":"2025-08-27T16:21:49","date_gmt":"2025-08-27T13:21:49","guid":{"rendered":"https:\/\/roveyayinevi.com.tr\/index.php\/urun\/sanli-kanli-yillar-osmanlida-3-murat-ve-3-mehmet-donemi\/"},"modified":"2026-04-16T02:17:40","modified_gmt":"2026-04-15T23:17:40","slug":"sanli-kanli-yillar-osmanlida-3-murat-ve-3-mehmet-donemi","status":"publish","type":"product","link":"https:\/\/roveyayinevi.com.tr\/index.php\/urun\/sanli-kanli-yillar-osmanlida-3-murat-ve-3-mehmet-donemi\/","title":{"rendered":"\u015eanl\u0131 Kanl\u0131 Y\u0131llar-Osmanl\u0131&#8217;da 3. Murat ve 3. Mehmet D\u00f6nemi"},"content":{"rendered":"<p>Osmanl\u0131\u2019da III. Murat ve III. Mehmet D\u00f6nemi Osmanl\u0131 tarihine bug\u00fcn\u00fcn g\u00f6z\u00fcyle nas\u0131l bakmal\u0131? H\u0131fz\u0131 Tpuz, \u015eanl\u0131 Kanl\u0131 Y\u0131llar\u2019da, III. Murat ve III. Mehmet d\u00f6nemlerindeki \u00f6nemli olaylar\u0131 i\u015fleyerek bu olaylar\u0131n alt\u0131nda yatan ger\u00e7ekleri bulmaya \u00e7al\u0131\u015f\u0131yor. Vah\u015fi uygulamalar\u0131, haks\u0131zl\u0131klar\u0131, ya\u011fmac\u0131l\u0131\u011f\u0131, cinsel s\u00f6m\u00fcr\u00fcleri g\u00fcn\u00fcm\u00fczde hakl\u0131 g\u00f6rmek m\u00fcmk\u00fcn m\u00fc? Ge\u00e7mi\u015fimizde yaln\u0131zca gurur duyaca\u011f\u0131m\u0131z olaylar m\u0131 var? Yoksa baz\u0131 ger\u00e7ekler bizi utand\u0131r\u0131yor mu? H\u0131fz\u0131 Tpuz, okuru, tarihin bir d\u00f6nemindeki olaylar\u0131 irdelemeyi s\u00fcrd\u00fcr\u00fcrken g\u00fcn\u00fcm\u00fcze de \u0131\u015f\u0131k tutuyor. -Ayd\u0131n Ergil- <\/p>\n","protected":false},"excerpt":{"rendered":"<p>Osmanl\u0131\u2019da III. Murat ve III. Mehmet D\u00f6nemi Osmanl\u0131 tarihine bug\u00fcn\u00fcn g\u00f6z\u00fcyle nas\u0131l bakmal\u0131? H\u0131fz\u0131 Tpuz, \u015eanl\u0131 Kanl\u0131 Y\u0131llar\u2019da, III. Murat ve III. Mehmet d\u00f6nemlerindeki \u00f6nemli olaylar\u0131<span class=\"excerpt-hellip\"> [\u2026]<\/span><\/p>\n","protected":false},"featured_media":0,"template":"","meta":{"_monsterinsights_skip_tracking":false,"_monsterinsights_sitenote_active":false,"_monsterinsights_sitenote_note":"","_monsterinsights_sitenote_category":0},"product_brand":[],"product_cat":[13590,12337],"product_tag":[],"class_list":{"0":"post-709096","1":"product","2":"type-product","3":"status-publish","5":"product_cat-arastirma-inceleme-politika-siyaset","6":"product_cat-politika-siyaset","7":"pa_cilt-ciltsiz","8":"pa_tur-kitap","9":"pa_yayinevi-remzi-kitabevi","10":"pa_yazar-hifzi-topuz","12":"first","13":"instock","14":"sale","15":"shipping-taxable","16":"purchasable","17":"product-type-simple"},"_links":{"self":[{"href":"https:\/\/roveyayinevi.com.tr\/index.php\/wp-json\/wp\/v2\/product\/709096","targetHints":{"allow":["GET"]}}],"collection":[{"href":"https:\/\/roveyayinevi.com.tr\/index.php\/wp-json\/wp\/v2\/product"}],"about":[{"href":"https:\/\/roveyayinevi.com.tr\/index.php\/wp-json\/wp\/v2\/types\/product"}],"wp:attachment":[{"href":"https:\/\/roveyayinevi.com.tr\/index.php\/wp-json\/wp\/v2\/media?parent=709096"}],"wp:term":[{"taxonomy":"product_brand","embeddable":true,"href":"https:\/\/roveyayinevi.com.tr\/index.php\/wp-json\/wp\/v2\/product_brand?post=709096"},{"taxonomy":"product_cat","embeddable":true,"href":"https:\/\/roveyayinevi.com.tr\/index.php\/wp-json\/wp\/v2\/product_cat?post=709096"},{"taxonomy":"product_tag","embeddable":true,"href":"https:\/\/roveyayinevi.com.tr\/index.php\/wp-json\/wp\/v2\/product_tag?post=709096"}],"curies":[{"name":"wp","href":"https:\/\/api.w.org\/{rel}","templated":true}]}}