{"id":709095,"date":"2025-08-27T16:21:49","date_gmt":"2025-08-27T13:21:49","guid":{"rendered":"https:\/\/roveyayinevi.com.tr\/index.php\/urun\/protokol-ve-kurumsal-davranis-kurallari\/"},"modified":"2026-04-16T02:17:40","modified_gmt":"2026-04-15T23:17:40","slug":"protokol-ve-kurumsal-davranis-kurallari","status":"publish","type":"product","link":"https:\/\/roveyayinevi.com.tr\/index.php\/urun\/protokol-ve-kurumsal-davranis-kurallari\/","title":{"rendered":"Protokol Ve Kurumsal Davran\u0131\u015f Kurallar\u0131"},"content":{"rendered":"<p>\u0130\u015f hayat\u0131nda g\u00f6rg\u00fc, nezaket ve protokol\u2026 Hayat, t\u0131pk\u0131 satran\u00e7 gibi; ak\u0131l, d\u00fc\u015f\u00fcnce, kurallar, hamleler, kazanma, kaybetme&#8230; Satran\u00e7ta her ta\u015f\u0131n bir g\u00f6revi, yolu ve hamlesi var. Oyunu kural\u0131na g\u00f6re oynamayan ve hamlelerini usule uygun yapmayan oyuncu \u00f6nce ta\u015f\u0131n\u0131, sonra da oyunu kaybeder. \u0130\u015f hayat\u0131n\u0131n da kurallar\u0131, kurumsal ili\u015fkilerin bir usul\u00fc var. Sahip oldu\u011fu unvan, stat\u00fc ve makam\u0131n gere\u011fine uygun davranmayanlar; \u00f6nce itibar\u0131n\u0131, sonra pozisyonunu, nih\u00e2yetinde de i\u015fini kaybeder. * * * \u0130\u015f hayat\u0131, \u201ci\u015f\u201d ve \u201cili\u015fki\u201d olmak \u00fczere iki boyutu olan bir s\u00fcre\u00e7. Ba\u015far\u0131y\u0131 yakalamak, sahip oldu\u011fumuz meslek\u00ee bilgi ve tecr\u00fcbe kadar, kurumsal ili\u015fkilerde \u201ciyi\u201d olmam\u0131za ba\u011fl\u0131. \u00c7\u00fcnk\u00fc modern d\u00fcnyada ki\u015finin sahip oldu\u011fu bilgiden \u00e7ok, bu bilgiyi nas\u0131l sundu\u011funu \u00f6nemsiyor. Bunun i\u00e7indir ki; usul bilgisi, esas\u0131n \u00f6nemli bir par\u00e7as\u0131d\u0131r ve \u201cUsul, esastan \u00f6nce gelir.\u201d <\/p>\n","protected":false},"excerpt":{"rendered":"<p>\u0130\u015f hayat\u0131nda g\u00f6rg\u00fc, nezaket ve protokol\u2026 Hayat, t\u0131pk\u0131 satran\u00e7 gibi; ak\u0131l, d\u00fc\u015f\u00fcnce, kurallar, hamleler, kazanma, kaybetme&#8230; Satran\u00e7ta her ta\u015f\u0131n bir g\u00f6revi, yolu ve hamlesi var. Oyunu<span class=\"excerpt-hellip\"> [\u2026]<\/span><\/p>\n","protected":false},"featured_media":0,"template":"","meta":{"_monsterinsights_skip_tracking":false,"_monsterinsights_sitenote_active":false,"_monsterinsights_sitenote_note":"","_monsterinsights_sitenote_category":0},"product_brand":[],"product_cat":[13043,14754],"product_tag":[],"class_list":{"0":"post-709095","1":"product","2":"type-product","3":"status-publish","5":"product_cat-ekonomi","6":"product_cat-halkla-iliskiler-insan-kaynaklari","7":"pa_cilt-ciltsiz","8":"pa_tur-kitap","9":"pa_yayinevi-cinaralti-yayinlari","10":"pa_yazar-idris-koc","12":"first","13":"instock","14":"sale","15":"shipping-taxable","16":"purchasable","17":"product-type-simple"},"_links":{"self":[{"href":"https:\/\/roveyayinevi.com.tr\/index.php\/wp-json\/wp\/v2\/product\/709095","targetHints":{"allow":["GET"]}}],"collection":[{"href":"https:\/\/roveyayinevi.com.tr\/index.php\/wp-json\/wp\/v2\/product"}],"about":[{"href":"https:\/\/roveyayinevi.com.tr\/index.php\/wp-json\/wp\/v2\/types\/product"}],"wp:attachment":[{"href":"https:\/\/roveyayinevi.com.tr\/index.php\/wp-json\/wp\/v2\/media?parent=709095"}],"wp:term":[{"taxonomy":"product_brand","embeddable":true,"href":"https:\/\/roveyayinevi.com.tr\/index.php\/wp-json\/wp\/v2\/product_brand?post=709095"},{"taxonomy":"product_cat","embeddable":true,"href":"https:\/\/roveyayinevi.com.tr\/index.php\/wp-json\/wp\/v2\/product_cat?post=709095"},{"taxonomy":"product_tag","embeddable":true,"href":"https:\/\/roveyayinevi.com.tr\/index.php\/wp-json\/wp\/v2\/product_tag?post=709095"}],"curies":[{"name":"wp","href":"https:\/\/api.w.org\/{rel}","templated":true}]}}