{"id":709094,"date":"2025-08-27T16:21:48","date_gmt":"2025-08-27T13:21:48","guid":{"rendered":"https:\/\/roveyayinevi.com.tr\/index.php\/urun\/beni-kac-harf-sevdin\/"},"modified":"2026-04-13T02:22:11","modified_gmt":"2026-04-12T23:22:11","slug":"beni-kac-harf-sevdin","status":"publish","type":"product","link":"https:\/\/roveyayinevi.com.tr\/index.php\/urun\/beni-kac-harf-sevdin\/","title":{"rendered":"Beni Ka\u00e7 Harf Sevdin"},"content":{"rendered":"<p>Neden olmad\u0131 biliyor musun?&#8230;Y\u00fcre\u011finde saklad\u0131\u011f\u0131n sevgini anlatmaya yetecek tek bir kelime b\u0131rakmad\u0131\u011f\u0131n i\u00e7in. Acemi bir \u015fair gibi sevip sadece g\u00fcl\u00fcmsedi\u011fi anlar\u0131 d\u00fc\u015f\u00fcnd\u00fc\u011f\u00fcn, alfabeyi s\u0131rf onu yazabilmek i\u00e7in icat edildi\u011fini d\u00fc\u015f\u00fcnd\u00fc\u011f\u00fcn i\u00e7in olmad\u0131.Oysa saklanmal\u0131 kendini biraz gizlemeliydin. Hi\u00e7 mi bir \u015fey \u00f6\u011frenmedin hayattan?\u015eu saklamba\u00e7 oyununu oynayan \u00e7ocuklara bir bak! Arayan m\u0131 yoruluyor saklanan m\u0131?Neden olmad\u0131 biliyor musun?\u00c7\u00fcnk\u00fc \u00e7ocuk y\u00fcre\u011finin kap\u0131lar\u0131n\u0131 ona ard\u0131na kadar a\u00e7\u0131p cennetini g\u00f6sterdin.\u201cBeni ka\u00e7 harf sevdin\u201d ?&#8230;Yazar\u0131n kaleminden d\u00f6k\u00fclen en gizli, en sakl\u0131 en s\u0131rl\u0131 hislerin, art\u0131k \u00e7\u0131\u011fl\u0131\u011fa d\u00f6n\u00fc\u015fmesinin bir d\u0131\u015fa vurumu\u2026Seven bir kalbin, son s\u00f6zlerini dinleyecek kadar dahi vakti olmayan bir Sevgili\u2019nin ard\u0131ndan g\u00f6nderilmi\u015f, ge\u00e7 kal\u0131nm\u0131\u015f bir veda mektubu\u2026S\u00fcsl\u00fc c\u00fcmlelerin, abart\u0131lm\u0131\u015f sahte s\u00f6zlerin aray\u0131\u015f\u0131na d\u00fc\u015fmeden, bir \u00e7ocu\u011fun kalbinden s\u00fcz\u00fclm\u00fc\u015f\u00e7esine saf ve duru, yal\u0131n ve do\u011fal haliyle sayfalarla bulu\u015fan birSevda Anlat\u0131s\u0131\u2026\u201cBeni ka\u00e7 harf sevdin\u201d ?&#8230;Asl\u0131nda her birimizin s\u00f6ylemek istedikleri\u2026S\u00f6yleyemedikler\u0130\u00e7inde biriktirdikleri\u2026<\/p>\n","protected":false},"excerpt":{"rendered":"<p>Neden olmad\u0131 biliyor musun?&#8230;Y\u00fcre\u011finde saklad\u0131\u011f\u0131n sevgini anlatmaya yetecek tek bir kelime b\u0131rakmad\u0131\u011f\u0131n i\u00e7in. Acemi bir \u015fair gibi sevip sadece g\u00fcl\u00fcmsedi\u011fi anlar\u0131 d\u00fc\u015f\u00fcnd\u00fc\u011f\u00fcn, alfabeyi s\u0131rf onu yazabilmek<span class=\"excerpt-hellip\"> [\u2026]<\/span><\/p>\n","protected":false},"featured_media":0,"template":"","meta":{"_monsterinsights_skip_tracking":false,"_monsterinsights_sitenote_active":false,"_monsterinsights_sitenote_note":"","_monsterinsights_sitenote_category":0},"product_brand":[],"product_cat":[12291],"product_tag":[],"class_list":{"0":"post-709094","1":"product","2":"type-product","3":"status-publish","5":"product_cat-edebiyat","6":"pa_cilt-ciltsiz","7":"pa_tur-kitap","8":"pa_yayinevi-cinaralti-yayinlari","9":"pa_yazar-ugur-babat","11":"first","12":"instock","13":"sale","14":"shipping-taxable","15":"purchasable","16":"product-type-simple"},"_links":{"self":[{"href":"https:\/\/roveyayinevi.com.tr\/index.php\/wp-json\/wp\/v2\/product\/709094","targetHints":{"allow":["GET"]}}],"collection":[{"href":"https:\/\/roveyayinevi.com.tr\/index.php\/wp-json\/wp\/v2\/product"}],"about":[{"href":"https:\/\/roveyayinevi.com.tr\/index.php\/wp-json\/wp\/v2\/types\/product"}],"wp:attachment":[{"href":"https:\/\/roveyayinevi.com.tr\/index.php\/wp-json\/wp\/v2\/media?parent=709094"}],"wp:term":[{"taxonomy":"product_brand","embeddable":true,"href":"https:\/\/roveyayinevi.com.tr\/index.php\/wp-json\/wp\/v2\/product_brand?post=709094"},{"taxonomy":"product_cat","embeddable":true,"href":"https:\/\/roveyayinevi.com.tr\/index.php\/wp-json\/wp\/v2\/product_cat?post=709094"},{"taxonomy":"product_tag","embeddable":true,"href":"https:\/\/roveyayinevi.com.tr\/index.php\/wp-json\/wp\/v2\/product_tag?post=709094"}],"curies":[{"name":"wp","href":"https:\/\/api.w.org\/{rel}","templated":true}]}}