{"id":709093,"date":"2025-08-27T16:21:47","date_gmt":"2025-08-27T13:21:47","guid":{"rendered":"https:\/\/roveyayinevi.com.tr\/index.php\/urun\/karanfilli-kahve\/"},"modified":"2026-04-16T02:17:40","modified_gmt":"2026-04-15T23:17:40","slug":"karanfilli-kahve","status":"publish","type":"product","link":"https:\/\/roveyayinevi.com.tr\/index.php\/urun\/karanfilli-kahve\/","title":{"rendered":"Karanfilli Kahve"},"content":{"rendered":"<p>10 y\u0131l \u00f6nce kaybolmu\u015f bir k\u0131zca\u011f\u0131z\u0131n, kemiklerinin bile \u0131zd\u0131rap \u00e7ekti\u011fi h\u00fcz\u00fcnl\u00fc \u00f6yk\u00fcs\u00fc\u2026Bir insan kafatas\u0131ndan katile ve kurbana ula\u015fmak\u2026Adli t\u0131p biliminin geldi\u011fi nokta; bilimsel \u00e7al\u0131\u015fmalarla ayd\u0131nlat\u0131lan bir cinayet ve kay\u0131p vakas\u0131; b\u00fct\u00fcn bu hengamenin aras\u0131nda filizlenen destans\u0131 a\u015fk\u2026Tarihle, edebiyatla, hukuk ve sanatla, ve de a\u015fkla yo\u011fru <\/p>\n","protected":false},"excerpt":{"rendered":"<p>10 y\u0131l \u00f6nce kaybolmu\u015f bir k\u0131zca\u011f\u0131z\u0131n, kemiklerinin bile \u0131zd\u0131rap \u00e7ekti\u011fi h\u00fcz\u00fcnl\u00fc \u00f6yk\u00fcs\u00fc\u2026Bir insan kafatas\u0131ndan katile ve kurbana ula\u015fmak\u2026Adli t\u0131p biliminin geldi\u011fi nokta; bilimsel \u00e7al\u0131\u015fmalarla ayd\u0131nlat\u0131lan bir<span class=\"excerpt-hellip\"> [\u2026]<\/span><\/p>\n","protected":false},"featured_media":0,"template":"","meta":{"_monsterinsights_skip_tracking":false,"_monsterinsights_sitenote_active":false,"_monsterinsights_sitenote_note":"","_monsterinsights_sitenote_category":0},"product_brand":[],"product_cat":[12291,12711],"product_tag":[],"class_list":{"0":"post-709093","1":"product","2":"type-product","3":"status-publish","5":"product_cat-edebiyat","6":"product_cat-roman-oyku","7":"pa_cilt-ciltsiz","8":"pa_tur-kitap","9":"pa_yayinevi-cinaralti-yayinlari","10":"pa_yazar-ilhami-akan","12":"first","13":"instock","14":"sale","15":"shipping-taxable","16":"purchasable","17":"product-type-simple"},"_links":{"self":[{"href":"https:\/\/roveyayinevi.com.tr\/index.php\/wp-json\/wp\/v2\/product\/709093","targetHints":{"allow":["GET"]}}],"collection":[{"href":"https:\/\/roveyayinevi.com.tr\/index.php\/wp-json\/wp\/v2\/product"}],"about":[{"href":"https:\/\/roveyayinevi.com.tr\/index.php\/wp-json\/wp\/v2\/types\/product"}],"wp:attachment":[{"href":"https:\/\/roveyayinevi.com.tr\/index.php\/wp-json\/wp\/v2\/media?parent=709093"}],"wp:term":[{"taxonomy":"product_brand","embeddable":true,"href":"https:\/\/roveyayinevi.com.tr\/index.php\/wp-json\/wp\/v2\/product_brand?post=709093"},{"taxonomy":"product_cat","embeddable":true,"href":"https:\/\/roveyayinevi.com.tr\/index.php\/wp-json\/wp\/v2\/product_cat?post=709093"},{"taxonomy":"product_tag","embeddable":true,"href":"https:\/\/roveyayinevi.com.tr\/index.php\/wp-json\/wp\/v2\/product_tag?post=709093"}],"curies":[{"name":"wp","href":"https:\/\/api.w.org\/{rel}","templated":true}]}}