{"id":709052,"date":"2025-08-27T16:21:26","date_gmt":"2025-08-27T13:21:26","guid":{"rendered":"https:\/\/roveyayinevi.com.tr\/index.php\/urun\/aydinlik-hareketi\/"},"modified":"2026-04-16T02:17:39","modified_gmt":"2026-04-15T23:17:39","slug":"aydinlik-hareketi","status":"publish","type":"product","link":"https:\/\/roveyayinevi.com.tr\/index.php\/urun\/aydinlik-hareketi\/","title":{"rendered":"Ayd\u0131nl\u0131k Hareketi"},"content":{"rendered":"<p>K\u00fcreselle\u015fme; \u00e7eyrek y\u00fczy\u0131l\u0131 a\u015fk\u0131n s\u00fcredir en \u00e7ok tart\u0131\u015f\u0131lan kavramlar aras\u0131nda. \u0130ktisadi, siyasi, toplumsal, k\u00fclt\u00fcrel, bilimsel \u00f6l\u00e7ekte s\u00fcrekli g\u00fcndemde. Kimileri onu \u201cemperyalizmin yeni ad\u0131\u201d olarak tan\u0131ml\u0131yorlar, kimileri ise onun yeni bir s\u00fcre\u00e7 olmad\u0131\u011f\u0131n\u0131, Roma \u0130mparatorlu\u011fu\u2019ndan bu yana insanl\u0131\u011f\u0131n \u201ck\u00fcreselle\u015fmekte\u201d oldu\u011funu ifade ediyorlar.K\u00fcreselle\u015fme tart\u0131\u015fmalar\u0131yla birlikte en \u00e7ok \u00f6ne \u00e7\u0131kan konular\u0131n ba\u015f\u0131nda da \u201culus devlet\u201d ve \u201culusalc\u0131l\u0131k\u201d geliyor. K\u00fcreselle\u015fmenin ulus devleti a\u015f\u0131nd\u0131ran, ulusal kimli\u011fi par\u00e7alayan, alt kimlikleri \u00f6ne \u00e7\u0131karan i\u00e7eri\u011fi ve s\u0131n\u0131f bilinci yerine etnik-dinsel-mezhepsel aidiyetleri \u201c\u00f6zg\u00fcrl\u00fck\u201d, \u201cdemokrasi\u201d, \u201cinsan haklar\u0131\u201d ad\u0131na pazarlamas\u0131 k\u00fcreselle\u015fme-ulusalc\u0131l\u0131k gerilimini besliyor.Ayd\u0131nl\u0131k Hareketi ise T\u00fcrkiye\u2019de k\u00fcreselle\u015fme ve ulus devlet tart\u0131\u015fmalar\u0131na hem ideolojik olarak kapsaml\u0131 \u00e7\u00f6z\u00fcmlemeler ve net itirazlar\u0131yla \u00f6ne \u00e7\u0131kan, hem de siyasal olarak bu ikilemden etkilenen bir hareket olarak dikkat \u00e7ekiyor. Sosyolog Tolga G\u00fcrakar bu \u00e7al\u0131\u015fmas\u0131nda k\u00fcreselle\u015fme-   ulusalc\u0131l\u0131k aras\u0131ndaki ili\u015fki ve kar\u015f\u0131tl\u0131\u011f\u0131, Ayd\u0131nl\u0131k Hareketi \u00fczerinden yola \u00e7\u0131karak inceliyor. Ulusalc\u0131l\u0131\u011f\u0131n tarihsel k\u00f6klerine do\u011fru \u201carkeolojik\u201d bir kaz\u0131ya soyunuyor. <\/p>\n","protected":false},"excerpt":{"rendered":"<p>K\u00fcreselle\u015fme; \u00e7eyrek y\u00fczy\u0131l\u0131 a\u015fk\u0131n s\u00fcredir en \u00e7ok tart\u0131\u015f\u0131lan kavramlar aras\u0131nda. \u0130ktisadi, siyasi, toplumsal, k\u00fclt\u00fcrel, bilimsel \u00f6l\u00e7ekte s\u00fcrekli g\u00fcndemde. Kimileri onu \u201cemperyalizmin yeni ad\u0131\u201d olarak tan\u0131ml\u0131yorlar, kimileri<span class=\"excerpt-hellip\"> [\u2026]<\/span><\/p>\n","protected":false},"featured_media":0,"template":"","meta":{"_monsterinsights_skip_tracking":false,"_monsterinsights_sitenote_active":false,"_monsterinsights_sitenote_note":"","_monsterinsights_sitenote_category":0},"product_brand":[],"product_cat":[13590,12337],"product_tag":[],"class_list":{"0":"post-709052","1":"product","2":"type-product","3":"status-publish","5":"product_cat-arastirma-inceleme-politika-siyaset","6":"product_cat-politika-siyaset","7":"pa_cilt-ciltsiz","8":"pa_tur-kitap","9":"pa_yayinevi-asi-kitap","10":"pa_yazar-tolga-gurakar","12":"first","13":"instock","14":"sale","15":"shipping-taxable","16":"purchasable","17":"product-type-simple"},"_links":{"self":[{"href":"https:\/\/roveyayinevi.com.tr\/index.php\/wp-json\/wp\/v2\/product\/709052","targetHints":{"allow":["GET"]}}],"collection":[{"href":"https:\/\/roveyayinevi.com.tr\/index.php\/wp-json\/wp\/v2\/product"}],"about":[{"href":"https:\/\/roveyayinevi.com.tr\/index.php\/wp-json\/wp\/v2\/types\/product"}],"wp:attachment":[{"href":"https:\/\/roveyayinevi.com.tr\/index.php\/wp-json\/wp\/v2\/media?parent=709052"}],"wp:term":[{"taxonomy":"product_brand","embeddable":true,"href":"https:\/\/roveyayinevi.com.tr\/index.php\/wp-json\/wp\/v2\/product_brand?post=709052"},{"taxonomy":"product_cat","embeddable":true,"href":"https:\/\/roveyayinevi.com.tr\/index.php\/wp-json\/wp\/v2\/product_cat?post=709052"},{"taxonomy":"product_tag","embeddable":true,"href":"https:\/\/roveyayinevi.com.tr\/index.php\/wp-json\/wp\/v2\/product_tag?post=709052"}],"curies":[{"name":"wp","href":"https:\/\/api.w.org\/{rel}","templated":true}]}}