{"id":709048,"date":"2025-08-27T16:21:24","date_gmt":"2025-08-27T13:21:24","guid":{"rendered":"https:\/\/roveyayinevi.com.tr\/index.php\/urun\/tasavvuf-psikolojisine-giris\/"},"modified":"2026-04-16T02:17:39","modified_gmt":"2026-04-15T23:17:39","slug":"tasavvuf-psikolojisine-giris","status":"publish","type":"product","link":"https:\/\/roveyayinevi.com.tr\/index.php\/urun\/tasavvuf-psikolojisine-giris\/","title":{"rendered":"Tasavvuf Psikolojisine Giri\u015f"},"content":{"rendered":"<p>Tasavvuf\u2019u ve sufilerin yolunu anlatan en net ifadelerden biri \u015f\u00fcphesiz \u201cAllah\u2019\u0131n Ahlak\u0131yla Ahlaklanmak\u201d kavram\u0131d\u0131r.Sufi psikolojisinde irade g\u00f6sterip sufi yolunun yolcusu olacak ki\u015fiyi birbirini tamamlayan iki boyutlu bir s\u00fcre\u00e7 beklemektedir. Sufiler bu yolun iki boyutunu nefsin temizlenmesi (tezkiyet\u00fc\u2019n nefs), ahlak\u0131n g\u00fczelle\u015ftirilmesi ve olgunla\u015ft\u0131r\u0131lmas\u0131 (tehzibu\u2019l ahl\u00e2k) olarak de\u011ferlendirir.Sufinin kendini geli\u015ftirme ser\u00fcveni sadece ki\u015finin kendinde ba\u015flay\u0131p kendinde biten i\u00e7sel bir fark\u0131ndal\u0131k, uyan\u0131\u015f ve ayd\u0131nlanmadan ibaret de\u011fildir. Bilakis kendini ger\u00e7ekle\u015ftirme ve olgunla\u015fma s\u00fcreci \u00f6tekine ta\u015fan, ba\u015fkalar\u0131n\u0131n dertleriyle hemhal olmay\u0131, ba\u015fkalar\u0131 yarar\u0131na tutum ve davran\u0131\u015f i\u00e7erisinde bulunmay\u0131 gerektirir. Bu, b\u00fct\u00fcn \u00e7e\u015fitlili\u011fiyle t\u00fcm erdemleri ku\u015fatan ge\u00e7ici d\u00fcnya hayat\u0131n\u0131 planlayan ve baki ahiret hayat\u0131n\u0131 \u00f6ng\u00f6r\u00fcp bireyi bu hayata haz\u0131rlayan bir s\u00fcre\u00e7tir.Ancak sufi yolu sadece i\u00e7sel ar\u0131nmayla s\u0131n\u0131rl\u0131 de\u011fildir. \u0130\u00e7sel yolculuk, ar\u0131nma ve kemale erip olgunla\u015fma ancak bu tek\u00e2m\u00fclde ula\u015f\u0131lan seviyeyi ba\u015fkalar\u0131na yans\u0131tarak, hayata ta\u015f\u0131yarak, ba\u015fkalar\u0131n\u0131n derdiyle dertlenmekle, ba\u015fkalar\u0131na ve topluma g\u00fczel \u00f6rnek olarak, bir anlamda ba\u015fkalar\u0131n\u0131n da manevi geli\u015fim ve olgunla\u015fma s\u00fcrecine katk\u0131da bulunarak tamamlan\u0131r.Tasavvuf Psikolojisine Giri\u015f, ki\u015finin kendi yolculu\u011funun duraklar\u0131na ve kar\u015f\u0131la\u015ft\u0131\u011f\u0131 engellere kar\u015f\u0131 g\u00f6sterdi\u011fi tepkilere, psikolojiyi merkezde tutarak i\u00e7eriden bir bak\u0131\u015f denemesi. Bu kitapla sufinin tek\u00e2m\u00fcl a\u015famalar\u0131 derinlenmesine incelenmekte ve yolun bir haritas\u0131 \u00e7\u0131kar\u0131lmak istenmektedir. <\/p>\n","protected":false},"excerpt":{"rendered":"<p>Tasavvuf\u2019u ve sufilerin yolunu anlatan en net ifadelerden biri \u015f\u00fcphesiz \u201cAllah\u2019\u0131n Ahlak\u0131yla Ahlaklanmak\u201d kavram\u0131d\u0131r.Sufi psikolojisinde irade g\u00f6sterip sufi yolunun yolcusu olacak ki\u015fiyi birbirini tamamlayan iki boyutlu<span class=\"excerpt-hellip\"> [\u2026]<\/span><\/p>\n","protected":false},"featured_media":0,"template":"","meta":{"_monsterinsights_skip_tracking":false,"_monsterinsights_sitenote_active":false,"_monsterinsights_sitenote_note":"","_monsterinsights_sitenote_category":0},"product_brand":[],"product_cat":[12718,12719],"product_tag":[],"class_list":{"0":"post-709048","1":"product","2":"type-product","3":"status-publish","5":"product_cat-din","6":"product_cat-islam","7":"pa_cilt-ciltsiz","8":"pa_tur-kitap","9":"pa_yayinevi-sufi-kitap","10":"pa_yazar-ali-ayten","11":"pa_yazar-sevde-duzguner","13":"first","14":"instock","15":"sale","16":"shipping-taxable","17":"purchasable","18":"product-type-simple"},"_links":{"self":[{"href":"https:\/\/roveyayinevi.com.tr\/index.php\/wp-json\/wp\/v2\/product\/709048","targetHints":{"allow":["GET"]}}],"collection":[{"href":"https:\/\/roveyayinevi.com.tr\/index.php\/wp-json\/wp\/v2\/product"}],"about":[{"href":"https:\/\/roveyayinevi.com.tr\/index.php\/wp-json\/wp\/v2\/types\/product"}],"wp:attachment":[{"href":"https:\/\/roveyayinevi.com.tr\/index.php\/wp-json\/wp\/v2\/media?parent=709048"}],"wp:term":[{"taxonomy":"product_brand","embeddable":true,"href":"https:\/\/roveyayinevi.com.tr\/index.php\/wp-json\/wp\/v2\/product_brand?post=709048"},{"taxonomy":"product_cat","embeddable":true,"href":"https:\/\/roveyayinevi.com.tr\/index.php\/wp-json\/wp\/v2\/product_cat?post=709048"},{"taxonomy":"product_tag","embeddable":true,"href":"https:\/\/roveyayinevi.com.tr\/index.php\/wp-json\/wp\/v2\/product_tag?post=709048"}],"curies":[{"name":"wp","href":"https:\/\/api.w.org\/{rel}","templated":true}]}}