{"id":709039,"date":"2025-08-27T16:21:19","date_gmt":"2025-08-27T13:21:19","guid":{"rendered":"https:\/\/roveyayinevi.com.tr\/index.php\/urun\/aklimi-seveyim\/"},"modified":"2026-04-16T02:17:39","modified_gmt":"2026-04-15T23:17:39","slug":"aklimi-seveyim","status":"publish","type":"product","link":"https:\/\/roveyayinevi.com.tr\/index.php\/urun\/aklimi-seveyim\/","title":{"rendered":"Akl\u0131m\u0131 Seveyim"},"content":{"rendered":"<p>Beyniniz hakk\u0131nda ne biliyorsunuz? E\u011fer bilimin karanl\u0131k y\u00f6nlerini ke\u015ffetmeyi kald\u0131racak bir mideniz varsa kafan\u0131z\u0131n i\u00e7indeki gri, buru\u015fuk organ\u0131 bu kitapla mercek alt\u0131na al\u0131n. Bir beyin ameliyat\u0131n\u0131n nas\u0131l yap\u0131ld\u0131\u011f\u0131n\u0131, beyninizin sa\u011f\u0131n\u0131 m\u0131 yoksa solunu mu kulland\u0131\u011f\u0131n\u0131z\u0131 \u00f6\u011frenin. Bu kitap sizi bilgiye bo\u011facak! \ufffcTan\u0131t\u0131m Metni<\/p>\n","protected":false},"excerpt":{"rendered":"<p>Beyniniz hakk\u0131nda ne biliyorsunuz? E\u011fer bilimin karanl\u0131k y\u00f6nlerini ke\u015ffetmeyi kald\u0131racak bir mideniz varsa kafan\u0131z\u0131n i\u00e7indeki gri, buru\u015fuk organ\u0131 bu kitapla mercek alt\u0131na al\u0131n. Bir beyin ameliyat\u0131n\u0131n<span class=\"excerpt-hellip\"> [\u2026]<\/span><\/p>\n","protected":false},"featured_media":0,"template":"","meta":{"_monsterinsights_skip_tracking":false,"_monsterinsights_sitenote_active":false,"_monsterinsights_sitenote_note":"","_monsterinsights_sitenote_category":0},"product_brand":[],"product_cat":[12275,12274],"product_tag":[],"class_list":{"0":"post-709039","1":"product","2":"type-product","3":"status-publish","5":"product_cat-6-12-yas-kitaplari","6":"product_cat-cocuk-ve-genclik-kitaplari","7":"pa_cilt-ciltsiz","8":"pa_tur-kitap","9":"pa_yayinevi-timas-cocuk","10":"pa_yazar-nick-arnold","12":"first","13":"instock","14":"sale","15":"shipping-taxable","16":"purchasable","17":"product-type-simple"},"_links":{"self":[{"href":"https:\/\/roveyayinevi.com.tr\/index.php\/wp-json\/wp\/v2\/product\/709039","targetHints":{"allow":["GET"]}}],"collection":[{"href":"https:\/\/roveyayinevi.com.tr\/index.php\/wp-json\/wp\/v2\/product"}],"about":[{"href":"https:\/\/roveyayinevi.com.tr\/index.php\/wp-json\/wp\/v2\/types\/product"}],"wp:attachment":[{"href":"https:\/\/roveyayinevi.com.tr\/index.php\/wp-json\/wp\/v2\/media?parent=709039"}],"wp:term":[{"taxonomy":"product_brand","embeddable":true,"href":"https:\/\/roveyayinevi.com.tr\/index.php\/wp-json\/wp\/v2\/product_brand?post=709039"},{"taxonomy":"product_cat","embeddable":true,"href":"https:\/\/roveyayinevi.com.tr\/index.php\/wp-json\/wp\/v2\/product_cat?post=709039"},{"taxonomy":"product_tag","embeddable":true,"href":"https:\/\/roveyayinevi.com.tr\/index.php\/wp-json\/wp\/v2\/product_tag?post=709039"}],"curies":[{"name":"wp","href":"https:\/\/api.w.org\/{rel}","templated":true}]}}