{"id":709032,"date":"2025-08-27T16:20:39","date_gmt":"2025-08-27T13:20:39","guid":{"rendered":"https:\/\/roveyayinevi.com.tr\/index.php\/urun\/hammit-olimpiyatlar-ulkesi-3-set-5-kitap\/"},"modified":"2026-04-16T02:17:39","modified_gmt":"2026-04-15T23:17:39","slug":"hammit-olimpiyatlar-ulkesi-3-set-5-kitap","status":"publish","type":"product","link":"https:\/\/roveyayinevi.com.tr\/index.php\/urun\/hammit-olimpiyatlar-ulkesi-3-set-5-kitap\/","title":{"rendered":"Hammit Olimpiyatlar \u00dclkesi -3 Set (5 Kitap)"},"content":{"rendered":"<p>Anadolu\u2019dan Fantasti\u2019ye\u2026Selam&#8230; Ben Hammit! Bu fantastik d\u00fcnyan\u0131n kahraman\u0131y\u0131m. Z\u0131p\u0131r mirketler Sosi ve Feti, s\u00fcs\u00fcne d\u00fc\u015fk\u00fcn Zebrag\u00fcl, bazen g\u00fczel s\u00f6zler s\u00f6yleyen ama sonunda hep sa\u00e7malayan Bilgin de yol arkada\u015flar\u0131m. Sonunda Olimpiyatlar \u00dclkesi&#8217;ne ula\u015ft\u0131k! Ama macera daha yeni ba\u015fl\u0131yor: K\u00f6t\u00fc kalpli Ador, Kukiler ve Masallar \u00dclkesi sakinleri ile bu olimpiyatlarda yar\u0131\u015fmam\u0131z gerekiyor. Alt\u0131n Kristal&#8217;i kazanmal\u0131y\u0131z!Birbirinden heyecanl\u0131 oyunlar, gizemli tuzaklar, \u00e7\u00f6z\u00fclmeyi bekleyen \u015fifreler, heyecan, macera ve elbette e\u011flence\u2026 Hepsi bu seride!Haydi, durma! Sayfalar\u0131 \u00e7evir, sen de bu e\u011flenceli maceraya kat\u0131l!Geceleri kendi fantastik d\u00fcnyas\u0131na dalan Hammit ve arkada\u015flar\u0131n\u0131n maceralar\u0131na doyamayacaks\u0131n\u0131z&#8230; <\/p>\n","protected":false},"excerpt":{"rendered":"<p>Anadolu\u2019dan Fantasti\u2019ye\u2026Selam&#8230; Ben Hammit! Bu fantastik d\u00fcnyan\u0131n kahraman\u0131y\u0131m. Z\u0131p\u0131r mirketler Sosi ve Feti, s\u00fcs\u00fcne d\u00fc\u015fk\u00fcn Zebrag\u00fcl, bazen g\u00fczel s\u00f6zler s\u00f6yleyen ama sonunda hep sa\u00e7malayan Bilgin de<span class=\"excerpt-hellip\"> [\u2026]<\/span><\/p>\n","protected":false},"featured_media":0,"template":"","meta":{"_monsterinsights_skip_tracking":false,"_monsterinsights_sitenote_active":false,"_monsterinsights_sitenote_note":"","_monsterinsights_sitenote_category":0},"product_brand":[],"product_cat":[12275,12274],"product_tag":[],"class_list":{"0":"post-709032","1":"product","2":"type-product","3":"status-publish","5":"product_cat-6-12-yas-kitaplari","6":"product_cat-cocuk-ve-genclik-kitaplari","7":"pa_cilt-ciltsiz","8":"pa_tur-kitap","9":"pa_yayinevi-timas-cocuk","10":"pa_yazar-cem-gulbent","12":"first","13":"instock","14":"sale","15":"shipping-taxable","16":"purchasable","17":"product-type-simple"},"_links":{"self":[{"href":"https:\/\/roveyayinevi.com.tr\/index.php\/wp-json\/wp\/v2\/product\/709032","targetHints":{"allow":["GET"]}}],"collection":[{"href":"https:\/\/roveyayinevi.com.tr\/index.php\/wp-json\/wp\/v2\/product"}],"about":[{"href":"https:\/\/roveyayinevi.com.tr\/index.php\/wp-json\/wp\/v2\/types\/product"}],"wp:attachment":[{"href":"https:\/\/roveyayinevi.com.tr\/index.php\/wp-json\/wp\/v2\/media?parent=709032"}],"wp:term":[{"taxonomy":"product_brand","embeddable":true,"href":"https:\/\/roveyayinevi.com.tr\/index.php\/wp-json\/wp\/v2\/product_brand?post=709032"},{"taxonomy":"product_cat","embeddable":true,"href":"https:\/\/roveyayinevi.com.tr\/index.php\/wp-json\/wp\/v2\/product_cat?post=709032"},{"taxonomy":"product_tag","embeddable":true,"href":"https:\/\/roveyayinevi.com.tr\/index.php\/wp-json\/wp\/v2\/product_tag?post=709032"}],"curies":[{"name":"wp","href":"https:\/\/api.w.org\/{rel}","templated":true}]}}