{"id":709029,"date":"2025-08-27T16:20:38","date_gmt":"2025-08-27T13:20:38","guid":{"rendered":"https:\/\/roveyayinevi.com.tr\/index.php\/urun\/kafasi-karisiklar-kulubu\/"},"modified":"2026-04-16T02:17:39","modified_gmt":"2026-04-15T23:17:39","slug":"kafasi-karisiklar-kulubu","status":"publish","type":"product","link":"https:\/\/roveyayinevi.com.tr\/index.php\/urun\/kafasi-karisiklar-kulubu\/","title":{"rendered":"Kafas\u0131 Kar\u0131\u015f\u0131klar Kul\u00fcb\u00fc"},"content":{"rendered":"<p>Selam! Bu kitaba g\u00f6z att\u0131\u011f\u0131na g\u00f6re senin de kafan kar\u0131\u015f\u0131k. Endi\u015fe etme, bu kul\u00fcpte herkese yer var.\u0130li\u015fkiler, okul stresi, s\u0131navlar, aile, gelecek planlar\u0131n, sosyal medya&#8230;Bunlar\u0131n hepsi seni kayg\u0131l\u0131 biri haline mi getiriyor? Yoksa \u015fu s\u0131ralar depresif mi hissediyorsun? Zaman \u00e7ok mu \u00e7abuk ge\u00e7iyor? Yoksa hi\u00e7 akm\u0131yor mu? Rahatlamak i\u00e7in bir\u015feyler mi ar\u0131yorsun? Bir terapistle konu\u015fmaya m\u0131 ihtiyac\u0131n var? Bu kitap sana derin bir nefes ald\u0131racak&#8230; <\/p>\n","protected":false},"excerpt":{"rendered":"<p>Selam! Bu kitaba g\u00f6z att\u0131\u011f\u0131na g\u00f6re senin de kafan kar\u0131\u015f\u0131k. Endi\u015fe etme, bu kul\u00fcpte herkese yer var.\u0130li\u015fkiler, okul stresi, s\u0131navlar, aile, gelecek planlar\u0131n, sosyal medya&#8230;Bunlar\u0131n hepsi<span class=\"excerpt-hellip\"> [\u2026]<\/span><\/p>\n","protected":false},"featured_media":0,"template":"","meta":{"_monsterinsights_skip_tracking":false,"_monsterinsights_sitenote_active":false,"_monsterinsights_sitenote_note":"","_monsterinsights_sitenote_category":0},"product_brand":[],"product_cat":[12275,12274],"product_tag":[],"class_list":{"0":"post-709029","1":"product","2":"type-product","3":"status-publish","5":"product_cat-6-12-yas-kitaplari","6":"product_cat-cocuk-ve-genclik-kitaplari","7":"pa_cilt-ciltsiz","8":"pa_tur-kitap","9":"pa_yayinevi-timas-cocuk","10":"pa_yazar-juno-dawson","12":"first","13":"instock","14":"sale","15":"shipping-taxable","16":"purchasable","17":"product-type-simple"},"_links":{"self":[{"href":"https:\/\/roveyayinevi.com.tr\/index.php\/wp-json\/wp\/v2\/product\/709029","targetHints":{"allow":["GET"]}}],"collection":[{"href":"https:\/\/roveyayinevi.com.tr\/index.php\/wp-json\/wp\/v2\/product"}],"about":[{"href":"https:\/\/roveyayinevi.com.tr\/index.php\/wp-json\/wp\/v2\/types\/product"}],"wp:attachment":[{"href":"https:\/\/roveyayinevi.com.tr\/index.php\/wp-json\/wp\/v2\/media?parent=709029"}],"wp:term":[{"taxonomy":"product_brand","embeddable":true,"href":"https:\/\/roveyayinevi.com.tr\/index.php\/wp-json\/wp\/v2\/product_brand?post=709029"},{"taxonomy":"product_cat","embeddable":true,"href":"https:\/\/roveyayinevi.com.tr\/index.php\/wp-json\/wp\/v2\/product_cat?post=709029"},{"taxonomy":"product_tag","embeddable":true,"href":"https:\/\/roveyayinevi.com.tr\/index.php\/wp-json\/wp\/v2\/product_tag?post=709029"}],"curies":[{"name":"wp","href":"https:\/\/api.w.org\/{rel}","templated":true}]}}