{"id":709009,"date":"2025-08-27T16:20:28","date_gmt":"2025-08-27T13:20:28","guid":{"rendered":"https:\/\/roveyayinevi.com.tr\/index.php\/urun\/yeni-arkadas\/"},"modified":"2026-04-16T02:17:38","modified_gmt":"2026-04-15T23:17:38","slug":"yeni-arkadas","status":"publish","type":"product","link":"https:\/\/roveyayinevi.com.tr\/index.php\/urun\/yeni-arkadas\/","title":{"rendered":"Yeni Arkada\u015f"},"content":{"rendered":"<p>Deniz fenerinin bek\u00e7isi tatil g\u00fcnlerinde etrafta gezinip, alt\u0131n sa\u00e7l\u0131 denizk\u0131zlar\u0131n\u0131 arard\u0131. Yine b\u00f6yle g\u00fczel bir tatil g\u00fcn\u00fcnde, denizdeki kayal\u0131klar\u0131n \u00fczerinde alt\u0131n rengi bir \u015fey ke\u015ffetti. Acaba sonunda bir denizk\u0131z\u0131 g\u00f6rebilecek miydi? <\/p>\n","protected":false},"excerpt":{"rendered":"<p>Deniz fenerinin bek\u00e7isi tatil g\u00fcnlerinde etrafta gezinip, alt\u0131n sa\u00e7l\u0131 denizk\u0131zlar\u0131n\u0131 arard\u0131. Yine b\u00f6yle g\u00fczel bir tatil g\u00fcn\u00fcnde, denizdeki kayal\u0131klar\u0131n \u00fczerinde alt\u0131n rengi bir \u015fey ke\u015ffetti. Acaba<span class=\"excerpt-hellip\"> [\u2026]<\/span><\/p>\n","protected":false},"featured_media":0,"template":"","meta":{"_monsterinsights_skip_tracking":false,"_monsterinsights_sitenote_active":false,"_monsterinsights_sitenote_note":"","_monsterinsights_sitenote_category":0},"product_brand":[],"product_cat":[12275,12274],"product_tag":[],"class_list":{"0":"post-709009","1":"product","2":"type-product","3":"status-publish","5":"product_cat-6-12-yas-kitaplari","6":"product_cat-cocuk-ve-genclik-kitaplari","7":"pa_cilt-ciltsiz","8":"pa_tur-kitap","9":"pa_yayinevi-is-bankasi-kultur-yayinlari","10":"pa_yazar-komisyon","12":"first","13":"instock","14":"sale","15":"shipping-taxable","16":"purchasable","17":"product-type-simple"},"_links":{"self":[{"href":"https:\/\/roveyayinevi.com.tr\/index.php\/wp-json\/wp\/v2\/product\/709009","targetHints":{"allow":["GET"]}}],"collection":[{"href":"https:\/\/roveyayinevi.com.tr\/index.php\/wp-json\/wp\/v2\/product"}],"about":[{"href":"https:\/\/roveyayinevi.com.tr\/index.php\/wp-json\/wp\/v2\/types\/product"}],"wp:attachment":[{"href":"https:\/\/roveyayinevi.com.tr\/index.php\/wp-json\/wp\/v2\/media?parent=709009"}],"wp:term":[{"taxonomy":"product_brand","embeddable":true,"href":"https:\/\/roveyayinevi.com.tr\/index.php\/wp-json\/wp\/v2\/product_brand?post=709009"},{"taxonomy":"product_cat","embeddable":true,"href":"https:\/\/roveyayinevi.com.tr\/index.php\/wp-json\/wp\/v2\/product_cat?post=709009"},{"taxonomy":"product_tag","embeddable":true,"href":"https:\/\/roveyayinevi.com.tr\/index.php\/wp-json\/wp\/v2\/product_tag?post=709009"}],"curies":[{"name":"wp","href":"https:\/\/api.w.org\/{rel}","templated":true}]}}