{"id":708975,"date":"2025-08-27T16:20:11","date_gmt":"2025-08-27T13:20:11","guid":{"rendered":"https:\/\/roveyayinevi.com.tr\/index.php\/urun\/sosyal-sermaye-teorisi-ve-surdurulebilir-yerel-kalkinma\/"},"modified":"2026-04-16T02:17:38","modified_gmt":"2026-04-15T23:17:38","slug":"sosyal-sermaye-teorisi-ve-surdurulebilir-yerel-kalkinma","status":"publish","type":"product","link":"https:\/\/roveyayinevi.com.tr\/index.php\/urun\/sosyal-sermaye-teorisi-ve-surdurulebilir-yerel-kalkinma\/","title":{"rendered":"Sosyal Sermaye Teorisi ve S\u00fcrd\u00fcr\u00fclebilir Yerel Kalk\u0131nma"},"content":{"rendered":"<p>Tek ki\u015finin sesiyle bir toplumun sesi ayn\u0131 g\u00fcce sahip de\u011fildir.\u201d\u0130ktisadi olaylar \u00fczerinde etkisi olan unsurlar\u0131 \u00f6nemsiz gibi g\u00f6rmek, d\u00fcnyay\u0131 yeterince g\u00f6zlemleye-medi\u011fimizi g\u00f6sterir. \u0130ktisadi olaylar sadece matematiksel de\u011ferler \u00fczerinden de\u011fil soyut de\u011ferlerle birlikte geli\u015fir.Bu \u00e7al\u0131\u015fma sosyal sermaye teorisini, iktisat\u00e7\u0131lar\u0131n insan odakl\u0131 anlay\u0131\u015f\u0131ndan yola \u00e7\u0131karak anlat\u0131yor. Gelecekte \u00e7ocuklar\u0131m\u0131za g\u00fczel ve ya\u015fanabilir bir \u00fclke b\u0131rakmak i\u00e7in sosyal sermayeden yararlanma bi\u00e7imlerini g\u00f6steriyor.Bu \u00e7al\u0131\u015fma sadece iktisat\u00e7\u0131lar ve yerel y\u00f6netimler i\u00e7in de\u011fil, piyasalar\u0131n ekonomik, sosyolojik, ekolojik ve psikolojik sorunlar\u0131yla ilgilenen herkes i\u00e7in de\u011ferli bilgiler i\u00e7eriyor.Asl\u0131 \u00d6ztopcuDr. Asl\u0131 \u00d6ztopcu, Anadolu \u00dcniversitesi \u0130\u015fletme lisans, Osmangazi \u00dcniversitesi \u0130\u015fletme y\u00fcksek lisans mezunudur. Doktora derecesini Maltepe \u00dcniversitesi \u0130ktisat Anabilim Dal\u0131nda alm\u0131\u015ft\u0131r. Akademik ya\u015fant\u0131s\u0131na Eski\u015fehir Osmangazi \u00dcniversitesi\u2019nde ba\u015flam\u0131\u015ft\u0131r. Halen Maltepe \u00dcniversitesinde tam zamanl\u0131 \u00f6\u011fretim \u00fcyesi olarak \u00e7al\u0131\u015fmaktad\u0131r.Akademik ya\u015fant\u0131s\u0131n\u0131n d\u0131\u015f\u0131nda y\u00f6resel tatlara sahip b\u00fcy\u00fck bir restoranda y\u00f6neticilik ve arkada\u015flar\u0131yla kurduklar\u0131 e\u011fitim dan\u0131\u015fmanl\u0131k firmas\u0131nda dan\u0131\u015fmanl\u0131k ve e\u011fitmen deneyimi bulunmaktad\u0131r. \u00dcniversite b\u00fcnyesinde iktisat ve i\u015fletme a\u011f\u0131rl\u0131kl\u0131 dersler vermektedir. \u0130\u015fletme ve iktisat alan\u0131nda bildiri ve makaleleri bulunmaktad\u0131r. Ayr\u0131ca akademik \u00e7al\u0131\u015fmalar\u0131yla e\u015f zamanl\u0131 olarak i\u015f d\u00fcnyas\u0131, pazarlama, ileti\u015fim ve y\u00f6netim alanlar\u0131nda da e\u011fitimler vermektedir. Davran\u0131\u015fsal iktisat, giri\u015fimcilik ve kalk\u0131nma, ara\u015ft\u0131rma ilgi alanlar\u0131 aras\u0131nda yer almaktad\u0131r. <\/p>\n","protected":false},"excerpt":{"rendered":"<p>Tek ki\u015finin sesiyle bir toplumun sesi ayn\u0131 g\u00fcce sahip de\u011fildir.\u201d\u0130ktisadi olaylar \u00fczerinde etkisi olan unsurlar\u0131 \u00f6nemsiz gibi g\u00f6rmek, d\u00fcnyay\u0131 yeterince g\u00f6zlemleye-medi\u011fimizi g\u00f6sterir. \u0130ktisadi olaylar sadece matematiksel<span class=\"excerpt-hellip\"> [\u2026]<\/span><\/p>\n","protected":false},"featured_media":0,"template":"","meta":{"_monsterinsights_skip_tracking":false,"_monsterinsights_sitenote_active":false,"_monsterinsights_sitenote_note":"","_monsterinsights_sitenote_category":0},"product_brand":[],"product_cat":[12835,12324],"product_tag":[],"class_list":{"0":"post-708975","1":"product","2":"type-product","3":"status-publish","5":"product_cat-genel-sosyoloji","6":"product_cat-sosyoloji","7":"pa_cilt-ciltsiz","8":"pa_tur-kitap","9":"pa_yayinevi-yeni-insan-yayinlari","10":"pa_yazar-asli-oztopcu","12":"first","13":"instock","14":"sale","15":"shipping-taxable","16":"purchasable","17":"product-type-simple"},"_links":{"self":[{"href":"https:\/\/roveyayinevi.com.tr\/index.php\/wp-json\/wp\/v2\/product\/708975","targetHints":{"allow":["GET"]}}],"collection":[{"href":"https:\/\/roveyayinevi.com.tr\/index.php\/wp-json\/wp\/v2\/product"}],"about":[{"href":"https:\/\/roveyayinevi.com.tr\/index.php\/wp-json\/wp\/v2\/types\/product"}],"wp:attachment":[{"href":"https:\/\/roveyayinevi.com.tr\/index.php\/wp-json\/wp\/v2\/media?parent=708975"}],"wp:term":[{"taxonomy":"product_brand","embeddable":true,"href":"https:\/\/roveyayinevi.com.tr\/index.php\/wp-json\/wp\/v2\/product_brand?post=708975"},{"taxonomy":"product_cat","embeddable":true,"href":"https:\/\/roveyayinevi.com.tr\/index.php\/wp-json\/wp\/v2\/product_cat?post=708975"},{"taxonomy":"product_tag","embeddable":true,"href":"https:\/\/roveyayinevi.com.tr\/index.php\/wp-json\/wp\/v2\/product_tag?post=708975"}],"curies":[{"name":"wp","href":"https:\/\/api.w.org\/{rel}","templated":true}]}}