{"id":708972,"date":"2025-08-27T16:20:09","date_gmt":"2025-08-27T13:20:09","guid":{"rendered":"https:\/\/roveyayinevi.com.tr\/index.php\/urun\/gece-bekcisinin-ruyasi\/"},"modified":"2026-04-16T02:17:37","modified_gmt":"2026-04-15T23:17:37","slug":"gece-bekcisinin-ruyasi","status":"publish","type":"product","link":"https:\/\/roveyayinevi.com.tr\/index.php\/urun\/gece-bekcisinin-ruyasi\/","title":{"rendered":"Gece Bek\u00e7isinin R\u00fcyas\u0131"},"content":{"rendered":"<p>Benden yalan s\u00f6ylememi beklemeyin&#8230; Herkes en az bir ki\u015fiyi her ko\u015fulda i\u015fitir&#8230; Beni i\u015fit istiyorum.  Sizi anl\u0131yorum. \u00d6nce tutumunuzu sert bi\u00e7imde kar\u015f\u0131lad\u0131m. Ama sonra fark ettim ki siz hekimsiniz, b\u00fcy\u00fcc\u00fc ya da falc\u0131 de\u011filsiniz. \u00d6n\u00fcn\u00fczde s\u0131n\u0131rl\u0131 bilgi var, o halde benim konu\u015fmay\u0131 unutmama haz\u0131rl\u0131kl\u0131s\u0131n\u0131z, oysa birdenbire i\u015fitmeyi unutmu\u015f olmam\u0131 hesaba katamazd\u0131n\u0131z. Size k\u0131rg\u0131n de\u011filim. Rahat edin isterim. Size k\u0131r\u0131lmad\u0131m, al\u0131nmad\u0131m, yarg\u0131lamad\u0131m. S\u00f6zc\u00fckleri unutmu\u015f biri olarak, bu yeni durum kar\u015f\u0131s\u0131nda ben de hayret ediyorum. Yazarken, nas\u0131l oluyor bilmiyorum, hi\u00e7bir s\u0131k\u0131nt\u0131 duymadan su gibi ak\u0131yor s\u00f6zc\u00fckler. Nas\u0131l oluyor bilmiyorum, bir plak\u00e7\u0131n\u0131n \u00f6n\u00fcnden ge\u00e7erken \u015fark\u0131lar\u0131 i\u015fitiyorum. Hatta s\u00f6yl\u00fcyorum. Bu hastal\u0131\u011f\u0131m nedir, bilmiyorum. Sizden saklad\u0131\u011f\u0131m yeni bir bilgi var. Buna asla inanmayaca\u011f\u0131n\u0131z\u0131 bildi\u011fim i\u00e7in yazmayaca\u011f\u0131m. Ama bir \u015feyi kendime itiraf ettim; tedavi olmak istemiyorum. S\u00f6zc\u00fckleri unuttu\u011fum i\u00e7in konu\u015famamaktan ve i\u015fitememekten memnunum. \u0130\u00e7imdeki g\u00fcr\u00fclt\u00fc zaten yeterince ba\u015f a\u011fr\u0131t\u0131yor. Sesini yitiren bir kad\u0131n&#8230;  Kad\u0131n\u0131n zihninde kaybolan bir ruh hekimi&#8230; \u0130stanbul\u2019a seslenen bir akt\u00f6r&#8230; Valizi elinde ya\u015fl\u0131 bir kom\u015fu Ve onlara \u201cSize g\u00fczel \u015fark\u0131lar \u00e7almak isterdim\u201d diyen bir radyo&#8230; <\/p>\n","protected":false},"excerpt":{"rendered":"<p>Benden yalan s\u00f6ylememi beklemeyin&#8230; Herkes en az bir ki\u015fiyi her ko\u015fulda i\u015fitir&#8230; Beni i\u015fit istiyorum. Sizi anl\u0131yorum. \u00d6nce tutumunuzu sert bi\u00e7imde kar\u015f\u0131lad\u0131m. Ama sonra fark ettim<span class=\"excerpt-hellip\"> [\u2026]<\/span><\/p>\n","protected":false},"featured_media":0,"template":"","meta":{"_monsterinsights_skip_tracking":false,"_monsterinsights_sitenote_active":false,"_monsterinsights_sitenote_note":"","_monsterinsights_sitenote_category":0},"product_brand":[],"product_cat":[12291,12711],"product_tag":[],"class_list":{"0":"post-708972","1":"product","2":"type-product","3":"status-publish","5":"product_cat-edebiyat","6":"product_cat-roman-oyku","7":"pa_cilt-ciltsiz","8":"pa_tur-kitap","9":"pa_yayinevi-dogan-kitap","10":"pa_yazar-enver-aysever","12":"first","13":"instock","14":"sale","15":"shipping-taxable","16":"purchasable","17":"product-type-simple"},"_links":{"self":[{"href":"https:\/\/roveyayinevi.com.tr\/index.php\/wp-json\/wp\/v2\/product\/708972","targetHints":{"allow":["GET"]}}],"collection":[{"href":"https:\/\/roveyayinevi.com.tr\/index.php\/wp-json\/wp\/v2\/product"}],"about":[{"href":"https:\/\/roveyayinevi.com.tr\/index.php\/wp-json\/wp\/v2\/types\/product"}],"wp:attachment":[{"href":"https:\/\/roveyayinevi.com.tr\/index.php\/wp-json\/wp\/v2\/media?parent=708972"}],"wp:term":[{"taxonomy":"product_brand","embeddable":true,"href":"https:\/\/roveyayinevi.com.tr\/index.php\/wp-json\/wp\/v2\/product_brand?post=708972"},{"taxonomy":"product_cat","embeddable":true,"href":"https:\/\/roveyayinevi.com.tr\/index.php\/wp-json\/wp\/v2\/product_cat?post=708972"},{"taxonomy":"product_tag","embeddable":true,"href":"https:\/\/roveyayinevi.com.tr\/index.php\/wp-json\/wp\/v2\/product_tag?post=708972"}],"curies":[{"name":"wp","href":"https:\/\/api.w.org\/{rel}","templated":true}]}}