{"id":708968,"date":"2025-08-27T16:20:07","date_gmt":"2025-08-27T13:20:07","guid":{"rendered":"https:\/\/roveyayinevi.com.tr\/index.php\/urun\/havaya-bak\/"},"modified":"2026-04-16T02:17:37","modified_gmt":"2026-04-15T23:17:37","slug":"havaya-bak","status":"publish","type":"product","link":"https:\/\/roveyayinevi.com.tr\/index.php\/urun\/havaya-bak\/","title":{"rendered":"Havaya Bak"},"content":{"rendered":"<p>\u00d6d\u00fcll\u00fc \u00e7ocuk \u00f6yk\u00fcleri Aydede Her Yerde ve gen\u00e7ler i\u00e7in yazd\u0131\u011f\u0131\u0130zmir&#8217;de \u00dc\u00e7 \u00c7ocuktuk &#8211; Sezen, Haluk, Meltem gibi kitaplar\u0131yla \u00e7ok sevilen \u0130zmirli yazar Hacer K\u0131lc\u0131o\u011flu, yeni \u00f6yk\u00fc kitab\u0131nda hava ko\u015fullar\u0131yla duygu durumlar\u0131n\u0131 bulu\u015fturuyor. Farkl\u0131 yerlerden ve ya\u015famlardan \u00e7ocuklar\u0131n ba\u015f\u0131ndan ge\u00e7en s\u0131radan olaylar\u0131, maceralar\u0131, olan bitenin onlara hissettirdiklerini muzip bir dille anlatan yazar, farkl\u0131 k\u00fclt\u00fcrlerden ayr\u0131nt\u0131lar da aktar\u0131yor. Kitapta yer alan, birbirinden ilgi \u00e7ekici 10 \u00f6yk\u00fc, sanat\u00e7\u0131 Huban Korman&#8217;\u0131n desenleri e\u015fli\u011finde d\u00fcnyaya merakl\u0131 g\u00f6zlerle bakan \u00e7ocuklara, yepyeni ve umut verici ya\u015famlar\u0131n kap\u0131lar\u0131n\u0131 aral\u0131yor.   Filipinler&#8217;den \u00c7e\u015fme&#8217;ye tatile gelen Eren&#8217;in karanl\u0131k korkusu&#8230; Y\u0131ld\u0131zl\u0131 bir gecede, gemi g\u00fcvertesinde ba\u015flayan dostlu\u011fun tela\u015fl\u0131 co\u015fkusu&#8230; G\u00f6ztepe-Kar\u015f\u0131yaka otob\u00fcs\u00fcnde kutlanan, lokma kokulu do\u011fum g\u00fcn\u00fcn\u00fcn unutulmaz tad\u0131&#8230; Uzun bir aradan sonra Berlin&#8217;den Ala\u015fehir&#8217;e gelecek teyyareyi \u00f6zlemle beklemenin h\u00fczn\u00fc&#8230; G\u00fcne\u015ften y\u0131ld\u0131za, buluttan g\u00f6kku\u015fa\u011f\u0131na, ya\u011fmurdan f\u0131rt\u0131naya s\u0131\u00e7rayan \u00f6yk\u00fcler, ku\u015f kanad\u0131na tak\u0131l\u0131p g\u00f6ky\u00fcz\u00fcnde bulu\u015fuyor&#8230; <\/p>\n","protected":false},"excerpt":{"rendered":"<p>\u00d6d\u00fcll\u00fc \u00e7ocuk \u00f6yk\u00fcleri Aydede Her Yerde ve gen\u00e7ler i\u00e7in yazd\u0131\u011f\u0131\u0130zmir&#8217;de \u00dc\u00e7 \u00c7ocuktuk &#8211; Sezen, Haluk, Meltem gibi kitaplar\u0131yla \u00e7ok sevilen \u0130zmirli yazar Hacer K\u0131lc\u0131o\u011flu, yeni \u00f6yk\u00fc<span class=\"excerpt-hellip\"> [\u2026]<\/span><\/p>\n","protected":false},"featured_media":0,"template":"","meta":{"_monsterinsights_skip_tracking":false,"_monsterinsights_sitenote_active":false,"_monsterinsights_sitenote_note":"","_monsterinsights_sitenote_category":0},"product_brand":[],"product_cat":[12275,12274],"product_tag":[],"class_list":{"0":"post-708968","1":"product","2":"type-product","3":"status-publish","5":"product_cat-6-12-yas-kitaplari","6":"product_cat-cocuk-ve-genclik-kitaplari","7":"pa_cilt-ciltsiz","8":"pa_tur-kitap","9":"pa_yayinevi-gunisigi-kitapligi","10":"pa_yazar-hacer-kilcioglu","12":"first","13":"instock","14":"sale","15":"shipping-taxable","16":"purchasable","17":"product-type-simple"},"_links":{"self":[{"href":"https:\/\/roveyayinevi.com.tr\/index.php\/wp-json\/wp\/v2\/product\/708968","targetHints":{"allow":["GET"]}}],"collection":[{"href":"https:\/\/roveyayinevi.com.tr\/index.php\/wp-json\/wp\/v2\/product"}],"about":[{"href":"https:\/\/roveyayinevi.com.tr\/index.php\/wp-json\/wp\/v2\/types\/product"}],"wp:attachment":[{"href":"https:\/\/roveyayinevi.com.tr\/index.php\/wp-json\/wp\/v2\/media?parent=708968"}],"wp:term":[{"taxonomy":"product_brand","embeddable":true,"href":"https:\/\/roveyayinevi.com.tr\/index.php\/wp-json\/wp\/v2\/product_brand?post=708968"},{"taxonomy":"product_cat","embeddable":true,"href":"https:\/\/roveyayinevi.com.tr\/index.php\/wp-json\/wp\/v2\/product_cat?post=708968"},{"taxonomy":"product_tag","embeddable":true,"href":"https:\/\/roveyayinevi.com.tr\/index.php\/wp-json\/wp\/v2\/product_tag?post=708968"}],"curies":[{"name":"wp","href":"https:\/\/api.w.org\/{rel}","templated":true}]}}