{"id":708949,"date":"2025-08-27T16:19:58","date_gmt":"2025-08-27T13:19:58","guid":{"rendered":"https:\/\/roveyayinevi.com.tr\/index.php\/urun\/leopoldun-sabunu\/"},"modified":"2026-04-16T02:17:37","modified_gmt":"2026-04-15T23:17:37","slug":"leopoldun-sabunu","status":"publish","type":"product","link":"https:\/\/roveyayinevi.com.tr\/index.php\/urun\/leopoldun-sabunu\/","title":{"rendered":"Leopold\u2019un Sabunu"},"content":{"rendered":"<p>Bir metne sahip olmak ne demektir? Bir metnin size sahip olmas\u0131 nedir? \u00d6zg\u00fcn ya\u015fam var m\u0131d\u0131r ki \u00f6zg\u00fcn metin olsun? Leopold\u2019un Sabunu, Berkan M. \u015eim\u015fek\u2019in ilk roman\u0131. Kitap, deneysel \u00e7al\u0131\u015fmalara ilgi duyan \u015eim\u015fek\u2019in yazarl\u0131k, okurluk, yay\u0131nc\u0131l\u0131k, \u00e7eviri, intihal ve ge\u00e7i\u015fken kimlikler gibi temalarla \u00f6rd\u00fc\u011f\u00fc, s\u00fcr\u00fckleyici bir \u201cedebiyat polisiyesi\u201d. <\/p>\n","protected":false},"excerpt":{"rendered":"<p>Bir metne sahip olmak ne demektir? Bir metnin size sahip olmas\u0131 nedir? \u00d6zg\u00fcn ya\u015fam var m\u0131d\u0131r ki \u00f6zg\u00fcn metin olsun? Leopold\u2019un Sabunu, Berkan M. \u015eim\u015fek\u2019in ilk<span class=\"excerpt-hellip\"> [\u2026]<\/span><\/p>\n","protected":false},"featured_media":0,"template":"","meta":{"_monsterinsights_skip_tracking":false,"_monsterinsights_sitenote_active":false,"_monsterinsights_sitenote_note":"","_monsterinsights_sitenote_category":0},"product_brand":[],"product_cat":[12275,12274],"product_tag":[],"class_list":{"0":"post-708949","1":"product","2":"type-product","3":"status-publish","5":"product_cat-6-12-yas-kitaplari","6":"product_cat-cocuk-ve-genclik-kitaplari","7":"pa_cilt-ciltsiz","8":"pa_tur-kitap","9":"pa_yayinevi-koc-universitesi-yayinlari","10":"pa_yazar-berkan-m-simsek","12":"first","13":"instock","14":"sale","15":"shipping-taxable","16":"purchasable","17":"product-type-simple"},"_links":{"self":[{"href":"https:\/\/roveyayinevi.com.tr\/index.php\/wp-json\/wp\/v2\/product\/708949","targetHints":{"allow":["GET"]}}],"collection":[{"href":"https:\/\/roveyayinevi.com.tr\/index.php\/wp-json\/wp\/v2\/product"}],"about":[{"href":"https:\/\/roveyayinevi.com.tr\/index.php\/wp-json\/wp\/v2\/types\/product"}],"wp:attachment":[{"href":"https:\/\/roveyayinevi.com.tr\/index.php\/wp-json\/wp\/v2\/media?parent=708949"}],"wp:term":[{"taxonomy":"product_brand","embeddable":true,"href":"https:\/\/roveyayinevi.com.tr\/index.php\/wp-json\/wp\/v2\/product_brand?post=708949"},{"taxonomy":"product_cat","embeddable":true,"href":"https:\/\/roveyayinevi.com.tr\/index.php\/wp-json\/wp\/v2\/product_cat?post=708949"},{"taxonomy":"product_tag","embeddable":true,"href":"https:\/\/roveyayinevi.com.tr\/index.php\/wp-json\/wp\/v2\/product_tag?post=708949"}],"curies":[{"name":"wp","href":"https:\/\/api.w.org\/{rel}","templated":true}]}}