{"id":708917,"date":"2025-08-27T16:19:42","date_gmt":"2025-08-27T13:19:42","guid":{"rendered":"https:\/\/roveyayinevi.com.tr\/index.php\/urun\/asimilasyondan-taninmaya\/"},"modified":"2026-04-16T02:17:36","modified_gmt":"2026-04-15T23:17:36","slug":"asimilasyondan-taninmaya","status":"publish","type":"product","link":"https:\/\/roveyayinevi.com.tr\/index.php\/urun\/asimilasyondan-taninmaya\/","title":{"rendered":"Asimilasyondan Tan\u0131nmaya"},"content":{"rendered":"<p>Bu kitap T\u00fcrkiye\u2019de yeni yeni tart\u0131\u015f\u0131lmaya ba\u015flayan, ama uluslararas\u0131 alanda \u00f6zellikle de Avrupa\u2019da uzun s\u00fcredir g\u00fcndemde olan az\u0131nl\u0131klar konusunu ele almaktad\u0131r. Modern devletlerin ortaya \u00e7\u0131kt\u0131\u011f\u0131 on yedinci y\u00fczy\u0131ldan beri \u00f6nemli bir g\u00fcndem maddesi olan az\u0131nl\u0131klar, Do\u011fu Blokunun \u00e7\u00f6k\u00fc\u015f\u00fcyle birlikte yine akt\u00fcel bir uluslararas\u0131 sorun haline geldi. Ama bu kez sadece basit bir istikrars\u0131zl\u0131k unsuru olarak de\u011fil, ayn\u0131 zamanda ulus-devletin gelece\u011fini ilgilendiren bir konu olarak tart\u0131\u015f\u0131lmaya ba\u015fland\u0131.   Bu tart\u0131\u015fmada \u015fu sorunlara cevap arand\u0131: Acaba eskiden imparatorluklar\u0131 par\u00e7alaman\u0131n, irredentist politikalar\u0131n veya i\u00e7i\u015flerine kar\u0131\u015fman\u0131n arac\u0131 olan az\u0131nl\u0131klar, \u015fimdi ulus-devletlerin d\u0131\u015f dinamiklerle d\u00f6n\u00fc\u015ft\u00fcr\u00fclmesinin (demokratikle\u015ftirilmesinin) bir arac\u0131 m\u0131yd\u0131? \u00d6yleyse, bu ger\u00e7ekle\u015ftirilirken az\u0131nl\u0131klar\u0131n devletleri b\u00f6lmesinin \u00f6n\u00fcne nas\u0131l ge\u00e7ilebilirdi? Ya da bunun \u00f6n\u00fcne ge\u00e7mek gerekli mi? Az\u0131nl\u0131klar\u0131n belli \u015fartlar alt\u0131nda ayr\u0131lma talepleri me\u015fru g\u00f6r\u00fclebilir mi?   Bunlar gibi sorular, sorunu en canl\u0131 bi\u00e7imde t\u00fcm boyutlar\u0131yla ya\u015fayan ve e\u015fzamanl\u0131 olarak ulus\u00fcst\u00fc yap\u0131lanmaya giden Avrupa\u2019da az\u0131nl\u0131klar\u0131 tan\u0131ma-koruma-te\u015fvik etme yelpazesi i\u00e7inde bir yakla\u015f\u0131m\u0131n benimsenmesine yol a\u00e7t\u0131. Az\u0131nl\u0131klar\u0131n korunmas\u0131n\u0131 ulus-devlete kar\u015f\u0131 ulusalt\u0131 (az\u0131nl\u0131k) ve ulus\u00fcst\u00fc (AB) birimler aras\u0131nda bir ittifak olarak alg\u0131layan ve ulus-devletin kurgusal yap\u0131s\u0131ndan vazge\u00e7mek istemeyen kimi devletler bu yakla\u015f\u0131m\u0131n d\u0131\u015f\u0131nda kalmaya \u00e7abalad\u0131ysalar da, asimilasyon politikalar\u0131n\u0131n ba\u015far\u0131s\u0131zl\u0131\u011f\u0131, ulus\u00fcst\u00fc yap\u0131lanman\u0131n cazibesi, insan haklar\u0131n\u0131n g\u00fcc\u00fc ve demokrasinin gere\u011fi olarak onlar da bir bi\u00e7imde az\u0131nl\u0131klar\u0131n\u0131 tan\u0131ma\/koruma e\u011filimi i\u00e7ine girdiler.   \u015eimdi merak edilen soru, bu s\u00fcrecin ulus-devleti ve tabii d\u00fcnyay\u0131 nereye g\u00f6t\u00fcrece\u011fidir. Ulus-devletler par\u00e7alanarak ortaya \u00e7\u0131kacak \u00fc\u00e7-be\u015f bin etnik-devletli kaotik bir d\u00fcnya m\u0131, yoksa demokratikle\u015fen devletlerden olu\u015fan daha istikrarl\u0131 bir d\u00fcnya m\u0131? <\/p>\n","protected":false},"excerpt":{"rendered":"<p>Bu kitap T\u00fcrkiye\u2019de yeni yeni tart\u0131\u015f\u0131lmaya ba\u015flayan, ama uluslararas\u0131 alanda \u00f6zellikle de Avrupa\u2019da uzun s\u00fcredir g\u00fcndemde olan az\u0131nl\u0131klar konusunu ele almaktad\u0131r. Modern devletlerin ortaya \u00e7\u0131kt\u0131\u011f\u0131 on<span class=\"excerpt-hellip\"> [\u2026]<\/span><\/p>\n","protected":false},"featured_media":0,"template":"","meta":{"_monsterinsights_skip_tracking":false,"_monsterinsights_sitenote_active":false,"_monsterinsights_sitenote_note":"","_monsterinsights_sitenote_category":0},"product_brand":[],"product_cat":[12337,17225],"product_tag":[],"class_list":{"0":"post-708917","1":"product","2":"type-product","3":"status-publish","5":"product_cat-politika-siyaset","6":"product_cat-uluslararasi-iliskiler","7":"pa_cilt-ciltsiz","8":"pa_tur-kitap","9":"pa_yayinevi-kure-yayinlari","10":"pa_yazar-erol-kurubas","12":"first","13":"instock","14":"sale","15":"shipping-taxable","16":"purchasable","17":"product-type-simple"},"_links":{"self":[{"href":"https:\/\/roveyayinevi.com.tr\/index.php\/wp-json\/wp\/v2\/product\/708917","targetHints":{"allow":["GET"]}}],"collection":[{"href":"https:\/\/roveyayinevi.com.tr\/index.php\/wp-json\/wp\/v2\/product"}],"about":[{"href":"https:\/\/roveyayinevi.com.tr\/index.php\/wp-json\/wp\/v2\/types\/product"}],"wp:attachment":[{"href":"https:\/\/roveyayinevi.com.tr\/index.php\/wp-json\/wp\/v2\/media?parent=708917"}],"wp:term":[{"taxonomy":"product_brand","embeddable":true,"href":"https:\/\/roveyayinevi.com.tr\/index.php\/wp-json\/wp\/v2\/product_brand?post=708917"},{"taxonomy":"product_cat","embeddable":true,"href":"https:\/\/roveyayinevi.com.tr\/index.php\/wp-json\/wp\/v2\/product_cat?post=708917"},{"taxonomy":"product_tag","embeddable":true,"href":"https:\/\/roveyayinevi.com.tr\/index.php\/wp-json\/wp\/v2\/product_tag?post=708917"}],"curies":[{"name":"wp","href":"https:\/\/api.w.org\/{rel}","templated":true}]}}