{"id":708905,"date":"2025-08-27T16:19:35","date_gmt":"2025-08-27T13:19:35","guid":{"rendered":"https:\/\/roveyayinevi.com.tr\/index.php\/urun\/sanat-icgudusu-guzellik-zevk-ve-insan-evrimi\/"},"modified":"2026-04-16T02:17:36","modified_gmt":"2026-04-15T23:17:36","slug":"sanat-icgudusu-guzellik-zevk-ve-insan-evrimi","status":"publish","type":"product","link":"https:\/\/roveyayinevi.com.tr\/index.php\/urun\/sanat-icgudusu-guzellik-zevk-ve-insan-evrimi\/","title":{"rendered":"Sanat \u0130\u00e7g\u00fcd\u00fcs\u00fc-G\u00fczellik Zevk ve \u0130nsan Evrimi"},"content":{"rendered":"<p>\u0130nsan\u0131n sanat ser\u00fcveni de t\u0131pk\u0131 insan\u0131n tarih boyu evrimi gibi ge\u00e7mi\u015fle s\u00fcrekli bir ileti\u015fim ve etkile\u015fim halindedir.Sanat \u0130\u00e7g\u00fcd\u00fcs\u00fc, insan\u0131n sanatsal yarat\u0131m\u0131n izlerini s\u00fcren, buldu\u011fu izleri makul bir \u00e7er\u00e7eve i\u00e7inde tart\u0131\u015fan e\u015fsiz bir \u00e7al\u0131\u015fma. \u0130nsan\u0131n sanat eserlerinden zevk almas\u0131n\u0131n temellerinin de sorunsalla\u015ft\u0131r\u0131ld\u0131\u011f\u0131 kitapta disiplinler aras\u0131 bir stratejiye yaslan\u0131larak, geni\u015f bir alanda sanat\u0131n i\u015flevi g\u00f6zler \u00f6n\u00fcne seriliyor.  \u201cBu kitaptaki amac\u0131m en ba\u015f\u0131ndan sanat\u0131n genel niteliklerini evrilmi\u015f adaptasyonlar olarak a\u00e7\u0131klamakt\u0131. Standart kanona tekrar tekrar g\u00f6ndermeler yapm\u0131\u015f olsam da, alt u\u00e7taki pop\u00fcler sanat diye g\u00f6rmezden gelinebilecek \u015feyleri de analize dahil etme niyetiyle yazd\u0131m. E\u011fer analizim do\u011fruysa, uyku vakti hik\u00e2yelerinden, Susam Soka\u011f\u0131\u2019ndan ve gen\u00e7lik edebiyat\u0131ndan televizyon dizilerine, a\u015fk romanlar\u0131na ve form\u00fcllerle yaz\u0131lm\u0131\u015f Hollywood filmlerine kadar uzanan sanat e\u011frisi hakk\u0131nda daha anlaml\u0131 bir tart\u0131\u015fma y\u00fcr\u00fctmemize olanak tan\u0131yacakt\u0131r.\u201d <\/p>\n","protected":false},"excerpt":{"rendered":"<p>\u0130nsan\u0131n sanat ser\u00fcveni de t\u0131pk\u0131 insan\u0131n tarih boyu evrimi gibi ge\u00e7mi\u015fle s\u00fcrekli bir ileti\u015fim ve etkile\u015fim halindedir.Sanat \u0130\u00e7g\u00fcd\u00fcs\u00fc, insan\u0131n sanatsal yarat\u0131m\u0131n izlerini s\u00fcren, buldu\u011fu izleri makul<span class=\"excerpt-hellip\"> [\u2026]<\/span><\/p>\n","protected":false},"featured_media":0,"template":"","meta":{"_monsterinsights_skip_tracking":false,"_monsterinsights_sitenote_active":false,"_monsterinsights_sitenote_note":"","_monsterinsights_sitenote_category":0},"product_brand":[],"product_cat":[22066,13527],"product_tag":[],"class_list":{"0":"post-708905","1":"product","2":"type-product","3":"status-publish","5":"product_cat-sanat-sureli-yayinlar","6":"product_cat-sureli-yayinlar","7":"pa_cilt-ciltsiz","8":"pa_tur-kitap","9":"pa_yayinevi-ayrinti-yayinlari","10":"pa_yazar-denis-dutton","12":"first","13":"instock","14":"sale","15":"shipping-taxable","16":"purchasable","17":"product-type-simple"},"_links":{"self":[{"href":"https:\/\/roveyayinevi.com.tr\/index.php\/wp-json\/wp\/v2\/product\/708905","targetHints":{"allow":["GET"]}}],"collection":[{"href":"https:\/\/roveyayinevi.com.tr\/index.php\/wp-json\/wp\/v2\/product"}],"about":[{"href":"https:\/\/roveyayinevi.com.tr\/index.php\/wp-json\/wp\/v2\/types\/product"}],"wp:attachment":[{"href":"https:\/\/roveyayinevi.com.tr\/index.php\/wp-json\/wp\/v2\/media?parent=708905"}],"wp:term":[{"taxonomy":"product_brand","embeddable":true,"href":"https:\/\/roveyayinevi.com.tr\/index.php\/wp-json\/wp\/v2\/product_brand?post=708905"},{"taxonomy":"product_cat","embeddable":true,"href":"https:\/\/roveyayinevi.com.tr\/index.php\/wp-json\/wp\/v2\/product_cat?post=708905"},{"taxonomy":"product_tag","embeddable":true,"href":"https:\/\/roveyayinevi.com.tr\/index.php\/wp-json\/wp\/v2\/product_tag?post=708905"}],"curies":[{"name":"wp","href":"https:\/\/api.w.org\/{rel}","templated":true}]}}