{"id":708902,"date":"2025-08-27T16:19:34","date_gmt":"2025-08-27T13:19:34","guid":{"rendered":"https:\/\/roveyayinevi.com.tr\/index.php\/urun\/yasli-dul-kadin-ve-papagan\/"},"modified":"2026-04-16T02:17:36","modified_gmt":"2026-04-15T23:17:36","slug":"yasli-dul-kadin-ve-papagan","status":"publish","type":"product","link":"https:\/\/roveyayinevi.com.tr\/index.php\/urun\/yasli-dul-kadin-ve-papagan\/","title":{"rendered":"Ya\u015fl\u0131 Dul Kad\u0131n ve Papa\u011fan"},"content":{"rendered":"<p>Edebiyat severlerden Virginia Woolf ismini duymayan neredeyse yok gibidir. Ya\u015fl\u0131 Dul Kad\u0131n ve Papa\u011fan ise Woolf\u2019un \u00e7ocuklar i\u00e7in yazd\u0131\u011f\u0131 hik\u00e2yelerdendir.  Ya\u015fl\u0131 dul Bayan Gage\u2019e a\u011fabeyinin \u00f6l\u00fcm\u00fcyle tam 3000 alt\u0131n ve bir ev miras kal\u0131r. Ge\u00e7imini ayakkab\u0131 tamircili\u011fi ile sa\u011flayan Bayan Gage miras\u0131 almak \u00fczere yola \u00e7\u0131kar, fakat g\u00f6r\u00fcnen odur ki ya\u015fl\u0131 dula a\u011fabeyinden kalan tek \u015fey aksi papa\u011fan James\u2019tir. Hik\u00e2yenin gizemli ve olduk\u00e7a ilgin\u00e7 kahraman\u0131 Papa\u011fan James, Bayan Gage\u2019e alt\u0131nlar\u0131 bulmas\u0131 i\u00e7in yard\u0131m edecek mi? <\/p>\n","protected":false},"excerpt":{"rendered":"<p>Edebiyat severlerden Virginia Woolf ismini duymayan neredeyse yok gibidir. Ya\u015fl\u0131 Dul Kad\u0131n ve Papa\u011fan ise Woolf\u2019un \u00e7ocuklar i\u00e7in yazd\u0131\u011f\u0131 hik\u00e2yelerdendir. Ya\u015fl\u0131 dul Bayan Gage\u2019e a\u011fabeyinin \u00f6l\u00fcm\u00fcyle<span class=\"excerpt-hellip\"> [\u2026]<\/span><\/p>\n","protected":false},"featured_media":0,"template":"","meta":{"_monsterinsights_skip_tracking":false,"_monsterinsights_sitenote_active":false,"_monsterinsights_sitenote_note":"","_monsterinsights_sitenote_category":0},"product_brand":[],"product_cat":[12275,12274],"product_tag":[],"class_list":{"0":"post-708902","1":"product","2":"type-product","3":"status-publish","5":"product_cat-6-12-yas-kitaplari","6":"product_cat-cocuk-ve-genclik-kitaplari","7":"pa_cilt-ciltsiz","8":"pa_tur-kitap","9":"pa_yayinevi-herdem-kitap","10":"pa_yazar-virginia-woolf","12":"first","13":"instock","14":"sale","15":"shipping-taxable","16":"purchasable","17":"product-type-simple"},"_links":{"self":[{"href":"https:\/\/roveyayinevi.com.tr\/index.php\/wp-json\/wp\/v2\/product\/708902","targetHints":{"allow":["GET"]}}],"collection":[{"href":"https:\/\/roveyayinevi.com.tr\/index.php\/wp-json\/wp\/v2\/product"}],"about":[{"href":"https:\/\/roveyayinevi.com.tr\/index.php\/wp-json\/wp\/v2\/types\/product"}],"wp:attachment":[{"href":"https:\/\/roveyayinevi.com.tr\/index.php\/wp-json\/wp\/v2\/media?parent=708902"}],"wp:term":[{"taxonomy":"product_brand","embeddable":true,"href":"https:\/\/roveyayinevi.com.tr\/index.php\/wp-json\/wp\/v2\/product_brand?post=708902"},{"taxonomy":"product_cat","embeddable":true,"href":"https:\/\/roveyayinevi.com.tr\/index.php\/wp-json\/wp\/v2\/product_cat?post=708902"},{"taxonomy":"product_tag","embeddable":true,"href":"https:\/\/roveyayinevi.com.tr\/index.php\/wp-json\/wp\/v2\/product_tag?post=708902"}],"curies":[{"name":"wp","href":"https:\/\/api.w.org\/{rel}","templated":true}]}}