{"id":708886,"date":"2025-08-27T16:19:25","date_gmt":"2025-08-27T13:19:25","guid":{"rendered":"https:\/\/roveyayinevi.com.tr\/index.php\/urun\/bu-kalem-melun\/"},"modified":"2026-04-16T02:17:36","modified_gmt":"2026-04-15T23:17:36","slug":"bu-kalem-melun","status":"publish","type":"product","link":"https:\/\/roveyayinevi.com.tr\/index.php\/urun\/bu-kalem-melun\/","title":{"rendered":"Bu Kalem Melun"},"content":{"rendered":"<p>Herkes bir kitab\u0131n m\u00fcmini, ben \u201cD\u00fcnya bir kitaba varmak i\u00e7in\u201d\u015fiar\u0131n\u0131n m\u00fcminlerinden oldum, kald\u0131m.B\u00fct\u00fcn yazd\u0131klar\u0131m, g\u00fcn gelecek, tek bir kitab\u0131ni\u00e7ine s\u0131\u011facak, oturacak.Orada yazabildiklerimle yazamad\u0131klar\u0131m ayn\u0131\u00e7at\u0131n\u0131n alt\u0131nda bulu\u015facak: Yaz\u0131\u2019n\u0131n biraz\u0131 ondansa, biraz\u0131 bundand\u0131r.Yazamad\u0131klar\u0131m\u0131 ba\u015fkalar\u0131 yazacak.Bu Kalem Mel\u00fbn\u00a9, \u015eehrazat\u2019\u0131n i\u00e7ine att\u0131klar\u0131. <\/p>\n","protected":false},"excerpt":{"rendered":"<p>Herkes bir kitab\u0131n m\u00fcmini, ben \u201cD\u00fcnya bir kitaba varmak i\u00e7in\u201d\u015fiar\u0131n\u0131n m\u00fcminlerinden oldum, kald\u0131m.B\u00fct\u00fcn yazd\u0131klar\u0131m, g\u00fcn gelecek, tek bir kitab\u0131ni\u00e7ine s\u0131\u011facak, oturacak.Orada yazabildiklerimle yazamad\u0131klar\u0131m ayn\u0131\u00e7at\u0131n\u0131n alt\u0131nda bulu\u015facak:<span class=\"excerpt-hellip\"> [\u2026]<\/span><\/p>\n","protected":false},"featured_media":0,"template":"","meta":{"_monsterinsights_skip_tracking":false,"_monsterinsights_sitenote_active":false,"_monsterinsights_sitenote_note":"","_monsterinsights_sitenote_category":0},"product_brand":[],"product_cat":[12777,12291],"product_tag":[],"class_list":{"0":"post-708886","1":"product","2":"type-product","3":"status-publish","5":"product_cat-deneme","6":"product_cat-edebiyat","7":"pa_cilt-ciltsiz","8":"pa_tur-kitap","9":"pa_yayinevi-sel-yayincilik","10":"pa_yazar-enis-batur","12":"first","13":"instock","14":"sale","15":"shipping-taxable","16":"purchasable","17":"product-type-simple"},"_links":{"self":[{"href":"https:\/\/roveyayinevi.com.tr\/index.php\/wp-json\/wp\/v2\/product\/708886","targetHints":{"allow":["GET"]}}],"collection":[{"href":"https:\/\/roveyayinevi.com.tr\/index.php\/wp-json\/wp\/v2\/product"}],"about":[{"href":"https:\/\/roveyayinevi.com.tr\/index.php\/wp-json\/wp\/v2\/types\/product"}],"wp:attachment":[{"href":"https:\/\/roveyayinevi.com.tr\/index.php\/wp-json\/wp\/v2\/media?parent=708886"}],"wp:term":[{"taxonomy":"product_brand","embeddable":true,"href":"https:\/\/roveyayinevi.com.tr\/index.php\/wp-json\/wp\/v2\/product_brand?post=708886"},{"taxonomy":"product_cat","embeddable":true,"href":"https:\/\/roveyayinevi.com.tr\/index.php\/wp-json\/wp\/v2\/product_cat?post=708886"},{"taxonomy":"product_tag","embeddable":true,"href":"https:\/\/roveyayinevi.com.tr\/index.php\/wp-json\/wp\/v2\/product_tag?post=708886"}],"curies":[{"name":"wp","href":"https:\/\/api.w.org\/{rel}","templated":true}]}}