{"id":708873,"date":"2025-08-27T16:19:17","date_gmt":"2025-08-27T13:19:17","guid":{"rendered":"https:\/\/roveyayinevi.com.tr\/index.php\/urun\/her-seyin-basi-merkur\/"},"modified":"2026-04-16T02:17:35","modified_gmt":"2026-04-15T23:17:35","slug":"her-seyin-basi-merkur","status":"publish","type":"product","link":"https:\/\/roveyayinevi.com.tr\/index.php\/urun\/her-seyin-basi-merkur\/","title":{"rendered":"Her \u015eeyin Ba\u015f\u0131 Merk\u00fcr"},"content":{"rendered":"<p>\u201c\u00c7ilemse \u00e7ekerim, kaderimse g\u00fclerim\u201d   Merhaba! S\u00f6\u011f\u00fctl\u00fc\u00e7e\u015fme metrob\u00fcs dura\u011f\u0131ndan Elif Akay ben. \u00c7i\u00e7e\u011fi burnunda bir gazete \u00e7al\u0131\u015fan\u0131y\u0131m. Ofiste sandalye yerine tabure, bilgisayar yerine hesap makinesi verdiler elime, o derece seviliyorum. Kurumsal bir beyaz yakal\u0131 gibi giyinmeyi asla beceremiyorum, belden s\u0131kmal\u0131 balon ete\u011fim ve g\u00fclleci v\u00fccudumda azap \u00e7eken karpuz kollu g\u00f6mle\u011fimle tam bir patatese benziyorum. Ama olsun, gazeteciyim ben. Hem de g\u00f6\u011f\u00fc delen plazalar\u0131n birinde! \u00c7al\u0131\u015fma arkada\u015flar\u0131m\u0131n en sevdi\u011fi atas\u00f6z\u00fc: Kahve i\u00e7meden ay\u0131lam\u0131yorum! Neden? \u00c7\u00fcnk\u00fc kendileri Brezilya g\u00f6\u00e7meni! K\u00fct\u00fc\u011f\u00fcn\u00fc sorsan Kars\u2019t\u0131r, \u00c7orum\u2019dur; iki g\u00f6bek \u00f6tede nenesi sabah namaz\u0131ndan sonra ekmek pi\u015firiyordur ama o kahvesiz ay\u0131lamaz!   Gidip can\u0131m\u0131 di\u015fime tak\u0131p Gazetecilik okudum, hem de okulu ikincilikle bitirdim. Prestijli bir gazetede Ortado\u011fu muhabiri olup haki \u00e7antamla Maliki, Talabani, Gulyabani\u2019yle r\u00f6portaj yapaca\u011f\u0131m\u0131 san\u0131rken kendimi Astroloji k\u00f6\u015fesi yazarken buldum. \u00dcstelik y\u0131llarca gazetenin bur\u00e7 k\u00f6\u015fesini yere serip sal\u00e7a ekmek yemi\u015fim,ne aslan\u0131 bilirim ne kaplan\u0131. Zalim genel yay\u0131n y\u00f6netmenim ve onun yalaka sa\u011f kolu ise kara baht\u0131ma k\u00f6r talihimet\u00fcy dikti.   Ama ben de Elif Akay\u2019sam bu i\u015f burada bitmez. Kimse sanmas\u0131n kendini Hint kuma\u015f\u0131, bir g\u00fcn gelir biri vurur makas\u0131! <\/p>\n","protected":false},"excerpt":{"rendered":"<p>\u201c\u00c7ilemse \u00e7ekerim, kaderimse g\u00fclerim\u201d Merhaba! S\u00f6\u011f\u00fctl\u00fc\u00e7e\u015fme metrob\u00fcs dura\u011f\u0131ndan Elif Akay ben. \u00c7i\u00e7e\u011fi burnunda bir gazete \u00e7al\u0131\u015fan\u0131y\u0131m. Ofiste sandalye yerine tabure, bilgisayar yerine hesap makinesi verdiler elime,<span class=\"excerpt-hellip\"> [\u2026]<\/span><\/p>\n","protected":false},"featured_media":0,"template":"","meta":{"_monsterinsights_skip_tracking":false,"_monsterinsights_sitenote_active":false,"_monsterinsights_sitenote_note":"","_monsterinsights_sitenote_category":0},"product_brand":[],"product_cat":[12291,12711],"product_tag":[],"class_list":{"0":"post-708873","1":"product","2":"type-product","3":"status-publish","5":"product_cat-edebiyat","6":"product_cat-roman-oyku","7":"pa_cilt-ciltsiz","8":"pa_tur-kitap","9":"pa_yayinevi-dogan-novus","10":"pa_yazar-ayse-balibey-tanil","12":"first","13":"instock","14":"sale","15":"shipping-taxable","16":"purchasable","17":"product-type-simple"},"_links":{"self":[{"href":"https:\/\/roveyayinevi.com.tr\/index.php\/wp-json\/wp\/v2\/product\/708873","targetHints":{"allow":["GET"]}}],"collection":[{"href":"https:\/\/roveyayinevi.com.tr\/index.php\/wp-json\/wp\/v2\/product"}],"about":[{"href":"https:\/\/roveyayinevi.com.tr\/index.php\/wp-json\/wp\/v2\/types\/product"}],"wp:attachment":[{"href":"https:\/\/roveyayinevi.com.tr\/index.php\/wp-json\/wp\/v2\/media?parent=708873"}],"wp:term":[{"taxonomy":"product_brand","embeddable":true,"href":"https:\/\/roveyayinevi.com.tr\/index.php\/wp-json\/wp\/v2\/product_brand?post=708873"},{"taxonomy":"product_cat","embeddable":true,"href":"https:\/\/roveyayinevi.com.tr\/index.php\/wp-json\/wp\/v2\/product_cat?post=708873"},{"taxonomy":"product_tag","embeddable":true,"href":"https:\/\/roveyayinevi.com.tr\/index.php\/wp-json\/wp\/v2\/product_tag?post=708873"}],"curies":[{"name":"wp","href":"https:\/\/api.w.org\/{rel}","templated":true}]}}