{"id":708852,"date":"2025-08-27T16:19:07","date_gmt":"2025-08-27T13:19:07","guid":{"rendered":"https:\/\/roveyayinevi.com.tr\/index.php\/urun\/kratyanin-gulleri\/"},"modified":"2026-04-16T02:17:35","modified_gmt":"2026-04-15T23:17:35","slug":"kratyanin-gulleri","status":"publish","type":"product","link":"https:\/\/roveyayinevi.com.tr\/index.php\/urun\/kratyanin-gulleri\/","title":{"rendered":"Kratya&#8217;n\u0131n G\u00fclleri"},"content":{"rendered":"<p>\u00c7ocuk denecek bir ya\u015fta olsam da, i\u00e7inde ya\u015fad\u0131\u011f\u0131m T\u00fcrkmen toplumunun, k\u00fc\u00e7\u00fck bir beldeyi hatta ya\u015fanabilecek herhangi bir yeri yurt tutamad\u0131\u011f\u0131n\u0131 anlayabiliyorum. \u201cNe yaz\u0131k!\u201d diyorum, b\u00fct\u00fcn benli\u011fimi kaplayan duygularla. Oyuncaklar\u0131m\u0131, basit de olsa bemin i\u00e7in b\u00fcy\u00fck bir de\u011fer ifade eden \u00e7eyizlerimi, kitaplar\u0131m\u0131 sergileyebilece\u011fim k\u00fc\u00e7\u00fck bir odaya sahip olamad\u0131m. Daha iyisini hayal ederken benimsedi\u011fim, s\u00fcsledi\u011fim, \u00e7evresini d\u00fczenledi\u011fim dar obalar hep ge\u00e7ici oldu ve g\u00f6z ba\u015flad\u0131\u011f\u0131nda, bana g\u00fc\u00e7 veren g\u00fczel duygular\u0131m hep yok olup gitti, birdenbire. Bu \u00f6zlemim ne zaman gel\u00e7\u00fcekle\u015fecek diye bekledim, bekledim durdum. \u0130\u015fte, Filyos beldesinden yine g\u00f6\u00e7 ba\u015fl\u0131yor, g\u00fczel bir yurda yerle\u015fmemiz, yine gelecek senelere kal\u0131yordu.\ufffc<\/p>\n","protected":false},"excerpt":{"rendered":"<p>\u00c7ocuk denecek bir ya\u015fta olsam da, i\u00e7inde ya\u015fad\u0131\u011f\u0131m T\u00fcrkmen toplumunun, k\u00fc\u00e7\u00fck bir beldeyi hatta ya\u015fanabilecek herhangi bir yeri yurt tutamad\u0131\u011f\u0131n\u0131 anlayabiliyorum. \u201cNe yaz\u0131k!\u201d diyorum, b\u00fct\u00fcn benli\u011fimi<span class=\"excerpt-hellip\"> [\u2026]<\/span><\/p>\n","protected":false},"featured_media":0,"template":"","meta":{"_monsterinsights_skip_tracking":false,"_monsterinsights_sitenote_active":false,"_monsterinsights_sitenote_note":"","_monsterinsights_sitenote_category":0},"product_brand":[],"product_cat":[12291,12711],"product_tag":[],"class_list":{"0":"post-708852","1":"product","2":"type-product","3":"status-publish","5":"product_cat-edebiyat","6":"product_cat-roman-oyku","7":"pa_cilt-ciltsiz","8":"pa_tur-kitap","9":"pa_yayinevi-aktif-hayat","10":"pa_yazar-nurettin-sezen","12":"first","13":"instock","14":"sale","15":"shipping-taxable","16":"purchasable","17":"product-type-simple"},"_links":{"self":[{"href":"https:\/\/roveyayinevi.com.tr\/index.php\/wp-json\/wp\/v2\/product\/708852","targetHints":{"allow":["GET"]}}],"collection":[{"href":"https:\/\/roveyayinevi.com.tr\/index.php\/wp-json\/wp\/v2\/product"}],"about":[{"href":"https:\/\/roveyayinevi.com.tr\/index.php\/wp-json\/wp\/v2\/types\/product"}],"wp:attachment":[{"href":"https:\/\/roveyayinevi.com.tr\/index.php\/wp-json\/wp\/v2\/media?parent=708852"}],"wp:term":[{"taxonomy":"product_brand","embeddable":true,"href":"https:\/\/roveyayinevi.com.tr\/index.php\/wp-json\/wp\/v2\/product_brand?post=708852"},{"taxonomy":"product_cat","embeddable":true,"href":"https:\/\/roveyayinevi.com.tr\/index.php\/wp-json\/wp\/v2\/product_cat?post=708852"},{"taxonomy":"product_tag","embeddable":true,"href":"https:\/\/roveyayinevi.com.tr\/index.php\/wp-json\/wp\/v2\/product_tag?post=708852"}],"curies":[{"name":"wp","href":"https:\/\/api.w.org\/{rel}","templated":true}]}}