{"id":708840,"date":"2025-08-27T16:19:00","date_gmt":"2025-08-27T13:19:00","guid":{"rendered":"https:\/\/roveyayinevi.com.tr\/index.php\/urun\/harper-ile-dus-sirki\/"},"modified":"2026-04-16T02:17:35","modified_gmt":"2026-04-15T23:17:35","slug":"harper-ile-dus-sirki","status":"publish","type":"product","link":"https:\/\/roveyayinevi.com.tr\/index.php\/urun\/harper-ile-dus-sirki\/","title":{"rendered":"Harper ile D\u00fc\u015f Sirki"},"content":{"rendered":"<p>Gelin heyecan verici gitmekte olan Harper ile arkada\u015flar\u0131na kat\u0131l\u0131n.\u00c7ad\u0131rlar\u0131n her birinde ayr\u0131 bir s\u00fcrpriz, akrobatlar\u0131n her birinde anlat\u0131lacak ayr\u0131 bir hik\u00e2ye var. Ve \u015fiddetli bir f\u0131rt\u0131na Harper\u2019\u0131 acayip bir gizemi \u00e7\u00f6zmeye daha da yakla\u015ft\u0131rmakta&#8230;\u00c7ok sevilen \u00e7ocuk programlar\u0131 sunucusu Cerrie Burnell taraf\u0131ndan yaz\u0131lm\u0131\u015f olan arkada\u015fl\u0131k, aile ve maceraya dair bu hik\u00e2ye \u00e7ok e\u011flenceli. <\/p>\n","protected":false},"excerpt":{"rendered":"<p>Gelin heyecan verici gitmekte olan Harper ile arkada\u015flar\u0131na kat\u0131l\u0131n.\u00c7ad\u0131rlar\u0131n her birinde ayr\u0131 bir s\u00fcrpriz, akrobatlar\u0131n her birinde anlat\u0131lacak ayr\u0131 bir hik\u00e2ye var. Ve \u015fiddetli bir f\u0131rt\u0131na<span class=\"excerpt-hellip\"> [\u2026]<\/span><\/p>\n","protected":false},"featured_media":0,"template":"","meta":{"_monsterinsights_skip_tracking":false,"_monsterinsights_sitenote_active":false,"_monsterinsights_sitenote_note":"","_monsterinsights_sitenote_category":0},"product_brand":[],"product_cat":[12275,12274],"product_tag":[],"class_list":{"0":"post-708840","1":"product","2":"type-product","3":"status-publish","5":"product_cat-6-12-yas-kitaplari","6":"product_cat-cocuk-ve-genclik-kitaplari","7":"pa_cilt-ciltsiz","8":"pa_tur-kitap","9":"pa_yayinevi-is-bankasi-kultur-yayinlari","10":"pa_yazar-cerrie-burnell","12":"first","13":"instock","14":"sale","15":"shipping-taxable","16":"purchasable","17":"product-type-simple"},"_links":{"self":[{"href":"https:\/\/roveyayinevi.com.tr\/index.php\/wp-json\/wp\/v2\/product\/708840","targetHints":{"allow":["GET"]}}],"collection":[{"href":"https:\/\/roveyayinevi.com.tr\/index.php\/wp-json\/wp\/v2\/product"}],"about":[{"href":"https:\/\/roveyayinevi.com.tr\/index.php\/wp-json\/wp\/v2\/types\/product"}],"wp:attachment":[{"href":"https:\/\/roveyayinevi.com.tr\/index.php\/wp-json\/wp\/v2\/media?parent=708840"}],"wp:term":[{"taxonomy":"product_brand","embeddable":true,"href":"https:\/\/roveyayinevi.com.tr\/index.php\/wp-json\/wp\/v2\/product_brand?post=708840"},{"taxonomy":"product_cat","embeddable":true,"href":"https:\/\/roveyayinevi.com.tr\/index.php\/wp-json\/wp\/v2\/product_cat?post=708840"},{"taxonomy":"product_tag","embeddable":true,"href":"https:\/\/roveyayinevi.com.tr\/index.php\/wp-json\/wp\/v2\/product_tag?post=708840"}],"curies":[{"name":"wp","href":"https:\/\/api.w.org\/{rel}","templated":true}]}}