{"id":708837,"date":"2025-08-27T16:18:58","date_gmt":"2025-08-27T13:18:58","guid":{"rendered":"https:\/\/roveyayinevi.com.tr\/index.php\/urun\/gygesten-buyuk-iskendere-lydia-arkeolojisi\/"},"modified":"2026-04-16T02:17:35","modified_gmt":"2026-04-15T23:17:35","slug":"gygesten-buyuk-iskendere-lydia-arkeolojisi","status":"publish","type":"product","link":"https:\/\/roveyayinevi.com.tr\/index.php\/urun\/gygesten-buyuk-iskendere-lydia-arkeolojisi\/","title":{"rendered":"Gyges&#8217;ten B\u00fcy\u00fck \u0130skender&#8217;e Lydia Arkeolojisi"},"content":{"rendered":"<p>Christopher H. Roosevelt, uzun soluklu ve kapsaml\u0131 bir ara\u015ft\u0131rma sonucunda kaleme ald\u0131\u011f\u0131 Gyges\u2019ten B\u00fcy\u00fck \u0130skender\u2019e Lydia Arkeolojisi\u2019nde, antik\u00e7a\u011f Anadolu\u2019sunda Do\u011fu ile Bat\u0131 aras\u0131ndaki iktidar ili\u015fkilerini anlamak a\u00e7\u0131s\u0131ndan kilit \u00f6nem ta\u015f\u0131yan Lydia\u2019n\u0131n b\u00f6lgesel arkeolojisine dair genel bir resim \u00e7iziyor. Kitap, Lydia\u2019n\u0131n yerle\u015fme tarihi \u00fczerine sistematik bir tart\u0131\u015fma ve ard\u0131ndan b\u00f6lgenin d\u00f6rt bir k\u00f6\u015fesindeki alanlarda s\u00fcrd\u00fcr\u00fclen \u00e7al\u0131\u015fmalarda g\u00fcn \u0131\u015f\u0131\u011f\u0131na \u00e7\u0131kar\u0131lan buluntular\u0131n yer ald\u0131\u011f\u0131 bir katalog olmak \u00fczere iki b\u00f6l\u00fcmden olu\u015fuyor. B\u00f6lgenin kadim ba\u015fkenti Sardes\u2019in arkeolojisine dair yepyeni bir sentez ve daha \u00f6nce yay\u0131mlanmam\u0131\u015f veriler sunan Roosevelt, arkeolojik ve tarihsel kay\u0131tlar s\u0131n\u0131rl\u0131 oldu\u011fundan zor bir b\u00f6lge olarak g\u00f6r\u00fclen Lydia\u2019y\u0131 anlama yolunda taze bir bak\u0131\u015f ortaya koyuyor. Ger\u00e7ekle\u015ftirilen y\u00fczey ara\u015ft\u0131rmalar\u0131ndan, yerel m\u00fczelerdeki buluntular\u0131n stilistik analizlerinden, antik metinlerden ve \u00e7evresel ara\u015ft\u0131rmalardan elde edilen verileri bir araya getiren kitap, Lydia co\u011frafyas\u0131na dair literat\u00fcre \u00f6nemli bir katk\u0131 niteli\u011finde. Christopher H. Roosevelt, Ko\u00e7 \u00dcniversitesi Arkeoloji ve Sanat Tarihi B\u00f6l\u00fcm\u00fc\u2019nde \u00f6\u011fretim \u00fcyesi. Anadolu Medeniyetleri Ara\u015ft\u0131rma Merkezi (ANAMED) direkt\u00f6r\u00fc. <\/p>\n","protected":false},"excerpt":{"rendered":"<p>Christopher H. Roosevelt, uzun soluklu ve kapsaml\u0131 bir ara\u015ft\u0131rma sonucunda kaleme ald\u0131\u011f\u0131 Gyges\u2019ten B\u00fcy\u00fck \u0130skender\u2019e Lydia Arkeolojisi\u2019nde, antik\u00e7a\u011f Anadolu\u2019sunda Do\u011fu ile Bat\u0131 aras\u0131ndaki iktidar ili\u015fkilerini anlamak<span class=\"excerpt-hellip\"> [\u2026]<\/span><\/p>\n","protected":false},"featured_media":0,"template":"","meta":{"_monsterinsights_skip_tracking":false,"_monsterinsights_sitenote_active":false,"_monsterinsights_sitenote_note":"","_monsterinsights_sitenote_category":0},"product_brand":[],"product_cat":[12408,14197],"product_tag":[],"class_list":{"0":"post-708837","1":"product","2":"type-product","3":"status-publish","5":"product_cat-sanat","6":"product_cat-sanat-tarihi","7":"pa_cilt-ciltsiz","8":"pa_tur-kitap","9":"pa_yayinevi-koc-universitesi-yayinlari","10":"pa_yazar-christopher-h-roosevelt","12":"first","13":"instock","14":"sale","15":"shipping-taxable","16":"purchasable","17":"product-type-simple"},"_links":{"self":[{"href":"https:\/\/roveyayinevi.com.tr\/index.php\/wp-json\/wp\/v2\/product\/708837","targetHints":{"allow":["GET"]}}],"collection":[{"href":"https:\/\/roveyayinevi.com.tr\/index.php\/wp-json\/wp\/v2\/product"}],"about":[{"href":"https:\/\/roveyayinevi.com.tr\/index.php\/wp-json\/wp\/v2\/types\/product"}],"wp:attachment":[{"href":"https:\/\/roveyayinevi.com.tr\/index.php\/wp-json\/wp\/v2\/media?parent=708837"}],"wp:term":[{"taxonomy":"product_brand","embeddable":true,"href":"https:\/\/roveyayinevi.com.tr\/index.php\/wp-json\/wp\/v2\/product_brand?post=708837"},{"taxonomy":"product_cat","embeddable":true,"href":"https:\/\/roveyayinevi.com.tr\/index.php\/wp-json\/wp\/v2\/product_cat?post=708837"},{"taxonomy":"product_tag","embeddable":true,"href":"https:\/\/roveyayinevi.com.tr\/index.php\/wp-json\/wp\/v2\/product_tag?post=708837"}],"curies":[{"name":"wp","href":"https:\/\/api.w.org\/{rel}","templated":true}]}}