{"id":708805,"date":"2025-08-27T16:18:32","date_gmt":"2025-08-27T13:18:32","guid":{"rendered":"https:\/\/roveyayinevi.com.tr\/index.php\/urun\/insan-kaynaklari-yonetimi-2\/"},"modified":"2026-04-16T02:17:34","modified_gmt":"2026-04-15T23:17:34","slug":"insan-kaynaklari-yonetimi-2","status":"publish","type":"product","link":"https:\/\/roveyayinevi.com.tr\/index.php\/urun\/insan-kaynaklari-yonetimi-2\/","title":{"rendered":"\u0130nsan Kaynaklar\u0131 Y\u00f6netimi"},"content":{"rendered":"<p>\u0130\u00e7indekiler 1- \u0130nsan Kaynaklar\u0131 Y\u00f6netimi&#8211; Kavramsal \u00c7er\u00e7eve 2-\u0130nsan Kaynaklar\u0131n\u0131n Se\u00e7imi, E\u011fitimi ve Geli\u015ftirilmesi 3- \u0130nsan Kaynaklar\u0131 Y\u00f6netiminde Teknik \u0130\u015flevler ve Uygulamalar 4- Kariyer Y\u00f6netimi 5- \u0130nsan Kaynaklar\u0131nda Motivasyon ve \u00fccret y\u00f6netimi 6-S\u00fcre\u00e7 ve Performans Y\u00f6netimi 7-Yetenek Y\u00f6netimi 8- T\u00fcrk Kamu Personel Y\u00f6netimi 9- \u0130nsan kaynaklar\u0131 planlamas\u0131 stratejik insan kaynaklar\u0131 y\u00f6netimi kadro d\u00fczenlemesi 10-\u0130nsan kaynaklar\u0131 y\u00f6netiminde \u00e7al\u0131\u015fanlara y\u00f6nelik hukuki ve idari d\u00fczenlemeler 11- \u00c7al\u0131\u015fanlar\u0131n Temsili ve End\u00fcstri \u0130li\u015fkileri 12- \u0130nsan Kaynaklar\u0131 y\u00f6netiminde g\u00fcncel konular <\/p>\n","protected":false},"excerpt":{"rendered":"<p>\u0130\u00e7indekiler 1- \u0130nsan Kaynaklar\u0131 Y\u00f6netimi&#8211; Kavramsal \u00c7er\u00e7eve 2-\u0130nsan Kaynaklar\u0131n\u0131n Se\u00e7imi, E\u011fitimi ve Geli\u015ftirilmesi 3- \u0130nsan Kaynaklar\u0131 Y\u00f6netiminde Teknik \u0130\u015flevler ve Uygulamalar 4- Kariyer Y\u00f6netimi 5- \u0130nsan<span class=\"excerpt-hellip\"> [\u2026]<\/span><\/p>\n","protected":false},"featured_media":0,"template":"","meta":{"_monsterinsights_skip_tracking":false,"_monsterinsights_sitenote_active":false,"_monsterinsights_sitenote_note":"","_monsterinsights_sitenote_category":0},"product_brand":[],"product_cat":[12573,12566],"product_tag":[],"class_list":{"0":"post-708805","1":"product","2":"type-product","3":"status-publish","5":"product_cat-akademik-kitaplar","6":"product_cat-egitim","7":"pa_cilt-ciltsiz","8":"pa_tur-kitap","9":"pa_yayinevi-gazi-kitabevi","10":"pa_yazar-mehmet-akif-ozer","12":"first","13":"instock","14":"sale","15":"shipping-taxable","16":"purchasable","17":"product-type-simple"},"_links":{"self":[{"href":"https:\/\/roveyayinevi.com.tr\/index.php\/wp-json\/wp\/v2\/product\/708805","targetHints":{"allow":["GET"]}}],"collection":[{"href":"https:\/\/roveyayinevi.com.tr\/index.php\/wp-json\/wp\/v2\/product"}],"about":[{"href":"https:\/\/roveyayinevi.com.tr\/index.php\/wp-json\/wp\/v2\/types\/product"}],"wp:attachment":[{"href":"https:\/\/roveyayinevi.com.tr\/index.php\/wp-json\/wp\/v2\/media?parent=708805"}],"wp:term":[{"taxonomy":"product_brand","embeddable":true,"href":"https:\/\/roveyayinevi.com.tr\/index.php\/wp-json\/wp\/v2\/product_brand?post=708805"},{"taxonomy":"product_cat","embeddable":true,"href":"https:\/\/roveyayinevi.com.tr\/index.php\/wp-json\/wp\/v2\/product_cat?post=708805"},{"taxonomy":"product_tag","embeddable":true,"href":"https:\/\/roveyayinevi.com.tr\/index.php\/wp-json\/wp\/v2\/product_tag?post=708805"}],"curies":[{"name":"wp","href":"https:\/\/api.w.org\/{rel}","templated":true}]}}

İnsan Kaynakları Yönetimi

<p>İçindekiler 1- İnsan Kaynakları Yönetimi&#8211; Kavramsal Çerçeve 2-İnsan Kaynaklarının Seçimi, Eğitimi ve Geliştirilmesi 3- İnsan Kaynakları Yönetiminde Teknik İşlevler ve Uygulamalar 4- Kariyer Yönetimi 5- İnsan Kaynaklarında Motivasyon ve ücret yönetimi 6-Süreç ve Performans Yönetimi 7-Yetenek Yönetimi 8- Türk Kamu Personel Yönetimi 9- İnsan kaynakları planlaması stratejik insan kaynakları yönetimi kadro düzenlemesi 10-İnsan kaynakları yönetiminde çalışanlara yönelik hukuki ve idari düzenlemeler 11- Çalışanların Temsili ve Endüstri İlişkileri 12- İnsan Kaynakları yönetiminde güncel konular </p>

<p>İçindekiler 1- İnsan Kaynakları Yönetimi&#8211; Kavramsal Çerçeve 2-İnsan Kaynaklarının Seçimi, Eğitimi ve Geliştirilmesi 3- İnsan Kaynakları Yönetiminde Teknik İşlevler ve Uygulamalar 4- Kariyer Yönetimi 5- İnsan<span class="excerpt-hellip"> […]</span></p>
