{"id":708803,"date":"2025-08-27T16:18:31","date_gmt":"2025-08-27T13:18:31","guid":{"rendered":"https:\/\/roveyayinevi.com.tr\/index.php\/urun\/gosterim-terimleri-sozlugu\/"},"modified":"2026-04-16T02:17:34","modified_gmt":"2026-04-15T23:17:34","slug":"gosterim-terimleri-sozlugu","status":"publish","type":"product","link":"https:\/\/roveyayinevi.com.tr\/index.php\/urun\/gosterim-terimleri-sozlugu\/","title":{"rendered":"G\u00f6sterim Terimleri S\u00f6zl\u00fc\u011f\u00fc"},"content":{"rendered":"<p>Tiyatrobilimci, yazar, ele\u015ftirmen, y\u00f6netmen Prof. Dr. \u00d6zdemir Nutku\u2019nun haz\u0131rlad\u0131\u011f\u0131 bu s\u00f6zl\u00fck; tiyatro, opera, bale, dans, kukla, g\u00f6lge oyunu, meddahl\u0131k, sirk ve seyirlik becerilere ait terimleri kapsamaktad\u0131r. G\u00f6sterim Terimleri S\u00f6zl\u00fc\u011f\u00fc, \u00fc\u00e7 bine yak\u0131n maddeden ve her biri kendi i\u00e7inde alfabetik olmak \u00fczere \u015fu b\u00f6l\u00fcmlerden olu\u015fmaktad\u0131r:Tiyatro Terimleri S\u00f6zl\u00fc\u011f\u00fcKukla ve G\u00f6lge Oyunlar\u0131 Terimleri S\u00f6zl\u00fc\u011f\u00fc\u00d6yk\u00fc Canland\u0131rma Terimleri S\u00f6zl\u00fc\u011f\u00fcDans Terimleri S\u00f6zl\u00fc\u011f\u00fcSirk ve Seyirlik Oyunlar Terimleri S\u00f6zl\u00fc\u011f\u00fcKitab\u0131n sonundaki \u201cEski Terimler S\u00f6zl\u00fc\u011f\u00fc\u201d b\u00f6l\u00fcm\u00fcnde ise bug\u00fcn\u00fcn gen\u00e7lerinin tan\u0131mad\u0131klar\u0131 ya da \u00e7ok az tan\u0131d\u0131klar\u0131 Osmanl\u0131ca s\u00f6zc\u00fcklerin T\u00fcrk\u00e7eleri verilmi\u015ftir.Ayr\u0131ca, \u00f6zellikle sahne tekni\u011fi terimlerinin Almanca, Frans\u0131zca, \u0130ngilizce ve \u0130talyanca kar\u015f\u0131l\u0131klar\u0131na da yer verilmi\u015ftir.<\/p>\n","protected":false},"excerpt":{"rendered":"<p>Tiyatrobilimci, yazar, ele\u015ftirmen, y\u00f6netmen Prof. Dr. \u00d6zdemir Nutku\u2019nun haz\u0131rlad\u0131\u011f\u0131 bu s\u00f6zl\u00fck; tiyatro, opera, bale, dans, kukla, g\u00f6lge oyunu, meddahl\u0131k, sirk ve seyirlik becerilere ait terimleri kapsamaktad\u0131r.<span class=\"excerpt-hellip\"> [\u2026]<\/span><\/p>\n","protected":false},"featured_media":0,"template":"","meta":{"_monsterinsights_skip_tracking":false,"_monsterinsights_sitenote_active":false,"_monsterinsights_sitenote_note":"","_monsterinsights_sitenote_category":0},"product_brand":[],"product_cat":[12566,13611],"product_tag":[],"class_list":{"0":"post-708803","1":"product","2":"type-product","3":"status-publish","5":"product_cat-egitim","6":"product_cat-sozlukler-ve-konusma-kilavuzlari","7":"pa_cilt-ciltsiz","8":"pa_tur-kitap","9":"pa_yayinevi-kaynak-yayinlari","10":"pa_yazar-ozdemir-nutku","12":"first","13":"instock","14":"sale","15":"shipping-taxable","16":"purchasable","17":"product-type-simple"},"_links":{"self":[{"href":"https:\/\/roveyayinevi.com.tr\/index.php\/wp-json\/wp\/v2\/product\/708803","targetHints":{"allow":["GET"]}}],"collection":[{"href":"https:\/\/roveyayinevi.com.tr\/index.php\/wp-json\/wp\/v2\/product"}],"about":[{"href":"https:\/\/roveyayinevi.com.tr\/index.php\/wp-json\/wp\/v2\/types\/product"}],"wp:attachment":[{"href":"https:\/\/roveyayinevi.com.tr\/index.php\/wp-json\/wp\/v2\/media?parent=708803"}],"wp:term":[{"taxonomy":"product_brand","embeddable":true,"href":"https:\/\/roveyayinevi.com.tr\/index.php\/wp-json\/wp\/v2\/product_brand?post=708803"},{"taxonomy":"product_cat","embeddable":true,"href":"https:\/\/roveyayinevi.com.tr\/index.php\/wp-json\/wp\/v2\/product_cat?post=708803"},{"taxonomy":"product_tag","embeddable":true,"href":"https:\/\/roveyayinevi.com.tr\/index.php\/wp-json\/wp\/v2\/product_tag?post=708803"}],"curies":[{"name":"wp","href":"https:\/\/api.w.org\/{rel}","templated":true}]}}