{"id":708789,"date":"2025-08-27T16:18:24","date_gmt":"2025-08-27T13:18:24","guid":{"rendered":"https:\/\/roveyayinevi.com.tr\/index.php\/urun\/ip-cambazi-mia-3\/"},"modified":"2026-04-16T02:17:33","modified_gmt":"2026-04-15T23:17:33","slug":"ip-cambazi-mia-3","status":"publish","type":"product","link":"https:\/\/roveyayinevi.com.tr\/index.php\/urun\/ip-cambazi-mia-3\/","title":{"rendered":"\u0130p Cambaz\u0131 -Mia 3"},"content":{"rendered":"<p>Mia ve ailesi yol haz\u0131rl\u0131\u011f\u0131 yap\u0131yor. Bu yolun sonunda yeni bir kent, yeni bir ev, yeni bir arkada\u015f onlar\u0131 bekliyor. Ev kutu gibi ku\u0308\u00e7u\u0308cu\u0308k; ama bah\u00e7esi kocaman, i\u00e7inde bir su\u0308ru\u0308 a\u011fa\u00e7 var. Mia bah\u00e7eye ka\u00e7\u0131p a\u011fa\u00e7tan a\u011faca z\u0131plamay\u0131 \u00e7ok istiyor. Yeni arkada\u015f\u0131 Mine, \u00e7ok tonton&#8230; Mia, onu \u00e7ok seviyor. Her \u015fey \u00e7okkkkkkkk gu\u0308zel giderken bir ak\u015fam, evlerinin kar\u015f\u0131s\u0131na sirk kuruluyor ve evdeki dengeler de\u011fi\u015fiyor. Mia, sirkteki arkada\u015flar\u0131yla ilgili \u00f6yle \u015feyler \u00f6\u011freniyor ki \u015fa\u015f\u0131p kal\u0131yor\u2026 Mia ve ailesi, \u00f6zgu\u0308rlu\u0308kleri ellerinden al\u0131nm\u0131\u015f sirkteki \u00e7aresiz hayvanlara yard\u0131m edebilecek mi? Uzun zamand\u0131r hayalini kurdu\u011fu bah\u00e7eye \u00e7\u0131kan Mia, a\u011fa\u00e7tan a\u011faca m\u0131 z\u0131playacak, yoksa eve geri d\u00f6nu\u0308p arkada\u015flar\u0131n\u0131n haklar\u0131n\u0131 m\u0131 koruyacak? <\/p>\n","protected":false},"excerpt":{"rendered":"<p>Mia ve ailesi yol haz\u0131rl\u0131\u011f\u0131 yap\u0131yor. Bu yolun sonunda yeni bir kent, yeni bir ev, yeni bir arkada\u015f onlar\u0131 bekliyor. Ev kutu gibi ku\u0308\u00e7u\u0308cu\u0308k; ama bah\u00e7esi<span class=\"excerpt-hellip\"> [\u2026]<\/span><\/p>\n","protected":false},"featured_media":0,"template":"","meta":{"_monsterinsights_skip_tracking":false,"_monsterinsights_sitenote_active":false,"_monsterinsights_sitenote_note":"","_monsterinsights_sitenote_category":0},"product_brand":[],"product_cat":[12275,12274],"product_tag":[],"class_list":{"0":"post-708789","1":"product","2":"type-product","3":"status-publish","5":"product_cat-6-12-yas-kitaplari","6":"product_cat-cocuk-ve-genclik-kitaplari","7":"pa_cilt-ciltsiz","8":"pa_tur-kitap","9":"pa_yayinevi-altin-kitaplar-cocuk-kitaplari","10":"pa_yazar-husnan-seker","12":"first","13":"instock","14":"sale","15":"shipping-taxable","16":"purchasable","17":"product-type-simple"},"_links":{"self":[{"href":"https:\/\/roveyayinevi.com.tr\/index.php\/wp-json\/wp\/v2\/product\/708789","targetHints":{"allow":["GET"]}}],"collection":[{"href":"https:\/\/roveyayinevi.com.tr\/index.php\/wp-json\/wp\/v2\/product"}],"about":[{"href":"https:\/\/roveyayinevi.com.tr\/index.php\/wp-json\/wp\/v2\/types\/product"}],"wp:attachment":[{"href":"https:\/\/roveyayinevi.com.tr\/index.php\/wp-json\/wp\/v2\/media?parent=708789"}],"wp:term":[{"taxonomy":"product_brand","embeddable":true,"href":"https:\/\/roveyayinevi.com.tr\/index.php\/wp-json\/wp\/v2\/product_brand?post=708789"},{"taxonomy":"product_cat","embeddable":true,"href":"https:\/\/roveyayinevi.com.tr\/index.php\/wp-json\/wp\/v2\/product_cat?post=708789"},{"taxonomy":"product_tag","embeddable":true,"href":"https:\/\/roveyayinevi.com.tr\/index.php\/wp-json\/wp\/v2\/product_tag?post=708789"}],"curies":[{"name":"wp","href":"https:\/\/api.w.org\/{rel}","templated":true}]}}